{"id":12859,"date":"2023-09-12T10:21:04","date_gmt":"2023-09-12T09:21:04","guid":{"rendered":"https:\/\/baralivres.ma\/?post_type=product&#038;p=12859"},"modified":"2024-03-29T16:01:28","modified_gmt":"2024-03-29T15:01:28","slug":"hunter-x-hunter-tome-2","status":"publish","type":"product","link":"https:\/\/baralivres.ma\/?product=hunter-x-hunter-tome-2","title":{"rendered":"Hunter X Hunter Tome 2"},"content":{"rendered":"<p>Le r\u00e9cit s&rsquo;\u00e9toffe au fur et \u00e0 mesure qu&rsquo;apparaissent de nouveaux personnages secondaires. On notera surtout le myst\u00e9rieux Hisoka dont la puissance semble sans limites et les motivations, inattendues.<\/p>\n","protected":false},"excerpt":{"rendered":"<p>Le r\u00e9cit s&rsquo;\u00e9toffe au fur et \u00e0 mesure qu&rsquo;apparaissent de nouveaux personnages secondaires. On notera surtout le myst\u00e9rieux Hisoka dont la puissance semble sans limites et les motivations, inattendues.<\/p>\n","protected":false},"featured_media":12860,"comment_status":"open","ping_status":"closed","template":"","meta":{"inline_featured_image":false},"product_cat":[203,204,205,3682],"product_tag":[],"class_list":{"0":"post-12859","1":"product","2":"type-product","3":"status-publish","4":"has-post-thumbnail","6":"product_cat-adolescente","7":"product_cat-francais","8":"product_cat-enfant-adolescente-francais","9":"product_cat-hunter-hunter","11":"first","12":"instock","13":"shipping-taxable","14":"purchasable","15":"product-type-simple"},"_links":{"self":[{"href":"https:\/\/baralivres.ma\/index.php?rest_route=\/wp\/v2\/product\/12859","targetHints":{"allow":["GET"]}}],"collection":[{"href":"https:\/\/baralivres.ma\/index.php?rest_route=\/wp\/v2\/product"}],"about":[{"href":"https:\/\/baralivres.ma\/index.php?rest_route=\/wp\/v2\/types\/product"}],"replies":[{"embeddable":true,"href":"https:\/\/baralivres.ma\/index.php?rest_route=%2Fwp%2Fv2%2Fcomments&post=12859"}],"version-history":[{"count":1,"href":"https:\/\/baralivres.ma\/index.php?rest_route=\/wp\/v2\/product\/12859\/revisions"}],"predecessor-version":[{"id":12861,"href":"https:\/\/baralivres.ma\/index.php?rest_route=\/wp\/v2\/product\/12859\/revisions\/12861"}],"wp:featuredmedia":[{"embeddable":true,"href":"https:\/\/baralivres.ma\/index.php?rest_route=\/wp\/v2\/media\/12860"}],"wp:attachment":[{"href":"https:\/\/baralivres.ma\/index.php?rest_route=%2Fwp%2Fv2%2Fmedia&parent=12859"}],"wp:term":[{"taxonomy":"product_cat","embeddable":true,"href":"https:\/\/baralivres.ma\/index.php?rest_route=%2Fwp%2Fv2%2Fproduct_cat&post=12859"},{"taxonomy":"product_tag","embeddable":true,"href":"https:\/\/baralivres.ma\/index.php?rest_route=%2Fwp%2Fv2%2Fproduct_tag&post=12859"}],"curies":[{"name":"wp","href":"https:\/\/api.w.org\/{rel}","templated":true}]}}