{"id":12847,"date":"2023-09-12T10:14:29","date_gmt":"2023-09-12T09:14:29","guid":{"rendered":"https:\/\/baralivres.ma\/?post_type=product&#038;p=12847"},"modified":"2024-03-29T16:01:27","modified_gmt":"2024-03-29T15:01:27","slug":"hunter-x-hunter-tome-15","status":"publish","type":"product","link":"https:\/\/baralivres.ma\/?product=hunter-x-hunter-tome-15","title":{"rendered":"Hunter X Hunter Tome 15"},"content":{"rendered":"<p>Un volume o\u00f9 toute la premi\u00e8re moiti\u00e9 est centr\u00e9e sur l\u2019entra\u00eenement de nos deux h\u00e9ros, donc on tombe en plein dans le grand classicisme du shonen, d\u2019autant plus que l\u2019auteur insiste lourdement sur leurs capacit\u00e9s extraordinaire qui fait d\u2019eux des \u00eatres \u00e0 part&#8230;mais cela reste amusant, car Togashi met tout cela en sc\u00e8ne avec bonne humeur&#8230; Par contre il nous noie avec des explications sur le nen et ses d\u00e9riv\u00e9s, \u00e0 tel point qu\u2019on ne sait plus \u00e0 quoi correspond telle ou telle aptitude&#8230;peu importe, on prend les choses comme elles viennent, sans se prendre la t\u00eate et \u00e7a passe tout seul !<\/p>\n","protected":false},"excerpt":{"rendered":"<p>Un volume o\u00f9 toute la premi\u00e8re moiti\u00e9 est centr\u00e9e sur l\u2019entra\u00eenement de nos deux h\u00e9ros, donc on tombe en plein dans le grand classicisme du shonen, d\u2019autant plus que l\u2019auteur insiste lourdement sur leurs capacit\u00e9s extraordinaire qui fait d\u2019eux des \u00eatres \u00e0 part&#8230;mais cela reste amusant, car Togashi met tout cela en sc\u00e8ne avec bonne humeur&#8230; Par contre il nous noie avec des explications sur le nen et ses d\u00e9riv\u00e9s, \u00e0 tel point qu\u2019on ne sait plus \u00e0 quoi correspond telle ou telle aptitude&#8230;peu importe, on prend les choses comme elles viennent, sans se prendre la t\u00eate et \u00e7a passe tout seul !<\/p>\n","protected":false},"featured_media":12848,"comment_status":"open","ping_status":"closed","template":"","meta":{"inline_featured_image":false},"product_cat":[203,204,205,3682],"product_tag":[],"class_list":{"0":"post-12847","1":"product","2":"type-product","3":"status-publish","4":"has-post-thumbnail","6":"product_cat-adolescente","7":"product_cat-francais","8":"product_cat-enfant-adolescente-francais","9":"product_cat-hunter-hunter","11":"first","12":"instock","13":"shipping-taxable","14":"purchasable","15":"product-type-simple"},"_links":{"self":[{"href":"https:\/\/baralivres.ma\/index.php?rest_route=\/wp\/v2\/product\/12847","targetHints":{"allow":["GET"]}}],"collection":[{"href":"https:\/\/baralivres.ma\/index.php?rest_route=\/wp\/v2\/product"}],"about":[{"href":"https:\/\/baralivres.ma\/index.php?rest_route=\/wp\/v2\/types\/product"}],"replies":[{"embeddable":true,"href":"https:\/\/baralivres.ma\/index.php?rest_route=%2Fwp%2Fv2%2Fcomments&post=12847"}],"version-history":[{"count":1,"href":"https:\/\/baralivres.ma\/index.php?rest_route=\/wp\/v2\/product\/12847\/revisions"}],"predecessor-version":[{"id":12849,"href":"https:\/\/baralivres.ma\/index.php?rest_route=\/wp\/v2\/product\/12847\/revisions\/12849"}],"wp:featuredmedia":[{"embeddable":true,"href":"https:\/\/baralivres.ma\/index.php?rest_route=\/wp\/v2\/media\/12848"}],"wp:attachment":[{"href":"https:\/\/baralivres.ma\/index.php?rest_route=%2Fwp%2Fv2%2Fmedia&parent=12847"}],"wp:term":[{"taxonomy":"product_cat","embeddable":true,"href":"https:\/\/baralivres.ma\/index.php?rest_route=%2Fwp%2Fv2%2Fproduct_cat&post=12847"},{"taxonomy":"product_tag","embeddable":true,"href":"https:\/\/baralivres.ma\/index.php?rest_route=%2Fwp%2Fv2%2Fproduct_tag&post=12847"}],"curies":[{"name":"wp","href":"https:\/\/api.w.org\/{rel}","templated":true}]}}