{"id":12750,"date":"2023-09-11T17:02:07","date_gmt":"2023-09-11T16:02:07","guid":{"rendered":"https:\/\/baralivres.ma\/?post_type=product&#038;p=12750"},"modified":"2023-09-11T17:02:08","modified_gmt":"2023-09-11T16:02:08","slug":"yu-gi-oh-tome-2","status":"publish","type":"product","link":"https:\/\/baralivres.ma\/?product=yu-gi-oh-tome-2","title":{"rendered":"YU-GI-OH ! TOME 2"},"content":{"rendered":"<p>Yugi s\u2019est fait de nouveaux amis qui sont Jonouchi et Anzu, une camarade de classe qui ne le laisse pas indiff\u00e9rent. A chaque fois que se pr\u00e9sente une situation d\u00e9licate, le deuxi\u00e8me Yugi entre en sc\u00e8ne. Les jeux de Yugi commencent \u00e0 se faire connaitre. C\u2019est ainsi qu\u2019un certain Seto Kaiba vient le d\u00e9fier. Mais, il ne fait pas le poids et essuie une d\u00e9faite qui le laisse amer. Intrigu\u00e9 par son pendentif mill\u00e9naire, Shadi, un mage de la civilisation \u00e9gyptienne, se pr\u00e9sente \u00e0 Yugi et d\u00e9couvre \u00e0 ses d\u00e9pens, la face cach\u00e9e du jeune gar\u00e7on.<\/p>\n","protected":false},"excerpt":{"rendered":"<p>Yugi s\u2019est fait de nouveaux amis qui sont Jonouchi et Anzu, une camarade de classe qui ne le laisse pas indiff\u00e9rent. A chaque fois que se pr\u00e9sente une situation d\u00e9licate, le deuxi\u00e8me Yugi entre en sc\u00e8ne. Les jeux de Yugi commencent \u00e0 se faire connaitre. C\u2019est ainsi qu\u2019un certain Seto Kaiba vient le d\u00e9fier. Mais, il ne fait pas le poids et essuie une d\u00e9faite qui le laisse amer. Intrigu\u00e9 par son pendentif mill\u00e9naire, Shadi, un mage de la civilisation \u00e9gyptienne, se pr\u00e9sente \u00e0 Yugi et d\u00e9couvre \u00e0 ses d\u00e9pens, la face cach\u00e9e du jeune gar\u00e7on.<\/p>\n","protected":false},"featured_media":12751,"comment_status":"open","ping_status":"closed","template":"","meta":{"inline_featured_image":false},"product_cat":[203,204,205],"product_tag":[],"class_list":{"0":"post-12750","1":"product","2":"type-product","3":"status-publish","4":"has-post-thumbnail","6":"product_cat-adolescente","7":"product_cat-francais","8":"product_cat-enfant-adolescente-francais","10":"first","11":"instock","12":"shipping-taxable","13":"purchasable","14":"product-type-simple"},"_links":{"self":[{"href":"https:\/\/baralivres.ma\/index.php?rest_route=\/wp\/v2\/product\/12750","targetHints":{"allow":["GET"]}}],"collection":[{"href":"https:\/\/baralivres.ma\/index.php?rest_route=\/wp\/v2\/product"}],"about":[{"href":"https:\/\/baralivres.ma\/index.php?rest_route=\/wp\/v2\/types\/product"}],"replies":[{"embeddable":true,"href":"https:\/\/baralivres.ma\/index.php?rest_route=%2Fwp%2Fv2%2Fcomments&post=12750"}],"version-history":[{"count":1,"href":"https:\/\/baralivres.ma\/index.php?rest_route=\/wp\/v2\/product\/12750\/revisions"}],"predecessor-version":[{"id":12752,"href":"https:\/\/baralivres.ma\/index.php?rest_route=\/wp\/v2\/product\/12750\/revisions\/12752"}],"wp:featuredmedia":[{"embeddable":true,"href":"https:\/\/baralivres.ma\/index.php?rest_route=\/wp\/v2\/media\/12751"}],"wp:attachment":[{"href":"https:\/\/baralivres.ma\/index.php?rest_route=%2Fwp%2Fv2%2Fmedia&parent=12750"}],"wp:term":[{"taxonomy":"product_cat","embeddable":true,"href":"https:\/\/baralivres.ma\/index.php?rest_route=%2Fwp%2Fv2%2Fproduct_cat&post=12750"},{"taxonomy":"product_tag","embeddable":true,"href":"https:\/\/baralivres.ma\/index.php?rest_route=%2Fwp%2Fv2%2Fproduct_tag&post=12750"}],"curies":[{"name":"wp","href":"https:\/\/api.w.org\/{rel}","templated":true}]}}