{"id":12732,"date":"2023-09-11T16:49:50","date_gmt":"2023-09-11T15:49:50","guid":{"rendered":"https:\/\/baralivres.ma\/?post_type=product&#038;p=12732"},"modified":"2023-09-11T16:49:51","modified_gmt":"2023-09-11T15:49:51","slug":"vigilante-my-hero-academia-illegals-t09","status":"publish","type":"product","link":"https:\/\/baralivres.ma\/?product=vigilante-my-hero-academia-illegals-t09","title":{"rendered":"VIGILANTE &#8211; MY HERO ACADEMIA ILLEGALS T09"},"content":{"rendered":"<p>Les h\u00e9ros de l&rsquo;ombre \u00e0 la rescousse ! Alors que Captain Celebrity s&rsquo;appr\u00eate \u00e0 repartir aux Etats-Unis, Makoto lui organise un grand gala d&rsquo;adieu au sommet du gigantesque Sky Egg ! De nombreux h\u00e9ros y sont convi\u00e9s, ainsi que toute l&rsquo;\u00e9quipe de la Naruf\u00eate. Malheureusement, le myst\u00e9rieux agent de la Villain Factory attaque pendant l&rsquo;\u00e9v\u00e9ne- men<\/p>\n","protected":false},"excerpt":{"rendered":"<p>Les h\u00e9ros de l&rsquo;ombre \u00e0 la rescousse ! Alors que Captain Celebrity s&rsquo;appr\u00eate \u00e0 repartir aux Etats-Unis, Makoto lui organise un grand gala d&rsquo;adieu au sommet du gigantesque Sky Egg ! De nombreux h\u00e9ros y sont convi\u00e9s, ainsi que toute l&rsquo;\u00e9quipe de la Naruf\u00eate. Malheureusement, le myst\u00e9rieux agent de la Villain Factory attaque pendant l&rsquo;\u00e9v\u00e9ne- ment : C. C. et The Crawler se retrouvent en chute libre pendant que la tour explose au-dessus d&rsquo;eux ! Y a-t-il encore une chance de sauver la situation ? Red\u00e9couvrez l&rsquo;univers de My Hero Academia sous un nouvel angle, celui des h\u00e9ros hors-la-loi !<\/p>\n","protected":false},"featured_media":12733,"comment_status":"open","ping_status":"closed","template":"","meta":{"inline_featured_image":false},"product_cat":[203,204,205],"product_tag":[],"class_list":{"0":"post-12732","1":"product","2":"type-product","3":"status-publish","4":"has-post-thumbnail","6":"product_cat-adolescente","7":"product_cat-francais","8":"product_cat-enfant-adolescente-francais","10":"first","11":"instock","12":"shipping-taxable","13":"purchasable","14":"product-type-simple"},"_links":{"self":[{"href":"https:\/\/baralivres.ma\/index.php?rest_route=\/wp\/v2\/product\/12732","targetHints":{"allow":["GET"]}}],"collection":[{"href":"https:\/\/baralivres.ma\/index.php?rest_route=\/wp\/v2\/product"}],"about":[{"href":"https:\/\/baralivres.ma\/index.php?rest_route=\/wp\/v2\/types\/product"}],"replies":[{"embeddable":true,"href":"https:\/\/baralivres.ma\/index.php?rest_route=%2Fwp%2Fv2%2Fcomments&post=12732"}],"version-history":[{"count":1,"href":"https:\/\/baralivres.ma\/index.php?rest_route=\/wp\/v2\/product\/12732\/revisions"}],"predecessor-version":[{"id":12734,"href":"https:\/\/baralivres.ma\/index.php?rest_route=\/wp\/v2\/product\/12732\/revisions\/12734"}],"wp:featuredmedia":[{"embeddable":true,"href":"https:\/\/baralivres.ma\/index.php?rest_route=\/wp\/v2\/media\/12733"}],"wp:attachment":[{"href":"https:\/\/baralivres.ma\/index.php?rest_route=%2Fwp%2Fv2%2Fmedia&parent=12732"}],"wp:term":[{"taxonomy":"product_cat","embeddable":true,"href":"https:\/\/baralivres.ma\/index.php?rest_route=%2Fwp%2Fv2%2Fproduct_cat&post=12732"},{"taxonomy":"product_tag","embeddable":true,"href":"https:\/\/baralivres.ma\/index.php?rest_route=%2Fwp%2Fv2%2Fproduct_tag&post=12732"}],"curies":[{"name":"wp","href":"https:\/\/api.w.org\/{rel}","templated":true}]}}