{"id":12714,"date":"2023-09-11T16:40:02","date_gmt":"2023-09-11T15:40:02","guid":{"rendered":"https:\/\/baralivres.ma\/?post_type=product&#038;p=12714"},"modified":"2023-09-11T16:40:03","modified_gmt":"2023-09-11T15:40:03","slug":"vigilante-my-hero-academia-illegals-tome-1","status":"publish","type":"product","link":"https:\/\/baralivres.ma\/?product=vigilante-my-hero-academia-illegals-tome-1","title":{"rendered":"Vigilante My Hero Academia Illegals Tome 1"},"content":{"rendered":"<p>Etre h\u00e9ros est un vrai m\u00e9tier. Il y a des r\u00e8gles \u00e0 respecter, et il n&rsquo;est pas donn\u00e9 \u00e0 tout le monde d&rsquo;\u00eatre officiellement accr\u00e9dit\u00e9. Pourtant, certains d\u00e9cident de jouer hors limites et de se battre pour la justice&#8230; sans aucune qualification ! On les appelle des justiciers et, aux yeux de la loi, ils ne valent pas mieux que les vilains ! Koichi, un jeune \u00e9tudiant fan d&rsquo;All Might, le plus puissant des h\u00e9ros, appartient \u00e0 cette cat\u00e9gorie.<\/p>\n","protected":false},"excerpt":{"rendered":"<p>Il utilise son pouvoir de glissade pour rendre service autour de lui : ramasser les ordures, aider les passants \u00e0 faire leurs courses&#8230; Ca part d&rsquo;un bon sentiment et, pourtant, ses activit\u00e9s sont ill\u00e9gales d\u00e8s lors qu&rsquo;il utilise son alter sans autorisation sur la voie publique. Son sens de la justice l&rsquo;am\u00e8ne \u00e0 former une \u00e9quipe improbable avec un grand costaud amateur de bagarres et une jeune chanteuse avide de gloire&#8230;<\/p>\n","protected":false},"featured_media":12715,"comment_status":"open","ping_status":"closed","template":"","meta":{"inline_featured_image":false},"product_cat":[203,204,205],"product_tag":[],"class_list":{"0":"post-12714","1":"product","2":"type-product","3":"status-publish","4":"has-post-thumbnail","6":"product_cat-adolescente","7":"product_cat-francais","8":"product_cat-enfant-adolescente-francais","10":"first","11":"instock","12":"shipping-taxable","13":"purchasable","14":"product-type-simple"},"_links":{"self":[{"href":"https:\/\/baralivres.ma\/index.php?rest_route=\/wp\/v2\/product\/12714","targetHints":{"allow":["GET"]}}],"collection":[{"href":"https:\/\/baralivres.ma\/index.php?rest_route=\/wp\/v2\/product"}],"about":[{"href":"https:\/\/baralivres.ma\/index.php?rest_route=\/wp\/v2\/types\/product"}],"replies":[{"embeddable":true,"href":"https:\/\/baralivres.ma\/index.php?rest_route=%2Fwp%2Fv2%2Fcomments&post=12714"}],"version-history":[{"count":1,"href":"https:\/\/baralivres.ma\/index.php?rest_route=\/wp\/v2\/product\/12714\/revisions"}],"predecessor-version":[{"id":12716,"href":"https:\/\/baralivres.ma\/index.php?rest_route=\/wp\/v2\/product\/12714\/revisions\/12716"}],"wp:featuredmedia":[{"embeddable":true,"href":"https:\/\/baralivres.ma\/index.php?rest_route=\/wp\/v2\/media\/12715"}],"wp:attachment":[{"href":"https:\/\/baralivres.ma\/index.php?rest_route=%2Fwp%2Fv2%2Fmedia&parent=12714"}],"wp:term":[{"taxonomy":"product_cat","embeddable":true,"href":"https:\/\/baralivres.ma\/index.php?rest_route=%2Fwp%2Fv2%2Fproduct_cat&post=12714"},{"taxonomy":"product_tag","embeddable":true,"href":"https:\/\/baralivres.ma\/index.php?rest_route=%2Fwp%2Fv2%2Fproduct_tag&post=12714"}],"curies":[{"name":"wp","href":"https:\/\/api.w.org\/{rel}","templated":true}]}}