{"id":12705,"date":"2023-09-11T16:35:50","date_gmt":"2023-09-11T15:35:50","guid":{"rendered":"https:\/\/baralivres.ma\/?post_type=product&#038;p=12705"},"modified":"2023-09-11T16:35:50","modified_gmt":"2023-09-11T15:35:50","slug":"vigilante-my-hero-academia-illegals-t06","status":"publish","type":"product","link":"https:\/\/baralivres.ma\/?product=vigilante-my-hero-academia-illegals-t06","title":{"rendered":"VIGILANTE &#8211; MY HERO ACADEMIA ILLEGALS T06"},"content":{"rendered":"<p>Les h\u00e9ros de l&rsquo;ombre \u00e0 la rescousse !<\/p>\n<p>Lanc\u00e9s aux trousses des trafiquants de trigger, l&rsquo;inspecteur Tsukauchi, Fat Gum et Kaniko parviennent enfin \u00e0 d\u00e9manteler le r\u00e9seau d&rsquo;Osaka ! Malheureusement, un myst\u00e9rieux suspect rapide comme l&rsquo;\u00e9clair a r\u00e9ussi \u00e0 d\u00e9truire les pi\u00e8ces \u00e0 conviction avant de s&rsquo;enfuir&#8230;<\/p>\n","protected":false},"excerpt":{"rendered":"<p>Les h\u00e9ros de l&rsquo;ombre \u00e0 la rescousse !<\/p>\n<p>Lanc\u00e9s aux trousses des trafiquants de trigger, l&rsquo;inspecteur Tsukauchi, Fat Gum et Kaniko parviennent enfin \u00e0 d\u00e9manteler le r\u00e9seau d&rsquo;Osaka ! Malheureusement, un myst\u00e9rieux suspect rapide comme l&rsquo;\u00e9clair a r\u00e9ussi \u00e0 d\u00e9truire les pi\u00e8ces \u00e0 conviction avant de s&rsquo;enfuir&#8230;<\/p>\n","protected":false},"featured_media":12706,"comment_status":"open","ping_status":"closed","template":"","meta":{"inline_featured_image":false},"product_cat":[203,204,205],"product_tag":[],"class_list":{"0":"post-12705","1":"product","2":"type-product","3":"status-publish","4":"has-post-thumbnail","6":"product_cat-adolescente","7":"product_cat-francais","8":"product_cat-enfant-adolescente-francais","10":"first","11":"instock","12":"shipping-taxable","13":"purchasable","14":"product-type-simple"},"_links":{"self":[{"href":"https:\/\/baralivres.ma\/index.php?rest_route=\/wp\/v2\/product\/12705","targetHints":{"allow":["GET"]}}],"collection":[{"href":"https:\/\/baralivres.ma\/index.php?rest_route=\/wp\/v2\/product"}],"about":[{"href":"https:\/\/baralivres.ma\/index.php?rest_route=\/wp\/v2\/types\/product"}],"replies":[{"embeddable":true,"href":"https:\/\/baralivres.ma\/index.php?rest_route=%2Fwp%2Fv2%2Fcomments&post=12705"}],"version-history":[{"count":1,"href":"https:\/\/baralivres.ma\/index.php?rest_route=\/wp\/v2\/product\/12705\/revisions"}],"predecessor-version":[{"id":12707,"href":"https:\/\/baralivres.ma\/index.php?rest_route=\/wp\/v2\/product\/12705\/revisions\/12707"}],"wp:featuredmedia":[{"embeddable":true,"href":"https:\/\/baralivres.ma\/index.php?rest_route=\/wp\/v2\/media\/12706"}],"wp:attachment":[{"href":"https:\/\/baralivres.ma\/index.php?rest_route=%2Fwp%2Fv2%2Fmedia&parent=12705"}],"wp:term":[{"taxonomy":"product_cat","embeddable":true,"href":"https:\/\/baralivres.ma\/index.php?rest_route=%2Fwp%2Fv2%2Fproduct_cat&post=12705"},{"taxonomy":"product_tag","embeddable":true,"href":"https:\/\/baralivres.ma\/index.php?rest_route=%2Fwp%2Fv2%2Fproduct_tag&post=12705"}],"curies":[{"name":"wp","href":"https:\/\/api.w.org\/{rel}","templated":true}]}}