{"id":12674,"date":"2023-09-11T15:53:22","date_gmt":"2023-09-11T14:53:22","guid":{"rendered":"https:\/\/baralivres.ma\/?post_type=product&#038;p=12674"},"modified":"2024-04-03T12:36:18","modified_gmt":"2024-04-03T11:36:18","slug":"my-hero-academia-tome-4","status":"publish","type":"product","link":"https:\/\/baralivres.ma\/?product=my-hero-academia-tome-4","title":{"rendered":"My Hero Academia Tome 4"},"content":{"rendered":"<p>Dans un monde o\u00f9 80 % de la population poss\u00e8de un super?pouvoir appel\u00e9 alter, les h\u00e9ros font partie de la vie quotidienne. Et les super?vilains aussi ! Face \u00e0 eux se dresse l&rsquo;invincible All Might, le plus puissant des h\u00e9ros ! Le jeune Izuku Midoriya en est un fan absolu. Il n&rsquo;a qu&rsquo;un r\u00eave : entrer \u00e0 la Hero Academia pour suivre les traces de son idole. Le probl\u00e8me, c&rsquo;est qu&rsquo;il fait partie des 20 % qui n&rsquo;ont aucun pouvoir&#8230;<\/p>\n","protected":false},"excerpt":{"rendered":"<p>Dans un monde o\u00f9 80 % de la population poss\u00e8de un super?pouvoir appel\u00e9 alter, les h\u00e9ros font partie de la vie quotidienne. Et les super?vilains aussi ! Face \u00e0 eux se dresse l&rsquo;invincible All Might, le plus puissant des h\u00e9ros ! Le jeune Izuku Midoriya en est un fan absolu. Il n&rsquo;a qu&rsquo;un r\u00eave : entrer \u00e0 la Hero Academia pour suivre les traces de son idole. Le probl\u00e8me, c&rsquo;est qu&rsquo;il fait partie des 20 % qui n&rsquo;ont aucun pouvoir&#8230;<\/p>\n","protected":false},"featured_media":12675,"comment_status":"open","ping_status":"closed","template":"","meta":{"inline_featured_image":false},"product_cat":[203,204,205,3685],"product_tag":[],"class_list":{"0":"post-12674","1":"product","2":"type-product","3":"status-publish","4":"has-post-thumbnail","6":"product_cat-adolescente","7":"product_cat-francais","8":"product_cat-enfant-adolescente-francais","9":"product_cat-my-hero-academia","11":"first","12":"instock","13":"shipping-taxable","14":"purchasable","15":"product-type-simple"},"_links":{"self":[{"href":"https:\/\/baralivres.ma\/index.php?rest_route=\/wp\/v2\/product\/12674","targetHints":{"allow":["GET"]}}],"collection":[{"href":"https:\/\/baralivres.ma\/index.php?rest_route=\/wp\/v2\/product"}],"about":[{"href":"https:\/\/baralivres.ma\/index.php?rest_route=\/wp\/v2\/types\/product"}],"replies":[{"embeddable":true,"href":"https:\/\/baralivres.ma\/index.php?rest_route=%2Fwp%2Fv2%2Fcomments&post=12674"}],"version-history":[{"count":1,"href":"https:\/\/baralivres.ma\/index.php?rest_route=\/wp\/v2\/product\/12674\/revisions"}],"predecessor-version":[{"id":12676,"href":"https:\/\/baralivres.ma\/index.php?rest_route=\/wp\/v2\/product\/12674\/revisions\/12676"}],"wp:featuredmedia":[{"embeddable":true,"href":"https:\/\/baralivres.ma\/index.php?rest_route=\/wp\/v2\/media\/12675"}],"wp:attachment":[{"href":"https:\/\/baralivres.ma\/index.php?rest_route=%2Fwp%2Fv2%2Fmedia&parent=12674"}],"wp:term":[{"taxonomy":"product_cat","embeddable":true,"href":"https:\/\/baralivres.ma\/index.php?rest_route=%2Fwp%2Fv2%2Fproduct_cat&post=12674"},{"taxonomy":"product_tag","embeddable":true,"href":"https:\/\/baralivres.ma\/index.php?rest_route=%2Fwp%2Fv2%2Fproduct_tag&post=12674"}],"curies":[{"name":"wp","href":"https:\/\/api.w.org\/{rel}","templated":true}]}}