{"id":12662,"date":"2023-09-11T15:46:58","date_gmt":"2023-09-11T14:46:58","guid":{"rendered":"https:\/\/baralivres.ma\/?post_type=product&#038;p=12662"},"modified":"2024-04-03T12:41:49","modified_gmt":"2024-04-03T11:41:49","slug":"my-hero-academia-tome-13","status":"publish","type":"product","link":"https:\/\/baralivres.ma\/?product=my-hero-academia-tome-13","title":{"rendered":"My Hero Academia Tome 13"},"content":{"rendered":"<p>Fort d&rsquo;un nouveau costume et de nouvelles techniques, Izuku a bien progress\u00e9, tout comme ses camarades de classe&#8230; C&rsquo;est donc remont\u00e9 \u00e0 bloc qu&rsquo;il entame la premi\u00e8re \u00e9preuve ! Et la chance semble lui sourire : gr\u00e2ce aux liens qui les unissent et \u00e0 un bon travail d&rsquo;\u00e9quipe, tous les seconde A parviennent \u00e0 se qualifier ! Mais l&rsquo;exercice suivant se r\u00e9v\u00e8le beaucoup plus difficile pour les apprentis h\u00e9ros de Yuei&#8230;<\/p>\n","protected":false},"excerpt":{"rendered":"<p>Fort d&rsquo;un nouveau costume et de nouvelles techniques, Izuku a bien progress\u00e9, tout comme ses camarades de classe&#8230; C&rsquo;est donc remont\u00e9 \u00e0 bloc qu&rsquo;il entame la premi\u00e8re \u00e9preuve ! Et la chance semble lui sourire : gr\u00e2ce aux liens qui les unissent et \u00e0 un bon travail d&rsquo;\u00e9quipe, tous les seconde A parviennent \u00e0 se qualifier ! Mais l&rsquo;exercice suivant se r\u00e9v\u00e8le beaucoup plus difficile pour les apprentis h\u00e9ros de Yuei&#8230;<\/p>\n","protected":false},"featured_media":12663,"comment_status":"open","ping_status":"closed","template":"","meta":{"inline_featured_image":false},"product_cat":[203,204,205,3685],"product_tag":[],"class_list":{"0":"post-12662","1":"product","2":"type-product","3":"status-publish","4":"has-post-thumbnail","6":"product_cat-adolescente","7":"product_cat-francais","8":"product_cat-enfant-adolescente-francais","9":"product_cat-my-hero-academia","11":"first","12":"instock","13":"shipping-taxable","14":"purchasable","15":"product-type-simple"},"_links":{"self":[{"href":"https:\/\/baralivres.ma\/index.php?rest_route=\/wp\/v2\/product\/12662","targetHints":{"allow":["GET"]}}],"collection":[{"href":"https:\/\/baralivres.ma\/index.php?rest_route=\/wp\/v2\/product"}],"about":[{"href":"https:\/\/baralivres.ma\/index.php?rest_route=\/wp\/v2\/types\/product"}],"replies":[{"embeddable":true,"href":"https:\/\/baralivres.ma\/index.php?rest_route=%2Fwp%2Fv2%2Fcomments&post=12662"}],"version-history":[{"count":1,"href":"https:\/\/baralivres.ma\/index.php?rest_route=\/wp\/v2\/product\/12662\/revisions"}],"predecessor-version":[{"id":12664,"href":"https:\/\/baralivres.ma\/index.php?rest_route=\/wp\/v2\/product\/12662\/revisions\/12664"}],"wp:featuredmedia":[{"embeddable":true,"href":"https:\/\/baralivres.ma\/index.php?rest_route=\/wp\/v2\/media\/12663"}],"wp:attachment":[{"href":"https:\/\/baralivres.ma\/index.php?rest_route=%2Fwp%2Fv2%2Fmedia&parent=12662"}],"wp:term":[{"taxonomy":"product_cat","embeddable":true,"href":"https:\/\/baralivres.ma\/index.php?rest_route=%2Fwp%2Fv2%2Fproduct_cat&post=12662"},{"taxonomy":"product_tag","embeddable":true,"href":"https:\/\/baralivres.ma\/index.php?rest_route=%2Fwp%2Fv2%2Fproduct_tag&post=12662"}],"curies":[{"name":"wp","href":"https:\/\/api.w.org\/{rel}","templated":true}]}}