{"id":12647,"date":"2023-09-08T18:21:47","date_gmt":"2023-09-08T17:21:47","guid":{"rendered":"https:\/\/baralivres.ma\/?post_type=product&#038;p=12647"},"modified":"2024-03-29T15:49:20","modified_gmt":"2024-03-29T14:49:20","slug":"jujutsu-kaisen-tome-3","status":"publish","type":"product","link":"https:\/\/baralivres.ma\/?product=jujutsu-kaisen-tome-3","title":{"rendered":"Jujutsu Kaisen Tome 3"},"content":{"rendered":"<p>Engloutir les t\u00e9n\u00e8bres pour mieux les combattre ! Chaque ann\u00e9e au Japon, on recense plus de 10 000 morts inexpliqu\u00e9es et port\u00e9s disparus. Dans la majorit\u00e9 des cas, ce sont les sentiments n\u00e9gatifs des \u00eatres humains qui sont en cause. Souffrance, regrets, humiliation : leur accumulation dans un m\u00eame endroit provoque des mal\u00e9dictions souvent fatales&#8230; C&rsquo;est ce que va d\u00e9couvrir \u00e0 ses d\u00e9pens Yuji Itadori, lyc\u00e9en et membre du club de spiritisme.<br \/>\nIl ne croit pas aux fant\u00f4mes, mais sa force physique hors du commun est un pr\u00e9cieux atout pour les missions du groupe&#8230; jusqu&rsquo;\u00e0 ce que l&rsquo;une d&rsquo;elles tourne mal. La relique qu&rsquo;ils d\u00e9nichent, le doigt sectionn\u00e9 d&rsquo;une cr\u00e9ature mill\u00e9naire, attire les monstres ! Le jeune homme n&rsquo;h\u00e9site pas une seconde : il avale la relique pour conjurer le mauvais sort ! Le voil\u00e0 poss\u00e9d\u00e9 par Ryomen Sukuna, le c\u00e9l\u00e8bre d\u00e9mon \u00e0 deux visages.<br \/>\nContre toute attente, Yuji r\u00e9ussit \u00e0 reprendre le contr\u00f4le de son corps. C&rsquo;est du jamais vu ! Malgr\u00e9 tout, il est condamn\u00e9 \u00e0 mort par l&rsquo;organisation des exorcistes&#8230; Une sentence qui ne pourra \u00eatre repouss\u00e9e qu&rsquo;\u00e0 une seule condition : trouver et ing\u00e9rer tous les doigts de Sukuna afin d&rsquo;\u00e9liminer la menace une fois pour toutes. Et pour \u00e7a, l&rsquo;adolescent va devoir s&rsquo;initier \u00e0 l&rsquo;art occulte et myst\u00e9rieux de l&rsquo;exorcisme ! Monstres assoiff\u00e9s de sang, combats \u00e9piques et magie surpuissante : d\u00e9couvrez la nouvelle bombe dark fantasy ! Au coeur d&rsquo;une lutte mill\u00e9naire entre exorcistes et d\u00e9mons, comment garder son humanit\u00e9 alors m\u00eame que le mal se tapit au plus profond de soi ?<\/p>\n","protected":false},"excerpt":{"rendered":"<p>Engloutir les t\u00e9n\u00e8bres pour mieux les combattre ! Chaque ann\u00e9e au Japon, on recense plus de 10 000 morts inexpliqu\u00e9es et port\u00e9s disparus. Dans la majorit\u00e9 des cas, ce sont les sentiments n\u00e9gatifs des \u00eatres humains qui sont en cause. Souffrance, regrets, humiliation : leur accumulation dans un m\u00eame endroit provoque des mal\u00e9dictions souvent fatales&#8230; C&rsquo;est ce que va d\u00e9couvrir \u00e0 ses d\u00e9pens Yuji Itadori, lyc\u00e9en et membre du club de spiritisme.<br \/>\nIl ne croit pas aux fant\u00f4mes, mais sa force physique hors du commun est un pr\u00e9cieux atout pour les missions du groupe&#8230; jusqu&rsquo;\u00e0 ce que l&rsquo;une d&rsquo;elles tourne mal. La relique qu&rsquo;ils d\u00e9nichent, le doigt sectionn\u00e9 d&rsquo;une cr\u00e9ature mill\u00e9naire, attire les monstres ! Le jeune homme n&rsquo;h\u00e9site pas une seconde : il avale la relique pour conjurer le mauvais sort ! Le voil\u00e0 poss\u00e9d\u00e9 par Ryomen Sukuna, le c\u00e9l\u00e8bre d\u00e9mon \u00e0 deux visages.<br \/>\nContre toute attente, Yuji r\u00e9ussit \u00e0 reprendre le contr\u00f4le de son corps. C&rsquo;est du jamais vu ! Malgr\u00e9 tout, il est condamn\u00e9 \u00e0 mort par l&rsquo;organisation des exorcistes&#8230; Une sentence qui ne pourra \u00eatre repouss\u00e9e qu&rsquo;\u00e0 une seule condition : trouver et ing\u00e9rer tous les doigts de Sukuna afin d&rsquo;\u00e9liminer la menace une fois pour toutes. Et pour \u00e7a, l&rsquo;adolescent va devoir s&rsquo;initier \u00e0 l&rsquo;art occulte et myst\u00e9rieux de l&rsquo;exorcisme ! Monstres assoiff\u00e9s de sang, combats \u00e9piques et magie surpuissante : d\u00e9couvrez la nouvelle bombe dark fantasy ! Au coeur d&rsquo;une lutte mill\u00e9naire entre exorcistes et d\u00e9mons, comment garder son humanit\u00e9 alors m\u00eame que le mal se tapit au plus profond de soi ?<\/p>\n","protected":false},"featured_media":12648,"comment_status":"open","ping_status":"closed","template":"","meta":{"inline_featured_image":false},"product_cat":[203,204,205,3681],"product_tag":[],"class_list":{"0":"post-12647","1":"product","2":"type-product","3":"status-publish","4":"has-post-thumbnail","6":"product_cat-adolescente","7":"product_cat-francais","8":"product_cat-enfant-adolescente-francais","9":"product_cat-jujutsu-kaisen","11":"first","12":"instock","13":"shipping-taxable","14":"purchasable","15":"product-type-simple"},"_links":{"self":[{"href":"https:\/\/baralivres.ma\/index.php?rest_route=\/wp\/v2\/product\/12647","targetHints":{"allow":["GET"]}}],"collection":[{"href":"https:\/\/baralivres.ma\/index.php?rest_route=\/wp\/v2\/product"}],"about":[{"href":"https:\/\/baralivres.ma\/index.php?rest_route=\/wp\/v2\/types\/product"}],"replies":[{"embeddable":true,"href":"https:\/\/baralivres.ma\/index.php?rest_route=%2Fwp%2Fv2%2Fcomments&post=12647"}],"version-history":[{"count":1,"href":"https:\/\/baralivres.ma\/index.php?rest_route=\/wp\/v2\/product\/12647\/revisions"}],"predecessor-version":[{"id":12649,"href":"https:\/\/baralivres.ma\/index.php?rest_route=\/wp\/v2\/product\/12647\/revisions\/12649"}],"wp:featuredmedia":[{"embeddable":true,"href":"https:\/\/baralivres.ma\/index.php?rest_route=\/wp\/v2\/media\/12648"}],"wp:attachment":[{"href":"https:\/\/baralivres.ma\/index.php?rest_route=%2Fwp%2Fv2%2Fmedia&parent=12647"}],"wp:term":[{"taxonomy":"product_cat","embeddable":true,"href":"https:\/\/baralivres.ma\/index.php?rest_route=%2Fwp%2Fv2%2Fproduct_cat&post=12647"},{"taxonomy":"product_tag","embeddable":true,"href":"https:\/\/baralivres.ma\/index.php?rest_route=%2Fwp%2Fv2%2Fproduct_tag&post=12647"}],"curies":[{"name":"wp","href":"https:\/\/api.w.org\/{rel}","templated":true}]}}