{"id":12641,"date":"2023-09-08T18:18:37","date_gmt":"2023-09-08T17:18:37","guid":{"rendered":"https:\/\/baralivres.ma\/?post_type=product&#038;p=12641"},"modified":"2024-03-29T15:49:25","modified_gmt":"2024-03-29T14:49:25","slug":"jujutsu-kaisen-tome-18","status":"publish","type":"product","link":"https:\/\/baralivres.ma\/?product=jujutsu-kaisen-tome-18","title":{"rendered":"Jujutsu Kaisen Tome 18"},"content":{"rendered":"<p>Engloutir les t\u00e9n\u00e8bres pour mieux les combattre ! Apr\u00e8s une courte entrevue au Pavillon des \u00e9toiles mortes, deux \u00e9quipes sont form\u00e9es afin de faire face \u00e0 la situation : Yuki et Choso resteront sur place pour prot\u00e9ger Tengen, tandis que les autres participeront \u00e0 la Traque meurtri\u00e8re. L&rsquo;objectif est de trouver une joueuse, l&rsquo;Ange, capable d&rsquo;effacer tous les pouvoirs&#8230; et donc de lib\u00e9rer Satoru ! Mais avant, Yuji, Megumi et Panda se voient attribuer une mission particuli\u00e8re&#8230;<br \/>\nretrouver et convaincre Kinji Hakari, l&rsquo;\u00e9l\u00e8ve de terminale suspendu pour avoir enfreint les r\u00e8gles de l&rsquo;exorcisme, de se joindre \u00e0 leur combat ! Monstres assoiff\u00e9s de sang, combats \u00e9piques et magie surpuissante : d\u00e9couvrez la nouvelle bombe dark fantasy ! Au coeur d&rsquo;une lutte mill\u00e9naire entre exorcistes et d\u00e9mons, comment garder son humanit\u00e9 alors m\u00eame que le mal se tapit au plus profond de soi ?<\/p>\n","protected":false},"excerpt":{"rendered":"<p>Engloutir les t\u00e9n\u00e8bres pour mieux les combattre ! Apr\u00e8s une courte entrevue au Pavillon des \u00e9toiles mortes, deux \u00e9quipes sont form\u00e9es afin de faire face \u00e0 la situation : Yuki et Choso resteront sur place pour prot\u00e9ger Tengen, tandis que les autres participeront \u00e0 la Traque meurtri\u00e8re. L&rsquo;objectif est de trouver une joueuse, l&rsquo;Ange, capable d&rsquo;effacer tous les pouvoirs&#8230; et donc de lib\u00e9rer Satoru ! Mais avant, Yuji, Megumi et Panda se voient attribuer une mission particuli\u00e8re&#8230;<br \/>\nretrouver et convaincre Kinji Hakari, l&rsquo;\u00e9l\u00e8ve de terminale suspendu pour avoir enfreint les r\u00e8gles de l&rsquo;exorcisme, de se joindre \u00e0 leur combat ! Monstres assoiff\u00e9s de sang, combats \u00e9piques et magie surpuissante : d\u00e9couvrez la nouvelle bombe dark fantasy ! Au coeur d&rsquo;une lutte mill\u00e9naire entre exorcistes et d\u00e9mons, comment garder son humanit\u00e9 alors m\u00eame que le mal se tapit au plus profond de soi ?<\/p>\n","protected":false},"featured_media":12642,"comment_status":"open","ping_status":"closed","template":"","meta":{"inline_featured_image":false},"product_cat":[203,204,205,3681],"product_tag":[],"class_list":{"0":"post-12641","1":"product","2":"type-product","3":"status-publish","4":"has-post-thumbnail","6":"product_cat-adolescente","7":"product_cat-francais","8":"product_cat-enfant-adolescente-francais","9":"product_cat-jujutsu-kaisen","11":"first","12":"instock","13":"shipping-taxable","14":"purchasable","15":"product-type-simple"},"_links":{"self":[{"href":"https:\/\/baralivres.ma\/index.php?rest_route=\/wp\/v2\/product\/12641","targetHints":{"allow":["GET"]}}],"collection":[{"href":"https:\/\/baralivres.ma\/index.php?rest_route=\/wp\/v2\/product"}],"about":[{"href":"https:\/\/baralivres.ma\/index.php?rest_route=\/wp\/v2\/types\/product"}],"replies":[{"embeddable":true,"href":"https:\/\/baralivres.ma\/index.php?rest_route=%2Fwp%2Fv2%2Fcomments&post=12641"}],"version-history":[{"count":1,"href":"https:\/\/baralivres.ma\/index.php?rest_route=\/wp\/v2\/product\/12641\/revisions"}],"predecessor-version":[{"id":12643,"href":"https:\/\/baralivres.ma\/index.php?rest_route=\/wp\/v2\/product\/12641\/revisions\/12643"}],"wp:featuredmedia":[{"embeddable":true,"href":"https:\/\/baralivres.ma\/index.php?rest_route=\/wp\/v2\/media\/12642"}],"wp:attachment":[{"href":"https:\/\/baralivres.ma\/index.php?rest_route=%2Fwp%2Fv2%2Fmedia&parent=12641"}],"wp:term":[{"taxonomy":"product_cat","embeddable":true,"href":"https:\/\/baralivres.ma\/index.php?rest_route=%2Fwp%2Fv2%2Fproduct_cat&post=12641"},{"taxonomy":"product_tag","embeddable":true,"href":"https:\/\/baralivres.ma\/index.php?rest_route=%2Fwp%2Fv2%2Fproduct_tag&post=12641"}],"curies":[{"name":"wp","href":"https:\/\/api.w.org\/{rel}","templated":true}]}}