{"id":12614,"date":"2023-09-08T18:01:56","date_gmt":"2023-09-08T17:01:56","guid":{"rendered":"https:\/\/baralivres.ma\/?post_type=product&#038;p=12614"},"modified":"2024-03-29T15:49:24","modified_gmt":"2024-03-29T14:49:24","slug":"jujutsu-kaisen-tome-15","status":"publish","type":"product","link":"https:\/\/baralivres.ma\/?product=jujutsu-kaisen-tome-15","title":{"rendered":"Jujutsu Kaisen Tome 15"},"content":{"rendered":"<p>Engloutir les t\u00e9n\u00e8bres pour mieux les combattre ! Pour se d\u00e9barrasser de Makora, la terrible invocation de Megumi, Sukuna d\u00e9cha\u00eene une infime partie de sa puissance&#8230; et, lorsqu&rsquo;il permet \u00e0 Yuji de r\u00e9cup\u00e9rer son corps, l&rsquo;adolescent est sous le choc devant l&rsquo;\u00e9tendue des d\u00e9g\u00e2ts. Fou de rage, le gar\u00e7on cherche \u00e0 se venger de ses ennemis et tombe nez \u00e0 nez avec Mahito&#8230; Mais le fl\u00e9au, qui s&rsquo;\u00e9tait auparavant d\u00e9doubl\u00e9, livre \u00e9galement un autre combat contre Nobara ! Au moment o\u00f9 la jeune fille croit avoir pris le dessus gr\u00e2ce \u00e0 sa r\u00e9sonance, son adversaire parvient \u00e0 s&rsquo;approcher d&rsquo;elle, sous les yeux terrifi\u00e9s de Yuji&#8230;<\/p>\n","protected":false},"excerpt":{"rendered":"<p>Engloutir les t\u00e9n\u00e8bres pour mieux les combattre ! Pour se d\u00e9barrasser de Makora, la terrible invocation de Megumi, Sukuna d\u00e9cha\u00eene une infime partie de sa puissance&#8230; et, lorsqu&rsquo;il permet \u00e0 Yuji de r\u00e9cup\u00e9rer son corps, l&rsquo;adolescent est sous le choc devant l&rsquo;\u00e9tendue des d\u00e9g\u00e2ts. Fou de rage, le gar\u00e7on cherche \u00e0 se venger de ses ennemis et tombe nez \u00e0 nez avec Mahito&#8230; Mais le fl\u00e9au, qui s&rsquo;\u00e9tait auparavant d\u00e9doubl\u00e9, livre \u00e9galement un autre combat contre Nobara ! Au moment o\u00f9 la jeune fille croit avoir pris le dessus gr\u00e2ce \u00e0 sa r\u00e9sonance, son adversaire parvient \u00e0 s&rsquo;approcher d&rsquo;elle, sous les yeux terrifi\u00e9s de Yuji&#8230;<\/p>\n","protected":false},"featured_media":12615,"comment_status":"open","ping_status":"closed","template":"","meta":{"inline_featured_image":false},"product_cat":[203,204,205,3681],"product_tag":[],"class_list":{"0":"post-12614","1":"product","2":"type-product","3":"status-publish","4":"has-post-thumbnail","6":"product_cat-adolescente","7":"product_cat-francais","8":"product_cat-enfant-adolescente-francais","9":"product_cat-jujutsu-kaisen","11":"first","12":"instock","13":"shipping-taxable","14":"purchasable","15":"product-type-simple"},"_links":{"self":[{"href":"https:\/\/baralivres.ma\/index.php?rest_route=\/wp\/v2\/product\/12614","targetHints":{"allow":["GET"]}}],"collection":[{"href":"https:\/\/baralivres.ma\/index.php?rest_route=\/wp\/v2\/product"}],"about":[{"href":"https:\/\/baralivres.ma\/index.php?rest_route=\/wp\/v2\/types\/product"}],"replies":[{"embeddable":true,"href":"https:\/\/baralivres.ma\/index.php?rest_route=%2Fwp%2Fv2%2Fcomments&post=12614"}],"version-history":[{"count":1,"href":"https:\/\/baralivres.ma\/index.php?rest_route=\/wp\/v2\/product\/12614\/revisions"}],"predecessor-version":[{"id":12616,"href":"https:\/\/baralivres.ma\/index.php?rest_route=\/wp\/v2\/product\/12614\/revisions\/12616"}],"wp:featuredmedia":[{"embeddable":true,"href":"https:\/\/baralivres.ma\/index.php?rest_route=\/wp\/v2\/media\/12615"}],"wp:attachment":[{"href":"https:\/\/baralivres.ma\/index.php?rest_route=%2Fwp%2Fv2%2Fmedia&parent=12614"}],"wp:term":[{"taxonomy":"product_cat","embeddable":true,"href":"https:\/\/baralivres.ma\/index.php?rest_route=%2Fwp%2Fv2%2Fproduct_cat&post=12614"},{"taxonomy":"product_tag","embeddable":true,"href":"https:\/\/baralivres.ma\/index.php?rest_route=%2Fwp%2Fv2%2Fproduct_tag&post=12614"}],"curies":[{"name":"wp","href":"https:\/\/api.w.org\/{rel}","templated":true}]}}