{"id":12576,"date":"2023-09-08T17:35:54","date_gmt":"2023-09-08T16:35:54","guid":{"rendered":"https:\/\/baralivres.ma\/?post_type=product&#038;p=12576"},"modified":"2023-11-07T13:07:39","modified_gmt":"2023-11-07T12:07:39","slug":"naruto-tome-50","status":"publish","type":"product","link":"https:\/\/baralivres.ma\/?product=naruto-tome-50","title":{"rendered":"Naruto Tome 50"},"content":{"rendered":"<div class=\"fp-wide--block--header\">\n<h2 class=\"primary-title\"><\/h2>\n<\/div>\n<div class=\"content\">Sasuke lance un assaut sur le Conseil. Le palais du pays du Fer devient alors le th\u00e9\u00e2tre d&rsquo;un terrible affrontement entre les Kage et le ren\u00e9gat, qui projette sa Lumi\u00e8re C\u00e9leste et active Susan\u00f4, le 3e Pouvoir ! Mais la puissance unifi\u00e9e des Ma\u00eetres shinobis est immense, et bien vite, le jeune Uchiwa se trouve en mauvaise posture. C&rsquo;est alors qu&rsquo;appara\u00eet Madara Uchiwa, qui va r\u00e9v\u00e9ler devant une assembl\u00e9e m\u00e9dus\u00e9e ses terribles desseins !<\/div>\n","protected":false},"excerpt":{"rendered":"<div class=\"fp-wide--block--header\">\n<h2 class=\"primary-title\"><\/h2>\n<\/div>\n<div class=\"content\">Sasuke lance un assaut sur le Conseil. Le palais du pays du Fer devient alors le th\u00e9\u00e2tre d&rsquo;un terrible affrontement entre les Kage et le ren\u00e9gat, qui projette sa Lumi\u00e8re C\u00e9leste et active Susan\u00f4, le 3e Pouvoir ! Mais la puissance unifi\u00e9e des Ma\u00eetres shinobis est immense, et bien vite, le jeune Uchiwa se trouve en mauvaise posture. C&rsquo;est alors qu&rsquo;appara\u00eet Madara Uchiwa, qui va r\u00e9v\u00e9ler devant une assembl\u00e9e m\u00e9dus\u00e9e ses terribles desseins !<\/div>\n","protected":false},"featured_media":12577,"comment_status":"open","ping_status":"closed","template":"","meta":{"inline_featured_image":false},"product_cat":[203,204,205],"product_tag":[],"class_list":{"0":"post-12576","1":"product","2":"type-product","3":"status-publish","4":"has-post-thumbnail","6":"product_cat-adolescente","7":"product_cat-francais","8":"product_cat-enfant-adolescente-francais","10":"first","11":"instock","12":"shipping-taxable","13":"purchasable","14":"product-type-simple"},"_links":{"self":[{"href":"https:\/\/baralivres.ma\/index.php?rest_route=\/wp\/v2\/product\/12576","targetHints":{"allow":["GET"]}}],"collection":[{"href":"https:\/\/baralivres.ma\/index.php?rest_route=\/wp\/v2\/product"}],"about":[{"href":"https:\/\/baralivres.ma\/index.php?rest_route=\/wp\/v2\/types\/product"}],"replies":[{"embeddable":true,"href":"https:\/\/baralivres.ma\/index.php?rest_route=%2Fwp%2Fv2%2Fcomments&post=12576"}],"version-history":[{"count":1,"href":"https:\/\/baralivres.ma\/index.php?rest_route=\/wp\/v2\/product\/12576\/revisions"}],"predecessor-version":[{"id":12578,"href":"https:\/\/baralivres.ma\/index.php?rest_route=\/wp\/v2\/product\/12576\/revisions\/12578"}],"wp:featuredmedia":[{"embeddable":true,"href":"https:\/\/baralivres.ma\/index.php?rest_route=\/wp\/v2\/media\/12577"}],"wp:attachment":[{"href":"https:\/\/baralivres.ma\/index.php?rest_route=%2Fwp%2Fv2%2Fmedia&parent=12576"}],"wp:term":[{"taxonomy":"product_cat","embeddable":true,"href":"https:\/\/baralivres.ma\/index.php?rest_route=%2Fwp%2Fv2%2Fproduct_cat&post=12576"},{"taxonomy":"product_tag","embeddable":true,"href":"https:\/\/baralivres.ma\/index.php?rest_route=%2Fwp%2Fv2%2Fproduct_tag&post=12576"}],"curies":[{"name":"wp","href":"https:\/\/api.w.org\/{rel}","templated":true}]}}