{"id":12555,"date":"2023-09-08T17:23:30","date_gmt":"2023-09-08T16:23:30","guid":{"rendered":"https:\/\/baralivres.ma\/?post_type=product&#038;p=12555"},"modified":"2024-03-29T15:07:45","modified_gmt":"2024-03-29T14:07:45","slug":"naruto-tome-63","status":"publish","type":"product","link":"https:\/\/baralivres.ma\/?product=naruto-tome-63","title":{"rendered":"Naruto Tome 63"},"content":{"rendered":"<p>Naruto et ses compagnons ont trouv\u00e9 une faille dans la strat\u00e9gie de l&rsquo;homme masqu\u00e9 ! Apr\u00e8s avoir d\u00e9couvert que sa technique de d\u00e9mat\u00e9rialisation \u00e9tait reli\u00e9e \u00e0 \u00ab\u00a0la Majest\u00e9 Divine\u00a0\u00bb, Kakashi sent un malaise sourd le gagner. Naruto, de son c\u00f4t\u00e9, d\u00e9montre toujours une foi in\u00e9branlable en ses amis. Il parvient \u00e0 toucher l&rsquo;ennemi et \u00e0 lui arracher son masque.<\/p>\n","protected":false},"excerpt":{"rendered":"<p>Naruto et ses compagnons ont trouv\u00e9 une faille dans la strat\u00e9gie de l&rsquo;homme masqu\u00e9 ! Apr\u00e8s avoir d\u00e9couvert que sa technique de d\u00e9mat\u00e9rialisation \u00e9tait reli\u00e9e \u00e0 \u00ab\u00a0la Majest\u00e9 Divine\u00a0\u00bb, Kakashi sent un malaise sourd le gagner. Naruto, de son c\u00f4t\u00e9, d\u00e9montre toujours une foi in\u00e9branlable en ses amis. Il parvient \u00e0 toucher l&rsquo;ennemi et \u00e0 lui arracher son masque.<\/p>\n","protected":false},"featured_media":12556,"comment_status":"open","ping_status":"closed","template":"","meta":{"inline_featured_image":false},"product_cat":[203,204,205,3680],"product_tag":[],"class_list":{"0":"post-12555","1":"product","2":"type-product","3":"status-publish","4":"has-post-thumbnail","6":"product_cat-adolescente","7":"product_cat-francais","8":"product_cat-enfant-adolescente-francais","9":"product_cat-naruto","11":"first","12":"instock","13":"shipping-taxable","14":"purchasable","15":"product-type-simple"},"_links":{"self":[{"href":"https:\/\/baralivres.ma\/index.php?rest_route=\/wp\/v2\/product\/12555","targetHints":{"allow":["GET"]}}],"collection":[{"href":"https:\/\/baralivres.ma\/index.php?rest_route=\/wp\/v2\/product"}],"about":[{"href":"https:\/\/baralivres.ma\/index.php?rest_route=\/wp\/v2\/types\/product"}],"replies":[{"embeddable":true,"href":"https:\/\/baralivres.ma\/index.php?rest_route=%2Fwp%2Fv2%2Fcomments&post=12555"}],"version-history":[{"count":1,"href":"https:\/\/baralivres.ma\/index.php?rest_route=\/wp\/v2\/product\/12555\/revisions"}],"predecessor-version":[{"id":12557,"href":"https:\/\/baralivres.ma\/index.php?rest_route=\/wp\/v2\/product\/12555\/revisions\/12557"}],"wp:featuredmedia":[{"embeddable":true,"href":"https:\/\/baralivres.ma\/index.php?rest_route=\/wp\/v2\/media\/12556"}],"wp:attachment":[{"href":"https:\/\/baralivres.ma\/index.php?rest_route=%2Fwp%2Fv2%2Fmedia&parent=12555"}],"wp:term":[{"taxonomy":"product_cat","embeddable":true,"href":"https:\/\/baralivres.ma\/index.php?rest_route=%2Fwp%2Fv2%2Fproduct_cat&post=12555"},{"taxonomy":"product_tag","embeddable":true,"href":"https:\/\/baralivres.ma\/index.php?rest_route=%2Fwp%2Fv2%2Fproduct_tag&post=12555"}],"curies":[{"name":"wp","href":"https:\/\/api.w.org\/{rel}","templated":true}]}}