{"id":12501,"date":"2023-09-08T16:42:53","date_gmt":"2023-09-08T15:42:53","guid":{"rendered":"https:\/\/baralivres.ma\/?post_type=product&#038;p=12501"},"modified":"2024-04-03T12:41:51","modified_gmt":"2024-04-03T11:41:51","slug":"my-hero-academia-tome-19","status":"publish","type":"product","link":"https:\/\/baralivres.ma\/?product=my-hero-academia-tome-19","title":{"rendered":"My Hero Academia Tome 19"},"content":{"rendered":"<p>Overhaul est enfin hors de combat&#8230; Mais cette victoire a co\u00fbt\u00e9 cher aux h\u00e9ros, alors que l&rsquo;alliance des super-vilains est plus puissante que jamais ! Pour les \u00e9l\u00e8ves impliqu\u00e9s, la pilule est dure \u00e0 avaler&#8230; Pourtant, la vie continue \u00e0 Yuei. Shoto et Katsuki, qui suivent toujours leurs cours pour le permis provisoire, se retrouvent face \u00e0&#8230; une redoutable classe de primaire ! Quant \u00e0 Izuku, c&rsquo;est le comportement de Yuga qui le pr\u00e9occupe, car l&rsquo;adolescent se met soudain \u00e0 agir de fa\u00e7on tr\u00e8s \u00e9trange&#8230;<br \/>\nRetrouvez les super-h\u00e9ros du manga ph\u00e9nom\u00e8ne My Hero Academia !<\/p>\n","protected":false},"excerpt":{"rendered":"<p>Overhaul est enfin hors de combat&#8230; Mais cette victoire a co\u00fbt\u00e9 cher aux h\u00e9ros, alors que l&rsquo;alliance des super-vilains est plus puissante que jamais ! Pour les \u00e9l\u00e8ves impliqu\u00e9s, la pilule est dure \u00e0 avaler&#8230;<\/p>\n","protected":false},"featured_media":12502,"comment_status":"open","ping_status":"closed","template":"","meta":{"inline_featured_image":false},"product_cat":[203,204,205,3685],"product_tag":[],"class_list":{"0":"post-12501","1":"product","2":"type-product","3":"status-publish","4":"has-post-thumbnail","6":"product_cat-adolescente","7":"product_cat-francais","8":"product_cat-enfant-adolescente-francais","9":"product_cat-my-hero-academia","11":"first","12":"instock","13":"shipping-taxable","14":"purchasable","15":"product-type-simple"},"_links":{"self":[{"href":"https:\/\/baralivres.ma\/index.php?rest_route=\/wp\/v2\/product\/12501","targetHints":{"allow":["GET"]}}],"collection":[{"href":"https:\/\/baralivres.ma\/index.php?rest_route=\/wp\/v2\/product"}],"about":[{"href":"https:\/\/baralivres.ma\/index.php?rest_route=\/wp\/v2\/types\/product"}],"replies":[{"embeddable":true,"href":"https:\/\/baralivres.ma\/index.php?rest_route=%2Fwp%2Fv2%2Fcomments&post=12501"}],"version-history":[{"count":1,"href":"https:\/\/baralivres.ma\/index.php?rest_route=\/wp\/v2\/product\/12501\/revisions"}],"predecessor-version":[{"id":12503,"href":"https:\/\/baralivres.ma\/index.php?rest_route=\/wp\/v2\/product\/12501\/revisions\/12503"}],"wp:featuredmedia":[{"embeddable":true,"href":"https:\/\/baralivres.ma\/index.php?rest_route=\/wp\/v2\/media\/12502"}],"wp:attachment":[{"href":"https:\/\/baralivres.ma\/index.php?rest_route=%2Fwp%2Fv2%2Fmedia&parent=12501"}],"wp:term":[{"taxonomy":"product_cat","embeddable":true,"href":"https:\/\/baralivres.ma\/index.php?rest_route=%2Fwp%2Fv2%2Fproduct_cat&post=12501"},{"taxonomy":"product_tag","embeddable":true,"href":"https:\/\/baralivres.ma\/index.php?rest_route=%2Fwp%2Fv2%2Fproduct_tag&post=12501"}],"curies":[{"name":"wp","href":"https:\/\/api.w.org\/{rel}","templated":true}]}}