{"id":12485,"date":"2023-09-08T16:18:58","date_gmt":"2023-09-08T15:18:58","guid":{"rendered":"https:\/\/baralivres.ma\/?post_type=product&#038;p=12485"},"modified":"2024-03-29T15:05:02","modified_gmt":"2024-03-29T14:05:02","slug":"naruto-tome-14","status":"publish","type":"product","link":"https:\/\/baralivres.ma\/?product=naruto-tome-14","title":{"rendered":"Naruto Tome 14"},"content":{"rendered":"<p>Hokage le troisi\u00e8me affronte Orochimaru dans une sph\u00e8re magique qui les isole du reste du monde. Le malfaisant conspirateur n&rsquo;h\u00e9site pas \u00e0 employer un sort secret de n\u00e9cromancie pour tenter de venir \u00e0 bout du vieux combattant ! Alors que Naruto et ses compagnons sont \u00e0 la poursuite de Sasuke et de Gaara, ils sont, \u00e0 leur tour, pris en chasse par les assassins d&rsquo;Orochimaru !!<\/p>\n","protected":false},"excerpt":{"rendered":"<p>Hokage le troisi\u00e8me affronte Orochimaru dans une sph\u00e8re magique qui les isole du reste du monde.<\/p>\n","protected":false},"featured_media":12486,"comment_status":"open","ping_status":"closed","template":"","meta":{"inline_featured_image":false},"product_cat":[203,204,205,3680],"product_tag":[],"class_list":{"0":"post-12485","1":"product","2":"type-product","3":"status-publish","4":"has-post-thumbnail","6":"product_cat-adolescente","7":"product_cat-francais","8":"product_cat-enfant-adolescente-francais","9":"product_cat-naruto","11":"first","12":"instock","13":"shipping-taxable","14":"purchasable","15":"product-type-simple"},"_links":{"self":[{"href":"https:\/\/baralivres.ma\/index.php?rest_route=\/wp\/v2\/product\/12485","targetHints":{"allow":["GET"]}}],"collection":[{"href":"https:\/\/baralivres.ma\/index.php?rest_route=\/wp\/v2\/product"}],"about":[{"href":"https:\/\/baralivres.ma\/index.php?rest_route=\/wp\/v2\/types\/product"}],"replies":[{"embeddable":true,"href":"https:\/\/baralivres.ma\/index.php?rest_route=%2Fwp%2Fv2%2Fcomments&post=12485"}],"version-history":[{"count":1,"href":"https:\/\/baralivres.ma\/index.php?rest_route=\/wp\/v2\/product\/12485\/revisions"}],"predecessor-version":[{"id":12487,"href":"https:\/\/baralivres.ma\/index.php?rest_route=\/wp\/v2\/product\/12485\/revisions\/12487"}],"wp:featuredmedia":[{"embeddable":true,"href":"https:\/\/baralivres.ma\/index.php?rest_route=\/wp\/v2\/media\/12486"}],"wp:attachment":[{"href":"https:\/\/baralivres.ma\/index.php?rest_route=%2Fwp%2Fv2%2Fmedia&parent=12485"}],"wp:term":[{"taxonomy":"product_cat","embeddable":true,"href":"https:\/\/baralivres.ma\/index.php?rest_route=%2Fwp%2Fv2%2Fproduct_cat&post=12485"},{"taxonomy":"product_tag","embeddable":true,"href":"https:\/\/baralivres.ma\/index.php?rest_route=%2Fwp%2Fv2%2Fproduct_tag&post=12485"}],"curies":[{"name":"wp","href":"https:\/\/api.w.org\/{rel}","templated":true}]}}