{"id":12472,"date":"2023-09-08T16:03:24","date_gmt":"2023-09-08T15:03:24","guid":{"rendered":"https:\/\/baralivres.ma\/?post_type=product&#038;p=12472"},"modified":"2023-11-08T09:39:55","modified_gmt":"2023-11-08T08:39:55","slug":"naruto-tome-30","status":"publish","type":"product","link":"https:\/\/baralivres.ma\/?product=naruto-tome-30","title":{"rendered":"Naruto Tome 30"},"content":{"rendered":"<div id=\"resume\" class=\"\n        fp-wide--block\n        fp-wide--block-resume                \"><\/p>\n<div class=\"content\">Naruto et ses compagnons forcent l&rsquo;entr\u00e9e du repaire d&rsquo;Akatsuki pour se trouver face \u00e0 un Gaara m\u00e9connaissable aux mains de ses ge\u00f4liers ! D\u00e9bordant de rage, Naruto se rue sur Deidara, qui parvient malgr\u00e9 tout \u00e0 s&rsquo;\u00e9chapper. Sakura et la vieille Chiyo se retrouvent alors seules dans la grotte face au redoutable Sasori. Parviendront-elles \u00e0 lui barrer la route ?<\/div>\n<\/div>\n<div id=\"specification\" class=\"\n        fp-wide--block\n        fp-wide--block-specification                \"><\/p>\n<div class=\"fp-wide--block--header\"><\/div>\n<\/div>\n","protected":false},"excerpt":{"rendered":"<div id=\"resume\" class=\"\n        fp-wide--block\n        fp-wide--block-resume                \"><\/p>\n<div class=\"content\">Naruto et ses compagnons forcent l&rsquo;entr\u00e9e du repaire d&rsquo;Akatsuki pour se trouver face \u00e0 un Gaara m\u00e9connaissable aux mains de ses ge\u00f4liers ! D\u00e9bordant de rage, Naruto se rue sur Deidara, qui parvient malgr\u00e9 tout \u00e0 s&rsquo;\u00e9chapper. Sakura et la vieille Chiyo se retrouvent alors seules dans la grotte face au redoutable Sasori. Parviendront-elles \u00e0 lui barrer la route ?<\/div>\n<\/div>\n<div id=\"specification\" class=\"\n        fp-wide--block\n        fp-wide--block-specification                \"><\/p>\n<div class=\"fp-wide--block--header\"><\/div>\n<\/div>\n","protected":false},"featured_media":12473,"comment_status":"open","ping_status":"closed","template":"","meta":{"inline_featured_image":false},"product_cat":[203,204,205],"product_tag":[],"class_list":{"0":"post-12472","1":"product","2":"type-product","3":"status-publish","4":"has-post-thumbnail","6":"product_cat-adolescente","7":"product_cat-francais","8":"product_cat-enfant-adolescente-francais","10":"first","11":"instock","12":"shipping-taxable","13":"purchasable","14":"product-type-simple"},"_links":{"self":[{"href":"https:\/\/baralivres.ma\/index.php?rest_route=\/wp\/v2\/product\/12472","targetHints":{"allow":["GET"]}}],"collection":[{"href":"https:\/\/baralivres.ma\/index.php?rest_route=\/wp\/v2\/product"}],"about":[{"href":"https:\/\/baralivres.ma\/index.php?rest_route=\/wp\/v2\/types\/product"}],"replies":[{"embeddable":true,"href":"https:\/\/baralivres.ma\/index.php?rest_route=%2Fwp%2Fv2%2Fcomments&post=12472"}],"version-history":[{"count":1,"href":"https:\/\/baralivres.ma\/index.php?rest_route=\/wp\/v2\/product\/12472\/revisions"}],"predecessor-version":[{"id":12474,"href":"https:\/\/baralivres.ma\/index.php?rest_route=\/wp\/v2\/product\/12472\/revisions\/12474"}],"wp:featuredmedia":[{"embeddable":true,"href":"https:\/\/baralivres.ma\/index.php?rest_route=\/wp\/v2\/media\/12473"}],"wp:attachment":[{"href":"https:\/\/baralivres.ma\/index.php?rest_route=%2Fwp%2Fv2%2Fmedia&parent=12472"}],"wp:term":[{"taxonomy":"product_cat","embeddable":true,"href":"https:\/\/baralivres.ma\/index.php?rest_route=%2Fwp%2Fv2%2Fproduct_cat&post=12472"},{"taxonomy":"product_tag","embeddable":true,"href":"https:\/\/baralivres.ma\/index.php?rest_route=%2Fwp%2Fv2%2Fproduct_tag&post=12472"}],"curies":[{"name":"wp","href":"https:\/\/api.w.org\/{rel}","templated":true}]}}