{"id":12469,"date":"2023-09-08T16:01:47","date_gmt":"2023-09-08T15:01:47","guid":{"rendered":"https:\/\/baralivres.ma\/?post_type=product&#038;p=12469"},"modified":"2023-11-08T09:40:57","modified_gmt":"2023-11-08T08:40:57","slug":"naruto-tome-29","status":"publish","type":"product","link":"https:\/\/baralivres.ma\/?product=naruto-tome-29","title":{"rendered":"Naruto Tome 29"},"content":{"rendered":"<div id=\"resume\" class=\"\n        fp-wide--block\n        fp-wide--block-resume                \"><\/p>\n<div class=\"content\">Naruto et ses amis se dirigent vers le repaire de l&rsquo;Akatsuki pour sauver Gaara, prisonnier de l&rsquo;inf\u00e2me organisation ! Mais Itachi se dresse sur leur chemin ! Au m\u00eame moment, Kisame appara\u00eet devant le groupe de Ga\u00ef, parti en renfort ! Que va-t-il advenir de Gaara ?<\/div>\n<\/div>\n<div id=\"specification\" class=\"\n        fp-wide--block\n        fp-wide--block-specification                \"><\/p>\n<div class=\"fp-wide--block--header\"><\/div>\n<\/div>\n","protected":false},"excerpt":{"rendered":"<div id=\"resume\" class=\"\n        fp-wide--block\n        fp-wide--block-resume                \"><\/p>\n<div class=\"content\">Naruto et ses amis se dirigent vers le repaire de l&rsquo;Akatsuki pour sauver Gaara, prisonnier de l&rsquo;inf\u00e2me organisation ! Mais Itachi se dresse sur leur chemin ! Au m\u00eame moment, Kisame appara\u00eet devant le groupe de Ga\u00ef, parti en renfort ! Que va-t-il advenir de Gaara ?<\/div>\n<\/div>\n<div id=\"specification\" class=\"\n        fp-wide--block\n        fp-wide--block-specification                \"><\/p>\n<div class=\"fp-wide--block--header\"><\/div>\n<\/div>\n","protected":false},"featured_media":12470,"comment_status":"open","ping_status":"closed","template":"","meta":{"inline_featured_image":false},"product_cat":[203,204,205],"product_tag":[],"class_list":{"0":"post-12469","1":"product","2":"type-product","3":"status-publish","4":"has-post-thumbnail","6":"product_cat-adolescente","7":"product_cat-francais","8":"product_cat-enfant-adolescente-francais","10":"first","11":"instock","12":"shipping-taxable","13":"purchasable","14":"product-type-simple"},"_links":{"self":[{"href":"https:\/\/baralivres.ma\/index.php?rest_route=\/wp\/v2\/product\/12469","targetHints":{"allow":["GET"]}}],"collection":[{"href":"https:\/\/baralivres.ma\/index.php?rest_route=\/wp\/v2\/product"}],"about":[{"href":"https:\/\/baralivres.ma\/index.php?rest_route=\/wp\/v2\/types\/product"}],"replies":[{"embeddable":true,"href":"https:\/\/baralivres.ma\/index.php?rest_route=%2Fwp%2Fv2%2Fcomments&post=12469"}],"version-history":[{"count":1,"href":"https:\/\/baralivres.ma\/index.php?rest_route=\/wp\/v2\/product\/12469\/revisions"}],"predecessor-version":[{"id":12471,"href":"https:\/\/baralivres.ma\/index.php?rest_route=\/wp\/v2\/product\/12469\/revisions\/12471"}],"wp:featuredmedia":[{"embeddable":true,"href":"https:\/\/baralivres.ma\/index.php?rest_route=\/wp\/v2\/media\/12470"}],"wp:attachment":[{"href":"https:\/\/baralivres.ma\/index.php?rest_route=%2Fwp%2Fv2%2Fmedia&parent=12469"}],"wp:term":[{"taxonomy":"product_cat","embeddable":true,"href":"https:\/\/baralivres.ma\/index.php?rest_route=%2Fwp%2Fv2%2Fproduct_cat&post=12469"},{"taxonomy":"product_tag","embeddable":true,"href":"https:\/\/baralivres.ma\/index.php?rest_route=%2Fwp%2Fv2%2Fproduct_tag&post=12469"}],"curies":[{"name":"wp","href":"https:\/\/api.w.org\/{rel}","templated":true}]}}