{"id":12466,"date":"2023-09-08T16:00:01","date_gmt":"2023-09-08T15:00:01","guid":{"rendered":"https:\/\/baralivres.ma\/?post_type=product&#038;p=12466"},"modified":"2023-11-08T09:41:08","modified_gmt":"2023-11-08T08:41:08","slug":"naruto-tome-27","status":"publish","type":"product","link":"https:\/\/baralivres.ma\/?product=naruto-tome-27","title":{"rendered":"Naruto Tome 27"},"content":{"rendered":"<div id=\"resume\" class=\"\n        fp-wide--block\n        fp-wide--block-resume                \"><\/p>\n<div class=\"content\">Naruto et Sasuke s&rsquo;affrontent dans un combat titanesque. Naruto parviendra-t-il \u00e0 faire entendre raison \u00e0 son ami ? C&rsquo;est le d\u00e9but de nouvelles aventures pour Naruto et les jeunes shinobis de Konoha. Ce tome contient aussi les aventures in\u00e9dites de Kakashi, ou la vie de jeunes combattants au front.<\/div>\n<\/div>\n<div id=\"specification\" class=\"\n        fp-wide--block\n        fp-wide--block-specification                \"><\/p>\n<div class=\"fp-wide--block--header\"><\/div>\n<\/div>\n","protected":false},"excerpt":{"rendered":"<div id=\"resume\" class=\"\n        fp-wide--block\n        fp-wide--block-resume                \"><\/p>\n<div class=\"content\">Naruto et Sasuke s&rsquo;affrontent dans un combat titanesque. Naruto parviendra-t-il \u00e0 faire entendre raison \u00e0 son ami ? C&rsquo;est le d\u00e9but de nouvelles aventures pour Naruto et les jeunes shinobis de Konoha. Ce tome contient aussi les aventures in\u00e9dites de Kakashi, ou la vie de jeunes combattants au front.<\/div>\n<\/div>\n<div id=\"specification\" class=\"\n        fp-wide--block\n        fp-wide--block-specification                \"><\/p>\n<div class=\"fp-wide--block--header\"><\/div>\n<\/div>\n","protected":false},"featured_media":12467,"comment_status":"open","ping_status":"closed","template":"","meta":{"inline_featured_image":false},"product_cat":[203,204,205],"product_tag":[],"class_list":{"0":"post-12466","1":"product","2":"type-product","3":"status-publish","4":"has-post-thumbnail","6":"product_cat-adolescente","7":"product_cat-francais","8":"product_cat-enfant-adolescente-francais","10":"first","11":"instock","12":"shipping-taxable","13":"purchasable","14":"product-type-simple"},"_links":{"self":[{"href":"https:\/\/baralivres.ma\/index.php?rest_route=\/wp\/v2\/product\/12466","targetHints":{"allow":["GET"]}}],"collection":[{"href":"https:\/\/baralivres.ma\/index.php?rest_route=\/wp\/v2\/product"}],"about":[{"href":"https:\/\/baralivres.ma\/index.php?rest_route=\/wp\/v2\/types\/product"}],"replies":[{"embeddable":true,"href":"https:\/\/baralivres.ma\/index.php?rest_route=%2Fwp%2Fv2%2Fcomments&post=12466"}],"version-history":[{"count":1,"href":"https:\/\/baralivres.ma\/index.php?rest_route=\/wp\/v2\/product\/12466\/revisions"}],"predecessor-version":[{"id":12468,"href":"https:\/\/baralivres.ma\/index.php?rest_route=\/wp\/v2\/product\/12466\/revisions\/12468"}],"wp:featuredmedia":[{"embeddable":true,"href":"https:\/\/baralivres.ma\/index.php?rest_route=\/wp\/v2\/media\/12467"}],"wp:attachment":[{"href":"https:\/\/baralivres.ma\/index.php?rest_route=%2Fwp%2Fv2%2Fmedia&parent=12466"}],"wp:term":[{"taxonomy":"product_cat","embeddable":true,"href":"https:\/\/baralivres.ma\/index.php?rest_route=%2Fwp%2Fv2%2Fproduct_cat&post=12466"},{"taxonomy":"product_tag","embeddable":true,"href":"https:\/\/baralivres.ma\/index.php?rest_route=%2Fwp%2Fv2%2Fproduct_tag&post=12466"}],"curies":[{"name":"wp","href":"https:\/\/api.w.org\/{rel}","templated":true}]}}