{"id":12462,"date":"2023-09-08T15:57:55","date_gmt":"2023-09-08T14:57:55","guid":{"rendered":"https:\/\/baralivres.ma\/?post_type=product&#038;p=12462"},"modified":"2023-11-08T09:41:19","modified_gmt":"2023-11-08T08:41:19","slug":"naruto-tome-28","status":"publish","type":"product","link":"https:\/\/baralivres.ma\/?product=naruto-tome-28","title":{"rendered":"Naruto Tome 28"},"content":{"rendered":"<div id=\"description\" class=\"sc-18lywku-10 iRHvZj\">\n<p class=\"sc-18lywku-9 dqahhr\">Euh&#8230; Qu&rsquo;est-ce que je voulais dire ? Ah, oui ! La 2e saison d\u00e9marre avec ce volume! J&rsquo;esp\u00e8re que vous l&rsquo;accueillerez avec enthousiasme. Pour ceux d&rsquo;entre vous qui n&rsquo;auraient pas lu la 1\u00e8re saison, eh bien, reportez-vous au 1er volume&#8230; Mais je ne peux pas vous emp\u00eacher de commencer avec celui-ci (rires)&#8230;<\/p>\n<\/div>\n<div><\/div>\n","protected":false},"excerpt":{"rendered":"<div id=\"description\" class=\"sc-18lywku-10 iRHvZj\">\n<p class=\"sc-18lywku-9 dqahhr\">Euh&#8230; Qu&rsquo;est-ce que je voulais dire ? Ah, oui ! La 2e saison d\u00e9marre avec ce volume! J&rsquo;esp\u00e8re que vous l&rsquo;accueillerez avec enthousiasme. Pour ceux d&rsquo;entre vous qui n&rsquo;auraient pas lu la 1\u00e8re saison, eh bien, reportez-vous au 1er volume&#8230; Mais je ne peux pas vous emp\u00eacher de commencer avec celui-ci (rires)&#8230;<\/p>\n<\/div>\n<div><\/div>\n","protected":false},"featured_media":12463,"comment_status":"open","ping_status":"closed","template":"","meta":{"inline_featured_image":false},"product_cat":[203,204,205],"product_tag":[],"class_list":{"0":"post-12462","1":"product","2":"type-product","3":"status-publish","4":"has-post-thumbnail","6":"product_cat-adolescente","7":"product_cat-francais","8":"product_cat-enfant-adolescente-francais","10":"first","11":"instock","12":"shipping-taxable","13":"purchasable","14":"product-type-simple"},"_links":{"self":[{"href":"https:\/\/baralivres.ma\/index.php?rest_route=\/wp\/v2\/product\/12462","targetHints":{"allow":["GET"]}}],"collection":[{"href":"https:\/\/baralivres.ma\/index.php?rest_route=\/wp\/v2\/product"}],"about":[{"href":"https:\/\/baralivres.ma\/index.php?rest_route=\/wp\/v2\/types\/product"}],"replies":[{"embeddable":true,"href":"https:\/\/baralivres.ma\/index.php?rest_route=%2Fwp%2Fv2%2Fcomments&post=12462"}],"version-history":[{"count":2,"href":"https:\/\/baralivres.ma\/index.php?rest_route=\/wp\/v2\/product\/12462\/revisions"}],"predecessor-version":[{"id":12465,"href":"https:\/\/baralivres.ma\/index.php?rest_route=\/wp\/v2\/product\/12462\/revisions\/12465"}],"wp:featuredmedia":[{"embeddable":true,"href":"https:\/\/baralivres.ma\/index.php?rest_route=\/wp\/v2\/media\/12463"}],"wp:attachment":[{"href":"https:\/\/baralivres.ma\/index.php?rest_route=%2Fwp%2Fv2%2Fmedia&parent=12462"}],"wp:term":[{"taxonomy":"product_cat","embeddable":true,"href":"https:\/\/baralivres.ma\/index.php?rest_route=%2Fwp%2Fv2%2Fproduct_cat&post=12462"},{"taxonomy":"product_tag","embeddable":true,"href":"https:\/\/baralivres.ma\/index.php?rest_route=%2Fwp%2Fv2%2Fproduct_tag&post=12462"}],"curies":[{"name":"wp","href":"https:\/\/api.w.org\/{rel}","templated":true}]}}