{"id":12453,"date":"2023-09-08T15:51:54","date_gmt":"2023-09-08T14:51:54","guid":{"rendered":"https:\/\/baralivres.ma\/?post_type=product&#038;p=12453"},"modified":"2023-11-08T09:42:28","modified_gmt":"2023-11-08T08:42:28","slug":"naruto-tome-32","status":"publish","type":"product","link":"https:\/\/baralivres.ma\/?product=naruto-tome-32","title":{"rendered":"Naruto Tome 32"},"content":{"rendered":"<p>Yamato, un membre des services sp\u00e9ciaux, a \u00e9t\u00e9 choisi pour remplacer Kakashi \u00e0 la t\u00eate de son unit\u00e9, le temps de son hospitalisation ! Le jeune Sa\u00ef se joint \u00e9galement \u00e0 l&rsquo;\u00e9quipe, \u00e0 la place de Sasuke. Il appartient \u00e0 la Racine, une organisation clandestine infiltr\u00e9e dans les services sp\u00e9ciaux ! Mais son accueil est difficile : Sa\u00ef semble incapable de ressentir la moindre \u00e9motion, ce qui a le don d&rsquo;irriter Naruto et Sakura ! Comment se passera leur coop\u00e9ration ?<\/p>\n","protected":false},"excerpt":{"rendered":"<p>Yamato, un membre des services sp\u00e9ciaux, a \u00e9t\u00e9 choisi pour remplacer Kakashi \u00e0 la t\u00eate de son unit\u00e9, le temps de son hospitalisation ! Le jeune Sa\u00ef se joint \u00e9galement \u00e0 l&rsquo;\u00e9quipe, \u00e0 la place de Sasuke. Il appartient \u00e0 la Racine, une organisation clandestine infiltr\u00e9e dans les services sp\u00e9ciaux ! Mais son accueil est difficile : Sa\u00ef semble incapable de ressentir la moindre \u00e9motion, ce qui a le don d&rsquo;irriter Naruto et Sakura ! Comment se passera leur coop\u00e9ration ?<\/p>\n","protected":false},"featured_media":12454,"comment_status":"open","ping_status":"closed","template":"","meta":{"inline_featured_image":false},"product_cat":[203,204,205],"product_tag":[],"class_list":{"0":"post-12453","1":"product","2":"type-product","3":"status-publish","4":"has-post-thumbnail","6":"product_cat-adolescente","7":"product_cat-francais","8":"product_cat-enfant-adolescente-francais","10":"first","11":"instock","12":"shipping-taxable","13":"purchasable","14":"product-type-simple"},"_links":{"self":[{"href":"https:\/\/baralivres.ma\/index.php?rest_route=\/wp\/v2\/product\/12453","targetHints":{"allow":["GET"]}}],"collection":[{"href":"https:\/\/baralivres.ma\/index.php?rest_route=\/wp\/v2\/product"}],"about":[{"href":"https:\/\/baralivres.ma\/index.php?rest_route=\/wp\/v2\/types\/product"}],"replies":[{"embeddable":true,"href":"https:\/\/baralivres.ma\/index.php?rest_route=%2Fwp%2Fv2%2Fcomments&post=12453"}],"version-history":[{"count":1,"href":"https:\/\/baralivres.ma\/index.php?rest_route=\/wp\/v2\/product\/12453\/revisions"}],"predecessor-version":[{"id":12455,"href":"https:\/\/baralivres.ma\/index.php?rest_route=\/wp\/v2\/product\/12453\/revisions\/12455"}],"wp:featuredmedia":[{"embeddable":true,"href":"https:\/\/baralivres.ma\/index.php?rest_route=\/wp\/v2\/media\/12454"}],"wp:attachment":[{"href":"https:\/\/baralivres.ma\/index.php?rest_route=%2Fwp%2Fv2%2Fmedia&parent=12453"}],"wp:term":[{"taxonomy":"product_cat","embeddable":true,"href":"https:\/\/baralivres.ma\/index.php?rest_route=%2Fwp%2Fv2%2Fproduct_cat&post=12453"},{"taxonomy":"product_tag","embeddable":true,"href":"https:\/\/baralivres.ma\/index.php?rest_route=%2Fwp%2Fv2%2Fproduct_tag&post=12453"}],"curies":[{"name":"wp","href":"https:\/\/api.w.org\/{rel}","templated":true}]}}