{"id":12444,"date":"2023-09-08T15:47:40","date_gmt":"2023-09-08T14:47:40","guid":{"rendered":"https:\/\/baralivres.ma\/?post_type=product&#038;p=12444"},"modified":"2023-11-08T09:43:09","modified_gmt":"2023-11-08T08:43:09","slug":"naruto-tome-36","status":"publish","type":"product","link":"https:\/\/baralivres.ma\/?product=naruto-tome-36","title":{"rendered":"Naruto Tome 36"},"content":{"rendered":"<div id=\"resume\" class=\"\n        fp-wide--block\n        fp-wide--block-resume                \"><\/p>\n<div class=\"content\">S&rsquo;\u00e9tant attel\u00e9 \u00e0 acqu\u00e9rir une nouvelle technique de niveau S pour d\u00e9passer le 4e Hokage, Naruto entame la phase finale de son entra\u00eenement&#8230; Entre-temps, l&rsquo;unit\u00e9 d&rsquo;Asuma finit par d\u00e9busquer les hommes d&rsquo;Akatsuki en maraude dans le Pays du Feu. Shikamaru et ses amis passent \u00e0 l&rsquo;attaque, et malgr\u00e9 le bref avantage conf\u00e9r\u00e9 par la surprise, ils se retrouvent tr\u00e8s vite en difficult\u00e9 face aux terrifiants pouvoirs de leurs adversaires&#8230;<\/div>\n<\/div>\n<div id=\"specification\" class=\"\n        fp-wide--block\n        fp-wide--block-specification                \"><\/p>\n<div class=\"fp-wide--block--header\"><\/div>\n<\/div>\n","protected":false},"excerpt":{"rendered":"<div id=\"resume\" class=\"\n        fp-wide--block\n        fp-wide--block-resume                \"><\/p>\n<div class=\"content\">S&rsquo;\u00e9tant attel\u00e9 \u00e0 acqu\u00e9rir une nouvelle technique de niveau S pour d\u00e9passer le 4e Hokage, Naruto entame la phase finale de son entra\u00eenement&#8230; Entre-temps, l&rsquo;unit\u00e9 d&rsquo;Asuma finit par d\u00e9busquer les hommes d&rsquo;Akatsuki en maraude dans le Pays du Feu. Shikamaru et ses amis passent \u00e0 l&rsquo;attaque, et malgr\u00e9 le bref avantage conf\u00e9r\u00e9 par la surprise, ils se retrouvent tr\u00e8s vite en difficult\u00e9 face aux terrifiants pouvoirs de leurs adversaires&#8230;<\/div>\n<\/div>\n<div id=\"specification\" class=\"\n        fp-wide--block\n        fp-wide--block-specification                \"><\/p>\n<div class=\"fp-wide--block--header\"><\/div>\n<\/div>\n","protected":false},"featured_media":12445,"comment_status":"open","ping_status":"closed","template":"","meta":{"inline_featured_image":false},"product_cat":[203,204,205],"product_tag":[],"class_list":{"0":"post-12444","1":"product","2":"type-product","3":"status-publish","4":"has-post-thumbnail","6":"product_cat-adolescente","7":"product_cat-francais","8":"product_cat-enfant-adolescente-francais","10":"first","11":"instock","12":"shipping-taxable","13":"purchasable","14":"product-type-simple"},"_links":{"self":[{"href":"https:\/\/baralivres.ma\/index.php?rest_route=\/wp\/v2\/product\/12444","targetHints":{"allow":["GET"]}}],"collection":[{"href":"https:\/\/baralivres.ma\/index.php?rest_route=\/wp\/v2\/product"}],"about":[{"href":"https:\/\/baralivres.ma\/index.php?rest_route=\/wp\/v2\/types\/product"}],"replies":[{"embeddable":true,"href":"https:\/\/baralivres.ma\/index.php?rest_route=%2Fwp%2Fv2%2Fcomments&post=12444"}],"version-history":[{"count":1,"href":"https:\/\/baralivres.ma\/index.php?rest_route=\/wp\/v2\/product\/12444\/revisions"}],"predecessor-version":[{"id":12446,"href":"https:\/\/baralivres.ma\/index.php?rest_route=\/wp\/v2\/product\/12444\/revisions\/12446"}],"wp:featuredmedia":[{"embeddable":true,"href":"https:\/\/baralivres.ma\/index.php?rest_route=\/wp\/v2\/media\/12445"}],"wp:attachment":[{"href":"https:\/\/baralivres.ma\/index.php?rest_route=%2Fwp%2Fv2%2Fmedia&parent=12444"}],"wp:term":[{"taxonomy":"product_cat","embeddable":true,"href":"https:\/\/baralivres.ma\/index.php?rest_route=%2Fwp%2Fv2%2Fproduct_cat&post=12444"},{"taxonomy":"product_tag","embeddable":true,"href":"https:\/\/baralivres.ma\/index.php?rest_route=%2Fwp%2Fv2%2Fproduct_tag&post=12444"}],"curies":[{"name":"wp","href":"https:\/\/api.w.org\/{rel}","templated":true}]}}