{"id":12419,"date":"2023-09-08T15:33:23","date_gmt":"2023-09-08T14:33:23","guid":{"rendered":"https:\/\/baralivres.ma\/?post_type=product&#038;p=12419"},"modified":"2023-11-08T09:45:36","modified_gmt":"2023-11-08T08:45:36","slug":"naruto-tome-43","status":"publish","type":"product","link":"https:\/\/baralivres.ma\/?product=naruto-tome-43","title":{"rendered":"Naruto Tome 43"},"content":{"rendered":"<div id=\"resume\" class=\"\n        fp-wide--block\n        fp-wide--block-resume                \"><\/p>\n<div class=\"content\">Sasuke a provoqu\u00e9 la \u00ab\u00a0Lumi\u00e8re C\u00e9leste\u00a0\u00bb d&rsquo;Itachi afin de d\u00e9clencher une technique imparable ! Sous un ciel couvert de nuages, Sasuke lance son attaque ! Viendra-t-elle \u00e0 bout de son fr\u00e8re ? ! Trop longtemps retard\u00e9s par Akatsuki, Naruto et ses compagnons sont r\u00e9solus \u00e0 se d\u00e9barrasser de Tobi dans un ultime d\u00e9fi.<\/div>\n<\/div>\n<div id=\"specification\" class=\"\n        fp-wide--block\n        fp-wide--block-specification                \"><\/p>\n<div class=\"fp-wide--block--header\"><\/div>\n<\/div>\n","protected":false},"excerpt":{"rendered":"<div id=\"resume\" class=\"\n        fp-wide--block\n        fp-wide--block-resume                \"><\/p>\n<div class=\"content\">Sasuke a provoqu\u00e9 la \u00ab\u00a0Lumi\u00e8re C\u00e9leste\u00a0\u00bb d&rsquo;Itachi afin de d\u00e9clencher une technique imparable ! Sous un ciel couvert de nuages, Sasuke lance son attaque ! Viendra-t-elle \u00e0 bout de son fr\u00e8re ? ! Trop longtemps retard\u00e9s par Akatsuki, Naruto et ses compagnons sont r\u00e9solus \u00e0 se d\u00e9barrasser de Tobi dans un ultime d\u00e9fi.<\/div>\n<\/div>\n<div id=\"specification\" class=\"\n        fp-wide--block\n        fp-wide--block-specification                \"><\/p>\n<div class=\"fp-wide--block--header\"><\/div>\n<\/div>\n","protected":false},"featured_media":12420,"comment_status":"open","ping_status":"closed","template":"","meta":{"inline_featured_image":false},"product_cat":[203,204,205],"product_tag":[],"class_list":{"0":"post-12419","1":"product","2":"type-product","3":"status-publish","4":"has-post-thumbnail","6":"product_cat-adolescente","7":"product_cat-francais","8":"product_cat-enfant-adolescente-francais","10":"first","11":"instock","12":"shipping-taxable","13":"purchasable","14":"product-type-simple"},"_links":{"self":[{"href":"https:\/\/baralivres.ma\/index.php?rest_route=\/wp\/v2\/product\/12419","targetHints":{"allow":["GET"]}}],"collection":[{"href":"https:\/\/baralivres.ma\/index.php?rest_route=\/wp\/v2\/product"}],"about":[{"href":"https:\/\/baralivres.ma\/index.php?rest_route=\/wp\/v2\/types\/product"}],"replies":[{"embeddable":true,"href":"https:\/\/baralivres.ma\/index.php?rest_route=%2Fwp%2Fv2%2Fcomments&post=12419"}],"version-history":[{"count":1,"href":"https:\/\/baralivres.ma\/index.php?rest_route=\/wp\/v2\/product\/12419\/revisions"}],"predecessor-version":[{"id":12421,"href":"https:\/\/baralivres.ma\/index.php?rest_route=\/wp\/v2\/product\/12419\/revisions\/12421"}],"wp:featuredmedia":[{"embeddable":true,"href":"https:\/\/baralivres.ma\/index.php?rest_route=\/wp\/v2\/media\/12420"}],"wp:attachment":[{"href":"https:\/\/baralivres.ma\/index.php?rest_route=%2Fwp%2Fv2%2Fmedia&parent=12419"}],"wp:term":[{"taxonomy":"product_cat","embeddable":true,"href":"https:\/\/baralivres.ma\/index.php?rest_route=%2Fwp%2Fv2%2Fproduct_cat&post=12419"},{"taxonomy":"product_tag","embeddable":true,"href":"https:\/\/baralivres.ma\/index.php?rest_route=%2Fwp%2Fv2%2Fproduct_tag&post=12419"}],"curies":[{"name":"wp","href":"https:\/\/api.w.org\/{rel}","templated":true}]}}