{"id":12385,"date":"2023-09-07T17:56:25","date_gmt":"2023-09-07T16:56:25","guid":{"rendered":"https:\/\/baralivres.ma\/?post_type=product&#038;p=12385"},"modified":"2023-09-07T17:56:25","modified_gmt":"2023-09-07T16:56:25","slug":"naruto-tome-21","status":"publish","type":"product","link":"https:\/\/baralivres.ma\/?product=naruto-tome-21","title":{"rendered":"Naruto Tome 21"},"content":{"rendered":"<p>Sasuke abandonne ses compagnons et quitte Konoha. A-t-il offert son \u00e2me \u00e0 Orochimaru ? Le nouveau Hokage ordonne \u00e0 Shikamaru, r\u00e9cemment promu ninja de \u00ab\u00a0moyenne classe\u00a0\u00bb, de convoquer Naruto, Neji, Kiba et Ch\u00f4ji pour former un commando. Ces cinq jeunes combattants (et un chien) se lancent donc \u00e0 la poursuite de Sasuke. !<\/p>\n","protected":false},"excerpt":{"rendered":"<p>Sasuke abandonne ses compagnons et quitte Konoha. A-t-il offert son \u00e2me \u00e0 Orochimaru ?<\/p>\n","protected":false},"featured_media":12386,"comment_status":"open","ping_status":"closed","template":"","meta":{"inline_featured_image":false},"product_cat":[203,204,205],"product_tag":[],"class_list":{"0":"post-12385","1":"product","2":"type-product","3":"status-publish","4":"has-post-thumbnail","6":"product_cat-adolescente","7":"product_cat-francais","8":"product_cat-enfant-adolescente-francais","10":"first","11":"instock","12":"shipping-taxable","13":"purchasable","14":"product-type-simple"},"_links":{"self":[{"href":"https:\/\/baralivres.ma\/index.php?rest_route=\/wp\/v2\/product\/12385","targetHints":{"allow":["GET"]}}],"collection":[{"href":"https:\/\/baralivres.ma\/index.php?rest_route=\/wp\/v2\/product"}],"about":[{"href":"https:\/\/baralivres.ma\/index.php?rest_route=\/wp\/v2\/types\/product"}],"replies":[{"embeddable":true,"href":"https:\/\/baralivres.ma\/index.php?rest_route=%2Fwp%2Fv2%2Fcomments&post=12385"}],"version-history":[{"count":1,"href":"https:\/\/baralivres.ma\/index.php?rest_route=\/wp\/v2\/product\/12385\/revisions"}],"predecessor-version":[{"id":12387,"href":"https:\/\/baralivres.ma\/index.php?rest_route=\/wp\/v2\/product\/12385\/revisions\/12387"}],"wp:featuredmedia":[{"embeddable":true,"href":"https:\/\/baralivres.ma\/index.php?rest_route=\/wp\/v2\/media\/12386"}],"wp:attachment":[{"href":"https:\/\/baralivres.ma\/index.php?rest_route=%2Fwp%2Fv2%2Fmedia&parent=12385"}],"wp:term":[{"taxonomy":"product_cat","embeddable":true,"href":"https:\/\/baralivres.ma\/index.php?rest_route=%2Fwp%2Fv2%2Fproduct_cat&post=12385"},{"taxonomy":"product_tag","embeddable":true,"href":"https:\/\/baralivres.ma\/index.php?rest_route=%2Fwp%2Fv2%2Fproduct_tag&post=12385"}],"curies":[{"name":"wp","href":"https:\/\/api.w.org\/{rel}","templated":true}]}}