{"id":12365,"date":"2023-09-07T17:31:00","date_gmt":"2023-09-07T16:31:00","guid":{"rendered":"https:\/\/baralivres.ma\/?post_type=product&#038;p=12365"},"modified":"2024-03-29T15:05:02","modified_gmt":"2024-03-29T14:05:02","slug":"naruto-tome-12","status":"publish","type":"product","link":"https:\/\/baralivres.ma\/?product=naruto-tome-12","title":{"rendered":"Naruto Tome 12"},"content":{"rendered":"<p>R\u00e9cemment, j&rsquo;ai not\u00e9 qu&rsquo;au vid\u00e9oclub on pouvait louer des DVD. Contrairement \u00e0 la VHS, ce support permet de choisir la langue et les sous-titres que l&rsquo;on veut. C&rsquo;est formidable, certes. Mais les bandes-annonces qui pr\u00e9c\u00e8dent le film passent syst\u00e9matiquement \u00e0 la trappe. Et moi, j&rsquo;appr\u00e9cie les bandes-annonces. Snif.. Elles me manqueront.<\/p>\n","protected":false},"excerpt":{"rendered":"<p>En compagnie de Sasuke et de Sakura, Naruto, \u00e9l\u00e8ve \u00e0 l&rsquo;\u00e9cole des ninjas du village cach\u00e9 de Konoma, poursuit son apprentissage. Kakashi les invite \u00e0 passer l&rsquo;examen de s\u00e9lection des ninjas de moyenne classe.<\/p>\n","protected":false},"featured_media":12366,"comment_status":"open","ping_status":"closed","template":"","meta":{"inline_featured_image":false},"product_cat":[203,204,205,3680],"product_tag":[],"class_list":{"0":"post-12365","1":"product","2":"type-product","3":"status-publish","4":"has-post-thumbnail","6":"product_cat-adolescente","7":"product_cat-francais","8":"product_cat-enfant-adolescente-francais","9":"product_cat-naruto","11":"first","12":"instock","13":"shipping-taxable","14":"purchasable","15":"product-type-simple"},"_links":{"self":[{"href":"https:\/\/baralivres.ma\/index.php?rest_route=\/wp\/v2\/product\/12365","targetHints":{"allow":["GET"]}}],"collection":[{"href":"https:\/\/baralivres.ma\/index.php?rest_route=\/wp\/v2\/product"}],"about":[{"href":"https:\/\/baralivres.ma\/index.php?rest_route=\/wp\/v2\/types\/product"}],"replies":[{"embeddable":true,"href":"https:\/\/baralivres.ma\/index.php?rest_route=%2Fwp%2Fv2%2Fcomments&post=12365"}],"version-history":[{"count":1,"href":"https:\/\/baralivres.ma\/index.php?rest_route=\/wp\/v2\/product\/12365\/revisions"}],"predecessor-version":[{"id":12367,"href":"https:\/\/baralivres.ma\/index.php?rest_route=\/wp\/v2\/product\/12365\/revisions\/12367"}],"wp:featuredmedia":[{"embeddable":true,"href":"https:\/\/baralivres.ma\/index.php?rest_route=\/wp\/v2\/media\/12366"}],"wp:attachment":[{"href":"https:\/\/baralivres.ma\/index.php?rest_route=%2Fwp%2Fv2%2Fmedia&parent=12365"}],"wp:term":[{"taxonomy":"product_cat","embeddable":true,"href":"https:\/\/baralivres.ma\/index.php?rest_route=%2Fwp%2Fv2%2Fproduct_cat&post=12365"},{"taxonomy":"product_tag","embeddable":true,"href":"https:\/\/baralivres.ma\/index.php?rest_route=%2Fwp%2Fv2%2Fproduct_tag&post=12365"}],"curies":[{"name":"wp","href":"https:\/\/api.w.org\/{rel}","templated":true}]}}