{"id":12326,"date":"2023-09-06T17:54:06","date_gmt":"2023-09-06T16:54:06","guid":{"rendered":"https:\/\/baralivres.ma\/?post_type=product&#038;p=12326"},"modified":"2024-03-29T16:16:38","modified_gmt":"2024-03-29T15:16:38","slug":"detective-conan-tome-64","status":"publish","type":"product","link":"https:\/\/baralivres.ma\/?product=detective-conan-tome-64","title":{"rendered":"D\u00e9tective Conan Tome 64"},"content":{"rendered":"<p>Kurumi Sh\u00f4do, une riche h\u00e9riti\u00e8re gagne le gros lot \u00e0 la loterie et souhaite offrir son gain au gar\u00e7on qui lui a sauv\u00e9 la vie alors qu&rsquo;elle n&rsquo;\u00e9tait qu&rsquo;une enfant. Malheureusement, l&rsquo;accident lui a \u00f4t\u00e9 la vue et elle est incapable de pouvoir le reconna\u00eetre. Seul indice : l&rsquo;accident aurait laiss\u00e9 au gar\u00e7on une cicatrice lui traversant tout le corps. Deux hommes se pr\u00e9sentent comme le sauveur. La jeune femme fait appel \u00e0 l&rsquo;inspecteur Mouri pour l&rsquo;aider \u00e0 trouver qui est l&rsquo;imposteur et qui ne l&rsquo;est pas.<br \/>\nOu peut-\u00eatre le sait-elle d\u00e9j\u00e0 ?<\/p>\n","protected":false},"excerpt":{"rendered":"<p>Kurumi Sh\u00f4do, une riche h\u00e9riti\u00e8re gagne le gros lot \u00e0 la loterie et souhaite offrir son gain au gar\u00e7on qui lui a sauv\u00e9 la vie alors qu&rsquo;elle n&rsquo;\u00e9tait qu&rsquo;une enfant. Malheureusement, l&rsquo;accident lui a \u00f4t\u00e9 la vue et elle est incapable de pouvoir le reconna\u00eetre. Seul indice : l&rsquo;accident aurait laiss\u00e9 au gar\u00e7on une cicatrice lui traversant tout le corps. Deux hommes se pr\u00e9sentent comme le sauveur. La jeune femme fait appel \u00e0 l&rsquo;inspecteur Mouri pour l&rsquo;aider \u00e0 trouver qui est l&rsquo;imposteur et qui ne l&rsquo;est pas.<br \/>\nOu peut-\u00eatre le sait-elle d\u00e9j\u00e0 ?<\/p>\n","protected":false},"featured_media":12327,"comment_status":"open","ping_status":"closed","template":"","meta":{"inline_featured_image":false},"product_cat":[203,204,205,3683],"product_tag":[],"class_list":{"0":"post-12326","1":"product","2":"type-product","3":"status-publish","4":"has-post-thumbnail","6":"product_cat-adolescente","7":"product_cat-francais","8":"product_cat-enfant-adolescente-francais","9":"product_cat-conan","11":"first","12":"instock","13":"shipping-taxable","14":"purchasable","15":"product-type-simple"},"_links":{"self":[{"href":"https:\/\/baralivres.ma\/index.php?rest_route=\/wp\/v2\/product\/12326","targetHints":{"allow":["GET"]}}],"collection":[{"href":"https:\/\/baralivres.ma\/index.php?rest_route=\/wp\/v2\/product"}],"about":[{"href":"https:\/\/baralivres.ma\/index.php?rest_route=\/wp\/v2\/types\/product"}],"replies":[{"embeddable":true,"href":"https:\/\/baralivres.ma\/index.php?rest_route=%2Fwp%2Fv2%2Fcomments&post=12326"}],"version-history":[{"count":1,"href":"https:\/\/baralivres.ma\/index.php?rest_route=\/wp\/v2\/product\/12326\/revisions"}],"predecessor-version":[{"id":12328,"href":"https:\/\/baralivres.ma\/index.php?rest_route=\/wp\/v2\/product\/12326\/revisions\/12328"}],"wp:featuredmedia":[{"embeddable":true,"href":"https:\/\/baralivres.ma\/index.php?rest_route=\/wp\/v2\/media\/12327"}],"wp:attachment":[{"href":"https:\/\/baralivres.ma\/index.php?rest_route=%2Fwp%2Fv2%2Fmedia&parent=12326"}],"wp:term":[{"taxonomy":"product_cat","embeddable":true,"href":"https:\/\/baralivres.ma\/index.php?rest_route=%2Fwp%2Fv2%2Fproduct_cat&post=12326"},{"taxonomy":"product_tag","embeddable":true,"href":"https:\/\/baralivres.ma\/index.php?rest_route=%2Fwp%2Fv2%2Fproduct_tag&post=12326"}],"curies":[{"name":"wp","href":"https:\/\/api.w.org\/{rel}","templated":true}]}}