{"id":12290,"date":"2023-09-06T17:38:35","date_gmt":"2023-09-06T16:38:35","guid":{"rendered":"https:\/\/baralivres.ma\/?post_type=product&#038;p=12290"},"modified":"2024-03-29T16:16:40","modified_gmt":"2024-03-29T15:16:40","slug":"detective-conan-tome-7","status":"publish","type":"product","link":"https:\/\/baralivres.ma\/?product=detective-conan-tome-7","title":{"rendered":"D\u00e9tective Conan Tome 7"},"content":{"rendered":"<p>Enigmes principales : Invitation sur l&rsquo;Ile du Clair de Lune : une \u00e9nigme sur une mal\u00e9diction autour d&rsquo;un piano. Un jour, Ran, son p\u00e8re et Conan voient d\u00e9barquer au bureau de d\u00e9tective une jeune fille qui dit \u00eatre la petite amie de Shinichi. Ran, qui prend ce mensonge pour argent comptant, s&rsquo;invite chez elle, entra\u00eenant Conan, afin de retrouver Shinichi. Conan d\u00e9couvre alors que derri\u00e8re ces mensonges se cache une tragique histoire : le kidnapping du jeune fr\u00e8re de Hid\u00e9o Akagi, jeune prodige du football.<br \/>\nTous foncent chez le coupable, m\u00eame Ran qui n&rsquo;a pourtant toujours rien compris&#8230; !<\/p>\n","protected":false},"excerpt":{"rendered":"<p>Enigmes principales : Invitation sur l&rsquo;Ile du Clair de Lune : une \u00e9nigme sur une mal\u00e9diction autour d&rsquo;un piano. Un jour, Ran, son p\u00e8re et Conan voient d\u00e9barquer au bureau de d\u00e9tective une jeune fille qui dit \u00eatre la petite amie de Shinichi. Ran, qui prend ce mensonge pour argent comptant, s&rsquo;invite chez elle, entra\u00eenant Conan, afin de retrouver Shinichi. Conan d\u00e9couvre alors que derri\u00e8re ces mensonges se cache une tragique histoire : le kidnapping du jeune fr\u00e8re de Hid\u00e9o Akagi, jeune prodige du football.<br \/>\nTous foncent chez le coupable, m\u00eame Ran qui n&rsquo;a pourtant toujours rien compris&#8230; !<\/p>\n","protected":false},"featured_media":12291,"comment_status":"open","ping_status":"closed","template":"","meta":{"inline_featured_image":false},"product_cat":[203,204,205,3683],"product_tag":[],"class_list":{"0":"post-12290","1":"product","2":"type-product","3":"status-publish","4":"has-post-thumbnail","6":"product_cat-adolescente","7":"product_cat-francais","8":"product_cat-enfant-adolescente-francais","9":"product_cat-conan","11":"first","12":"instock","13":"shipping-taxable","14":"purchasable","15":"product-type-simple"},"_links":{"self":[{"href":"https:\/\/baralivres.ma\/index.php?rest_route=\/wp\/v2\/product\/12290","targetHints":{"allow":["GET"]}}],"collection":[{"href":"https:\/\/baralivres.ma\/index.php?rest_route=\/wp\/v2\/product"}],"about":[{"href":"https:\/\/baralivres.ma\/index.php?rest_route=\/wp\/v2\/types\/product"}],"replies":[{"embeddable":true,"href":"https:\/\/baralivres.ma\/index.php?rest_route=%2Fwp%2Fv2%2Fcomments&post=12290"}],"version-history":[{"count":1,"href":"https:\/\/baralivres.ma\/index.php?rest_route=\/wp\/v2\/product\/12290\/revisions"}],"predecessor-version":[{"id":12292,"href":"https:\/\/baralivres.ma\/index.php?rest_route=\/wp\/v2\/product\/12290\/revisions\/12292"}],"wp:featuredmedia":[{"embeddable":true,"href":"https:\/\/baralivres.ma\/index.php?rest_route=\/wp\/v2\/media\/12291"}],"wp:attachment":[{"href":"https:\/\/baralivres.ma\/index.php?rest_route=%2Fwp%2Fv2%2Fmedia&parent=12290"}],"wp:term":[{"taxonomy":"product_cat","embeddable":true,"href":"https:\/\/baralivres.ma\/index.php?rest_route=%2Fwp%2Fv2%2Fproduct_cat&post=12290"},{"taxonomy":"product_tag","embeddable":true,"href":"https:\/\/baralivres.ma\/index.php?rest_route=%2Fwp%2Fv2%2Fproduct_tag&post=12290"}],"curies":[{"name":"wp","href":"https:\/\/api.w.org\/{rel}","templated":true}]}}