{"id":12275,"date":"2023-09-06T17:32:16","date_gmt":"2023-09-06T16:32:16","guid":{"rendered":"https:\/\/baralivres.ma\/?post_type=product&#038;p=12275"},"modified":"2024-03-29T16:23:00","modified_gmt":"2024-03-29T15:23:00","slug":"detective-conan-tome-85","status":"publish","type":"product","link":"https:\/\/baralivres.ma\/?product=detective-conan-tome-85","title":{"rendered":"D\u00e9tective Conan Tome 85"},"content":{"rendered":"<p>Bourbon continue d&rsquo;enqu\u00eater sur la disparition d&rsquo;Akai, et les r\u00e9v\u00e9lations que l&rsquo;agent Camel a faites accidentellement \u00e0 Vermouth semblent confirmer ses hypoth\u00e8ses. Plus tard, il d\u00e9barque chez Subaru et insinue que ce dernier serait en fait l&rsquo;agent du FBI Shuichi Akai portant un masque. Mais Akai est cens\u00e9 \u00eatre mort. Plus tard, Conan et les d\u00e9tectives Boys croisent le petit ami de Yumi. Ce dernier doit r\u00e9soudre des \u00e9nigmes dans le but de sauver Yumi qui a \u00e9t\u00e9 enlev\u00e9e.<br \/>\nLe temps est compt\u00e9. Apr\u00e8s cela, Conan se rend dans l&rsquo;h\u00f4tel de Sera avec Ran et Sonoko. Alors que le petit groupe d\u00e9couvre la piscine de l&rsquo;h\u00f4tel, une riche h\u00e9riti\u00e8re est retrouv\u00e9e morte dans cette m\u00eame piscine. Une nouvelle enqu\u00eate commence pour Conan et Sera.<\/p>\n","protected":false},"excerpt":{"rendered":"<p>Bourbon continue d&rsquo;enqu\u00eater sur la disparition d&rsquo;Akai, et les r\u00e9v\u00e9lations que l&rsquo;agent Camel a faites accidentellement \u00e0 Vermouth semblent confirmer ses hypoth\u00e8ses. Plus tard, il d\u00e9barque chez Subaru et insinue que ce dernier serait en fait l&rsquo;agent du FBI Shuichi Akai portant un masque. Mais Akai est cens\u00e9 \u00eatre mort. Plus tard, Conan et les d\u00e9tectives Boys croisent le petit ami de Yumi. Ce dernier doit r\u00e9soudre des \u00e9nigmes dans le but de sauver Yumi qui a \u00e9t\u00e9 enlev\u00e9e.<br \/>\nLe temps est compt\u00e9. Apr\u00e8s cela, Conan se rend dans l&rsquo;h\u00f4tel de Sera avec Ran et Sonoko. Alors que le petit groupe d\u00e9couvre la piscine de l&rsquo;h\u00f4tel, une riche h\u00e9riti\u00e8re est retrouv\u00e9e morte dans cette m\u00eame piscine. Une nouvelle enqu\u00eate commence pour Conan et Sera.<\/p>\n","protected":false},"featured_media":12276,"comment_status":"open","ping_status":"closed","template":"","meta":{"inline_featured_image":false},"product_cat":[203,204,205,3683],"product_tag":[],"class_list":{"0":"post-12275","1":"product","2":"type-product","3":"status-publish","4":"has-post-thumbnail","6":"product_cat-adolescente","7":"product_cat-francais","8":"product_cat-enfant-adolescente-francais","9":"product_cat-conan","11":"first","12":"instock","13":"shipping-taxable","14":"purchasable","15":"product-type-simple"},"_links":{"self":[{"href":"https:\/\/baralivres.ma\/index.php?rest_route=\/wp\/v2\/product\/12275","targetHints":{"allow":["GET"]}}],"collection":[{"href":"https:\/\/baralivres.ma\/index.php?rest_route=\/wp\/v2\/product"}],"about":[{"href":"https:\/\/baralivres.ma\/index.php?rest_route=\/wp\/v2\/types\/product"}],"replies":[{"embeddable":true,"href":"https:\/\/baralivres.ma\/index.php?rest_route=%2Fwp%2Fv2%2Fcomments&post=12275"}],"version-history":[{"count":1,"href":"https:\/\/baralivres.ma\/index.php?rest_route=\/wp\/v2\/product\/12275\/revisions"}],"predecessor-version":[{"id":12277,"href":"https:\/\/baralivres.ma\/index.php?rest_route=\/wp\/v2\/product\/12275\/revisions\/12277"}],"wp:featuredmedia":[{"embeddable":true,"href":"https:\/\/baralivres.ma\/index.php?rest_route=\/wp\/v2\/media\/12276"}],"wp:attachment":[{"href":"https:\/\/baralivres.ma\/index.php?rest_route=%2Fwp%2Fv2%2Fmedia&parent=12275"}],"wp:term":[{"taxonomy":"product_cat","embeddable":true,"href":"https:\/\/baralivres.ma\/index.php?rest_route=%2Fwp%2Fv2%2Fproduct_cat&post=12275"},{"taxonomy":"product_tag","embeddable":true,"href":"https:\/\/baralivres.ma\/index.php?rest_route=%2Fwp%2Fv2%2Fproduct_tag&post=12275"}],"curies":[{"name":"wp","href":"https:\/\/api.w.org\/{rel}","templated":true}]}}