{"id":12269,"date":"2023-09-06T17:29:47","date_gmt":"2023-09-06T16:29:47","guid":{"rendered":"https:\/\/baralivres.ma\/?post_type=product&#038;p=12269"},"modified":"2024-03-29T16:16:37","modified_gmt":"2024-03-29T15:16:37","slug":"detective-conan-tome-5","status":"publish","type":"product","link":"https:\/\/baralivres.ma\/?product=detective-conan-tome-5","title":{"rendered":"D\u00e9tective Conan Tome 5"},"content":{"rendered":"<p>La derni\u00e8re enqu\u00eate voit l&rsquo;entr\u00e9e en sc\u00e8ne une femme qui pr\u00e9tend \u00eatre la m\u00e8re de Conan&#8230;<\/p>\n","protected":false},"excerpt":{"rendered":"<p>La derni\u00e8re enqu\u00eate voit l&rsquo;entr\u00e9e en sc\u00e8ne une femme qui pr\u00e9tend \u00eatre la m\u00e8re de Conan&#8230;<\/p>\n","protected":false},"featured_media":12270,"comment_status":"open","ping_status":"closed","template":"","meta":{"inline_featured_image":false},"product_cat":[203,204,205,3683],"product_tag":[],"class_list":{"0":"post-12269","1":"product","2":"type-product","3":"status-publish","4":"has-post-thumbnail","6":"product_cat-adolescente","7":"product_cat-francais","8":"product_cat-enfant-adolescente-francais","9":"product_cat-conan","11":"first","12":"instock","13":"shipping-taxable","14":"purchasable","15":"product-type-simple"},"_links":{"self":[{"href":"https:\/\/baralivres.ma\/index.php?rest_route=\/wp\/v2\/product\/12269","targetHints":{"allow":["GET"]}}],"collection":[{"href":"https:\/\/baralivres.ma\/index.php?rest_route=\/wp\/v2\/product"}],"about":[{"href":"https:\/\/baralivres.ma\/index.php?rest_route=\/wp\/v2\/types\/product"}],"replies":[{"embeddable":true,"href":"https:\/\/baralivres.ma\/index.php?rest_route=%2Fwp%2Fv2%2Fcomments&post=12269"}],"version-history":[{"count":1,"href":"https:\/\/baralivres.ma\/index.php?rest_route=\/wp\/v2\/product\/12269\/revisions"}],"predecessor-version":[{"id":12271,"href":"https:\/\/baralivres.ma\/index.php?rest_route=\/wp\/v2\/product\/12269\/revisions\/12271"}],"wp:featuredmedia":[{"embeddable":true,"href":"https:\/\/baralivres.ma\/index.php?rest_route=\/wp\/v2\/media\/12270"}],"wp:attachment":[{"href":"https:\/\/baralivres.ma\/index.php?rest_route=%2Fwp%2Fv2%2Fmedia&parent=12269"}],"wp:term":[{"taxonomy":"product_cat","embeddable":true,"href":"https:\/\/baralivres.ma\/index.php?rest_route=%2Fwp%2Fv2%2Fproduct_cat&post=12269"},{"taxonomy":"product_tag","embeddable":true,"href":"https:\/\/baralivres.ma\/index.php?rest_route=%2Fwp%2Fv2%2Fproduct_tag&post=12269"}],"curies":[{"name":"wp","href":"https:\/\/api.w.org\/{rel}","templated":true}]}}