{"id":12254,"date":"2023-09-06T17:17:51","date_gmt":"2023-09-06T16:17:51","guid":{"rendered":"https:\/\/baralivres.ma\/?post_type=product&#038;p=12254"},"modified":"2024-03-29T16:23:04","modified_gmt":"2024-03-29T15:23:04","slug":"detective-conan-tome-70","status":"publish","type":"product","link":"https:\/\/baralivres.ma\/?product=detective-conan-tome-70","title":{"rendered":"D\u00e9tective Conan Tome 70"},"content":{"rendered":"<p>Le grand cambrioleur Kaito Kid envoyant un message annon\u00e7ant qu\u2019il veut rendre les tr\u00e9sors du patrimoine de Ry\u00f4ma, c\u2019est du jamais vu ! Et cela cache s\u00fbrement quelque chose, mais quoi&#8230;?! Avant de retrouver Kid pour cette nouvelle affaire, Conan r\u00e9glera d\u2019abord celle du rapt d\u2019enfant. Puis il r\u00e9soudra l\u2019\u00e9nigme du myst\u00e9rieux chien d\u00e9mon !<\/p>\n","protected":false},"excerpt":{"rendered":"<p>Le grand cambrioleur Kaito Kid envoyant un message annon\u00e7ant qu\u2019il veut rendre les tr\u00e9sors du patrimoine de Ry\u00f4ma, c\u2019est du jamais vu ! Et cela cache s\u00fbrement quelque chose, mais quoi&#8230;?! Avant de retrouver Kid pour cette nouvelle affaire, Conan r\u00e9glera d\u2019abord celle du rapt d\u2019enfant. Puis il r\u00e9soudra l\u2019\u00e9nigme du myst\u00e9rieux chien d\u00e9mon !<\/p>\n","protected":false},"featured_media":12255,"comment_status":"open","ping_status":"closed","template":"","meta":{"inline_featured_image":false},"product_cat":[203,204,205,3683],"product_tag":[],"class_list":{"0":"post-12254","1":"product","2":"type-product","3":"status-publish","4":"has-post-thumbnail","6":"product_cat-adolescente","7":"product_cat-francais","8":"product_cat-enfant-adolescente-francais","9":"product_cat-conan","11":"first","12":"instock","13":"shipping-taxable","14":"purchasable","15":"product-type-simple"},"_links":{"self":[{"href":"https:\/\/baralivres.ma\/index.php?rest_route=\/wp\/v2\/product\/12254","targetHints":{"allow":["GET"]}}],"collection":[{"href":"https:\/\/baralivres.ma\/index.php?rest_route=\/wp\/v2\/product"}],"about":[{"href":"https:\/\/baralivres.ma\/index.php?rest_route=\/wp\/v2\/types\/product"}],"replies":[{"embeddable":true,"href":"https:\/\/baralivres.ma\/index.php?rest_route=%2Fwp%2Fv2%2Fcomments&post=12254"}],"version-history":[{"count":1,"href":"https:\/\/baralivres.ma\/index.php?rest_route=\/wp\/v2\/product\/12254\/revisions"}],"predecessor-version":[{"id":12256,"href":"https:\/\/baralivres.ma\/index.php?rest_route=\/wp\/v2\/product\/12254\/revisions\/12256"}],"wp:featuredmedia":[{"embeddable":true,"href":"https:\/\/baralivres.ma\/index.php?rest_route=\/wp\/v2\/media\/12255"}],"wp:attachment":[{"href":"https:\/\/baralivres.ma\/index.php?rest_route=%2Fwp%2Fv2%2Fmedia&parent=12254"}],"wp:term":[{"taxonomy":"product_cat","embeddable":true,"href":"https:\/\/baralivres.ma\/index.php?rest_route=%2Fwp%2Fv2%2Fproduct_cat&post=12254"},{"taxonomy":"product_tag","embeddable":true,"href":"https:\/\/baralivres.ma\/index.php?rest_route=%2Fwp%2Fv2%2Fproduct_tag&post=12254"}],"curies":[{"name":"wp","href":"https:\/\/api.w.org\/{rel}","templated":true}]}}