{"id":12248,"date":"2023-09-06T17:15:22","date_gmt":"2023-09-06T16:15:22","guid":{"rendered":"https:\/\/baralivres.ma\/?post_type=product&#038;p=12248"},"modified":"2024-03-29T16:23:02","modified_gmt":"2024-03-29T15:23:02","slug":"detective-conan-tome-78","status":"publish","type":"product","link":"https:\/\/baralivres.ma\/?product=detective-conan-tome-78","title":{"rendered":"D\u00e9tective Conan Tome 78"},"content":{"rendered":"<p>Conan est invit\u00e9 \u00e0 embarquer pour un voyage d&rsquo;exception \u00e0 bord du \u00ab\u00a0Bell Tree Express\u00a0\u00bb , un vieux train \u00e0 vapeur, dont le terminus est gard\u00e9 secret. Sherry embarque elle aussi \u00e0 bord pour fuir le Kant?. Elle ignore que ce voyage pourrait \u00eatre son dernier. C&rsquo;est sans compter sur la pr\u00e9sence de notre c\u00e9l\u00e8bre d\u00e9tective.<\/p>\n","protected":false},"excerpt":{"rendered":"<p>Conan est invit\u00e9 \u00e0 embarquer pour un voyage d&rsquo;exception \u00e0 bord du \u00ab\u00a0Bell Tree Express\u00a0\u00bb , un vieux train \u00e0 vapeur, dont le terminus est gard\u00e9 secret. Sherry embarque elle aussi \u00e0 bord pour fuir le Kant?. Elle ignore que ce voyage pourrait \u00eatre son dernier. C&rsquo;est sans compter sur la pr\u00e9sence de notre c\u00e9l\u00e8bre d\u00e9tective.<\/p>\n","protected":false},"featured_media":12249,"comment_status":"open","ping_status":"closed","template":"","meta":{"inline_featured_image":false},"product_cat":[203,205,3683],"product_tag":[],"class_list":{"0":"post-12248","1":"product","2":"type-product","3":"status-publish","4":"has-post-thumbnail","6":"product_cat-adolescente","7":"product_cat-enfant-adolescente-francais","8":"product_cat-conan","10":"first","11":"instock","12":"shipping-taxable","13":"purchasable","14":"product-type-simple"},"_links":{"self":[{"href":"https:\/\/baralivres.ma\/index.php?rest_route=\/wp\/v2\/product\/12248","targetHints":{"allow":["GET"]}}],"collection":[{"href":"https:\/\/baralivres.ma\/index.php?rest_route=\/wp\/v2\/product"}],"about":[{"href":"https:\/\/baralivres.ma\/index.php?rest_route=\/wp\/v2\/types\/product"}],"replies":[{"embeddable":true,"href":"https:\/\/baralivres.ma\/index.php?rest_route=%2Fwp%2Fv2%2Fcomments&post=12248"}],"version-history":[{"count":1,"href":"https:\/\/baralivres.ma\/index.php?rest_route=\/wp\/v2\/product\/12248\/revisions"}],"predecessor-version":[{"id":12250,"href":"https:\/\/baralivres.ma\/index.php?rest_route=\/wp\/v2\/product\/12248\/revisions\/12250"}],"wp:featuredmedia":[{"embeddable":true,"href":"https:\/\/baralivres.ma\/index.php?rest_route=\/wp\/v2\/media\/12249"}],"wp:attachment":[{"href":"https:\/\/baralivres.ma\/index.php?rest_route=%2Fwp%2Fv2%2Fmedia&parent=12248"}],"wp:term":[{"taxonomy":"product_cat","embeddable":true,"href":"https:\/\/baralivres.ma\/index.php?rest_route=%2Fwp%2Fv2%2Fproduct_cat&post=12248"},{"taxonomy":"product_tag","embeddable":true,"href":"https:\/\/baralivres.ma\/index.php?rest_route=%2Fwp%2Fv2%2Fproduct_tag&post=12248"}],"curies":[{"name":"wp","href":"https:\/\/api.w.org\/{rel}","templated":true}]}}