{"id":12242,"date":"2023-09-06T17:12:51","date_gmt":"2023-09-06T16:12:51","guid":{"rendered":"https:\/\/baralivres.ma\/?post_type=product&#038;p=12242"},"modified":"2024-03-29T16:16:40","modified_gmt":"2024-03-29T15:16:40","slug":"detective-conan-tome-69","status":"publish","type":"product","link":"https:\/\/baralivres.ma\/?product=detective-conan-tome-69","title":{"rendered":"D\u00e9tective Conan Tome 69"},"content":{"rendered":"<p>Meurtre en chambre close dans un paisible onsen\u2026 Quelle m\u00e9thode le criminel a-t-il employ\u00e9e pour parvenir \u00e0 ses fins ? Conan s\u2019occupe aussi de r\u00e9soudre les affaires du kappa meurtrier, de l\u2019assassinat du jour blanc, et de l\u2019\u00ab Air sur la corde de sol \u00bb qui cache un enl\u00e8vement d\u2019enfant !<\/p>\n","protected":false},"excerpt":{"rendered":"<p>Meurtre en chambre close dans un paisible onsen\u2026 Quelle m\u00e9thode le criminel a-t-il employ\u00e9e pour parvenir \u00e0 ses fins ? Conan s\u2019occupe aussi de r\u00e9soudre les affaires du kappa meurtrier, de l\u2019assassinat du jour blanc, et de l\u2019\u00ab Air sur la corde de sol \u00bb qui cache un enl\u00e8vement d\u2019enfant !<\/p>\n","protected":false},"featured_media":12243,"comment_status":"open","ping_status":"closed","template":"","meta":{"inline_featured_image":false},"product_cat":[203,204,205,3683],"product_tag":[],"class_list":{"0":"post-12242","1":"product","2":"type-product","3":"status-publish","4":"has-post-thumbnail","6":"product_cat-adolescente","7":"product_cat-francais","8":"product_cat-enfant-adolescente-francais","9":"product_cat-conan","11":"first","12":"instock","13":"shipping-taxable","14":"purchasable","15":"product-type-simple"},"_links":{"self":[{"href":"https:\/\/baralivres.ma\/index.php?rest_route=\/wp\/v2\/product\/12242","targetHints":{"allow":["GET"]}}],"collection":[{"href":"https:\/\/baralivres.ma\/index.php?rest_route=\/wp\/v2\/product"}],"about":[{"href":"https:\/\/baralivres.ma\/index.php?rest_route=\/wp\/v2\/types\/product"}],"replies":[{"embeddable":true,"href":"https:\/\/baralivres.ma\/index.php?rest_route=%2Fwp%2Fv2%2Fcomments&post=12242"}],"version-history":[{"count":1,"href":"https:\/\/baralivres.ma\/index.php?rest_route=\/wp\/v2\/product\/12242\/revisions"}],"predecessor-version":[{"id":12244,"href":"https:\/\/baralivres.ma\/index.php?rest_route=\/wp\/v2\/product\/12242\/revisions\/12244"}],"wp:featuredmedia":[{"embeddable":true,"href":"https:\/\/baralivres.ma\/index.php?rest_route=\/wp\/v2\/media\/12243"}],"wp:attachment":[{"href":"https:\/\/baralivres.ma\/index.php?rest_route=%2Fwp%2Fv2%2Fmedia&parent=12242"}],"wp:term":[{"taxonomy":"product_cat","embeddable":true,"href":"https:\/\/baralivres.ma\/index.php?rest_route=%2Fwp%2Fv2%2Fproduct_cat&post=12242"},{"taxonomy":"product_tag","embeddable":true,"href":"https:\/\/baralivres.ma\/index.php?rest_route=%2Fwp%2Fv2%2Fproduct_tag&post=12242"}],"curies":[{"name":"wp","href":"https:\/\/api.w.org\/{rel}","templated":true}]}}