{"id":12236,"date":"2023-09-06T17:09:03","date_gmt":"2023-09-06T16:09:03","guid":{"rendered":"https:\/\/baralivres.ma\/?post_type=product&#038;p=12236"},"modified":"2024-03-29T16:16:39","modified_gmt":"2024-03-29T15:16:39","slug":"detective-conan-tome-66","status":"publish","type":"product","link":"https:\/\/baralivres.ma\/?product=detective-conan-tome-66","title":{"rendered":"D\u00e9tective Conan Tome 66"},"content":{"rendered":"<p>Conan aid\u00e9 par les inspecteurs Yamato et Koumei r\u00e9ussissent finalement \u00e0 r\u00e9soudre l&rsquo;affaire du mur rouge. Notre petit d\u00e9tective n&rsquo;a cependant pas le temps de souffler. Effectivement alors qu&rsquo;il va au cin\u00e9ma avec ses amis, il tombe sur le commissaire Shiratori. Ce dernier, triste que l&rsquo;agent Sato ai choisi l&rsquo;agent Takagi, pense avoir retrouver son premier amour. Malheureusement un crime a lieu et la demoiselle en question appara\u00eet vite comme le premier suspect.<br \/>\nApr\u00e8s cela, Conan part enqu\u00eater avec ses amis sur un entrep\u00f4t asses sp\u00e9cial. Mais cet endroit n&rsquo;est pas le seul \u00e0 \u00eatre bizarre. Ayumi, Genta et Mitshuhiko se montrent \u00eatre aussi surprenant en prenant Conan de vitesse sur l&rsquo;affaire. Ce dernier doit enfin aider Heiji a r\u00e9cup\u00e9rer le talismant de Kazuha qu&rsquo;un jeune homme a emport\u00e9 avec lui par erreur.<\/p>\n","protected":false},"excerpt":{"rendered":"<p>Apr\u00e8s cela, Conan part enqu\u00eater avec ses amis sur un entrep\u00f4t asses sp\u00e9cial. Mais cet endroit n&rsquo;est pas le seul \u00e0 \u00eatre bizarre. Ayumi, Genta et Mitshuhiko se montrent \u00eatre aussi surprenant en prenant Conan de vitesse sur l&rsquo;affaire. Ce dernier doit enfin aider Heiji a r\u00e9cup\u00e9rer le talismant de Kazuha qu&rsquo;un jeune homme a emport\u00e9 avec lui par erreur.<\/p>\n","protected":false},"featured_media":12237,"comment_status":"open","ping_status":"closed","template":"","meta":{"inline_featured_image":false},"product_cat":[203,204,205,3683],"product_tag":[],"class_list":{"0":"post-12236","1":"product","2":"type-product","3":"status-publish","4":"has-post-thumbnail","6":"product_cat-adolescente","7":"product_cat-francais","8":"product_cat-enfant-adolescente-francais","9":"product_cat-conan","11":"first","12":"instock","13":"shipping-taxable","14":"purchasable","15":"product-type-simple"},"_links":{"self":[{"href":"https:\/\/baralivres.ma\/index.php?rest_route=\/wp\/v2\/product\/12236","targetHints":{"allow":["GET"]}}],"collection":[{"href":"https:\/\/baralivres.ma\/index.php?rest_route=\/wp\/v2\/product"}],"about":[{"href":"https:\/\/baralivres.ma\/index.php?rest_route=\/wp\/v2\/types\/product"}],"replies":[{"embeddable":true,"href":"https:\/\/baralivres.ma\/index.php?rest_route=%2Fwp%2Fv2%2Fcomments&post=12236"}],"version-history":[{"count":1,"href":"https:\/\/baralivres.ma\/index.php?rest_route=\/wp\/v2\/product\/12236\/revisions"}],"predecessor-version":[{"id":12238,"href":"https:\/\/baralivres.ma\/index.php?rest_route=\/wp\/v2\/product\/12236\/revisions\/12238"}],"wp:featuredmedia":[{"embeddable":true,"href":"https:\/\/baralivres.ma\/index.php?rest_route=\/wp\/v2\/media\/12237"}],"wp:attachment":[{"href":"https:\/\/baralivres.ma\/index.php?rest_route=%2Fwp%2Fv2%2Fmedia&parent=12236"}],"wp:term":[{"taxonomy":"product_cat","embeddable":true,"href":"https:\/\/baralivres.ma\/index.php?rest_route=%2Fwp%2Fv2%2Fproduct_cat&post=12236"},{"taxonomy":"product_tag","embeddable":true,"href":"https:\/\/baralivres.ma\/index.php?rest_route=%2Fwp%2Fv2%2Fproduct_tag&post=12236"}],"curies":[{"name":"wp","href":"https:\/\/api.w.org\/{rel}","templated":true}]}}