{"id":12214,"date":"2023-09-06T16:47:26","date_gmt":"2023-09-06T15:47:26","guid":{"rendered":"https:\/\/baralivres.ma\/?post_type=product&#038;p=12214"},"modified":"2024-04-03T13:57:22","modified_gmt":"2024-04-03T12:57:22","slug":"assassination-classroom-tome-19","status":"publish","type":"product","link":"https:\/\/baralivres.ma\/?product=assassination-classroom-tome-19","title":{"rendered":"Assassination Classroom Tome 19"},"content":{"rendered":"<div id=\"resume\" class=\"\n        fp-wide--block\n        fp-wide--block-resume                \"><\/p>\n<div class=\"content\">L&rsquo;ultime tentative d&rsquo;assassinat de M. Koro est sur le point d&rsquo;\u00eatre lanc\u00e9e ! Le plan secr\u00e8tement mis en place par le gouvernement d\u00e9passent les fronti\u00e8res du pays. Alors que les choses semblent prendre une tournure inattendue, les \u00e9l\u00e8ves de la classe E vont devoir faire un choix ! !<\/div>\n<\/div>\n<div id=\"specification\" class=\"\n        fp-wide--block\n        fp-wide--block-specification                \"><\/p>\n<div class=\"fp-wide--block--header\"><\/div>\n<\/div>\n","protected":false},"excerpt":{"rendered":"<div id=\"resume\" class=\"\n        fp-wide--block\n        fp-wide--block-resume                \"><\/p>\n<div class=\"content\">L&rsquo;ultime tentative d&rsquo;assassinat de M. Koro est sur le point d&rsquo;\u00eatre lanc\u00e9e ! Le plan secr\u00e8tement mis en place par le gouvernement d\u00e9passent les fronti\u00e8res du pays. Alors que les choses semblent prendre une tournure inattendue, les \u00e9l\u00e8ves de la classe E vont devoir faire un choix ! !<\/div>\n<\/div>\n<div id=\"specification\" class=\"\n        fp-wide--block\n        fp-wide--block-specification                \"><\/p>\n<div class=\"fp-wide--block--header\"><\/div>\n<\/div>\n","protected":false},"featured_media":12215,"comment_status":"open","ping_status":"closed","template":"","meta":{"inline_featured_image":false},"product_cat":[203,204,205,3687],"product_tag":[],"class_list":{"0":"post-12214","1":"product","2":"type-product","3":"status-publish","4":"has-post-thumbnail","6":"product_cat-adolescente","7":"product_cat-francais","8":"product_cat-enfant-adolescente-francais","9":"product_cat-assassination-classroom","11":"first","12":"instock","13":"shipping-taxable","14":"purchasable","15":"product-type-simple"},"_links":{"self":[{"href":"https:\/\/baralivres.ma\/index.php?rest_route=\/wp\/v2\/product\/12214","targetHints":{"allow":["GET"]}}],"collection":[{"href":"https:\/\/baralivres.ma\/index.php?rest_route=\/wp\/v2\/product"}],"about":[{"href":"https:\/\/baralivres.ma\/index.php?rest_route=\/wp\/v2\/types\/product"}],"replies":[{"embeddable":true,"href":"https:\/\/baralivres.ma\/index.php?rest_route=%2Fwp%2Fv2%2Fcomments&post=12214"}],"version-history":[{"count":1,"href":"https:\/\/baralivres.ma\/index.php?rest_route=\/wp\/v2\/product\/12214\/revisions"}],"predecessor-version":[{"id":12216,"href":"https:\/\/baralivres.ma\/index.php?rest_route=\/wp\/v2\/product\/12214\/revisions\/12216"}],"wp:featuredmedia":[{"embeddable":true,"href":"https:\/\/baralivres.ma\/index.php?rest_route=\/wp\/v2\/media\/12215"}],"wp:attachment":[{"href":"https:\/\/baralivres.ma\/index.php?rest_route=%2Fwp%2Fv2%2Fmedia&parent=12214"}],"wp:term":[{"taxonomy":"product_cat","embeddable":true,"href":"https:\/\/baralivres.ma\/index.php?rest_route=%2Fwp%2Fv2%2Fproduct_cat&post=12214"},{"taxonomy":"product_tag","embeddable":true,"href":"https:\/\/baralivres.ma\/index.php?rest_route=%2Fwp%2Fv2%2Fproduct_tag&post=12214"}],"curies":[{"name":"wp","href":"https:\/\/api.w.org\/{rel}","templated":true}]}}