{"id":12193,"date":"2023-09-06T16:37:52","date_gmt":"2023-09-06T15:37:52","guid":{"rendered":"https:\/\/baralivres.ma\/?post_type=product&#038;p=12193"},"modified":"2024-04-03T13:57:19","modified_gmt":"2024-04-03T12:57:19","slug":"assassination-classroom-tome-12","status":"publish","type":"product","link":"https:\/\/baralivres.ma\/?product=assassination-classroom-tome-12","title":{"rendered":"Assassination classroom &#8211; Tome 12"},"content":{"rendered":"<p>Les nouvelles tenues de sport de la classe E poss\u00e8dent d&rsquo;\u00e9tonnantes facult\u00e9s qui vont permettre aux \u00e9l\u00e8ves d&rsquo;\u00e9largir leurs possibilit\u00e9s en mati\u00e8re d&rsquo;assassinat. Mais une ombre inqui\u00e9tante est en train de se rapprocher des \u00e9l\u00e8ves de la classe E&#8230; Le tueur \u00ab\u00a0Shinigami\u00a0\u00bb va passer \u00e0 l&rsquo;action !!<\/p>\n","protected":false},"excerpt":{"rendered":"<p>Les nouvelles tenues de sport de la classe E poss\u00e8dent d&rsquo;\u00e9tonnantes facult\u00e9s qui vont permettre aux \u00e9l\u00e8ves d&rsquo;\u00e9largir leurs possibilit\u00e9s en mati\u00e8re d&rsquo;assassinat. Mais une ombre inqui\u00e9tante est en train de se rapprocher des \u00e9l\u00e8ves de la classe E&#8230; Le tueur \u00ab\u00a0Shinigami\u00a0\u00bb va passer \u00e0 l&rsquo;action !!<\/p>\n","protected":false},"featured_media":12194,"comment_status":"open","ping_status":"closed","template":"","meta":{"inline_featured_image":false},"product_cat":[203,204,205,3687],"product_tag":[],"class_list":{"0":"post-12193","1":"product","2":"type-product","3":"status-publish","4":"has-post-thumbnail","6":"product_cat-adolescente","7":"product_cat-francais","8":"product_cat-enfant-adolescente-francais","9":"product_cat-assassination-classroom","11":"first","12":"instock","13":"shipping-taxable","14":"purchasable","15":"product-type-simple"},"_links":{"self":[{"href":"https:\/\/baralivres.ma\/index.php?rest_route=\/wp\/v2\/product\/12193","targetHints":{"allow":["GET"]}}],"collection":[{"href":"https:\/\/baralivres.ma\/index.php?rest_route=\/wp\/v2\/product"}],"about":[{"href":"https:\/\/baralivres.ma\/index.php?rest_route=\/wp\/v2\/types\/product"}],"replies":[{"embeddable":true,"href":"https:\/\/baralivres.ma\/index.php?rest_route=%2Fwp%2Fv2%2Fcomments&post=12193"}],"version-history":[{"count":1,"href":"https:\/\/baralivres.ma\/index.php?rest_route=\/wp\/v2\/product\/12193\/revisions"}],"predecessor-version":[{"id":12195,"href":"https:\/\/baralivres.ma\/index.php?rest_route=\/wp\/v2\/product\/12193\/revisions\/12195"}],"wp:featuredmedia":[{"embeddable":true,"href":"https:\/\/baralivres.ma\/index.php?rest_route=\/wp\/v2\/media\/12194"}],"wp:attachment":[{"href":"https:\/\/baralivres.ma\/index.php?rest_route=%2Fwp%2Fv2%2Fmedia&parent=12193"}],"wp:term":[{"taxonomy":"product_cat","embeddable":true,"href":"https:\/\/baralivres.ma\/index.php?rest_route=%2Fwp%2Fv2%2Fproduct_cat&post=12193"},{"taxonomy":"product_tag","embeddable":true,"href":"https:\/\/baralivres.ma\/index.php?rest_route=%2Fwp%2Fv2%2Fproduct_tag&post=12193"}],"curies":[{"name":"wp","href":"https:\/\/api.w.org\/{rel}","templated":true}]}}