{"id":12157,"date":"2023-09-06T14:39:59","date_gmt":"2023-09-06T13:39:59","guid":{"rendered":"https:\/\/baralivres.ma\/?post_type=product&#038;p=12157"},"modified":"2023-09-06T14:40:00","modified_gmt":"2023-09-06T13:40:00","slug":"dofus-volume-double-12","status":"publish","type":"product","link":"https:\/\/baralivres.ma\/?product=dofus-volume-double-12","title":{"rendered":"Dofus Volume double 12"},"content":{"rendered":"<p>Dans les profondeurs des myst\u00e9rieuses Cit\u00e9s Gores, Arty et ses amis font face aux portes qui les s\u00e9parent du Dofus \u00e9meraude. Malheureusement, Katar et L\u00e9thaline ont pass\u00e9 un pacte avec Ala Babi, le gardien des Cit\u00e9s Gores, pour se d\u00e9barrasser d&rsquo;eux et r\u00e9cup\u00e9rer les deux Dofus en leur possession. Nos h\u00e9ros vont devoir faire vite, car le Cornu Mollu et son arm\u00e9e de zombies se dirigent vers Amakna, et ils ont la dalle&#8230;<\/p>\n","protected":false},"excerpt":{"rendered":"<p>Dans les profondeurs des myst\u00e9rieuses Cit\u00e9s Gores, Arty et ses amis font face aux portes qui les s\u00e9parent du Dofus \u00e9meraude. Malheureusement, Katar et L\u00e9thaline ont pass\u00e9 un pacte avec Ala Babi, le gardien des Cit\u00e9s Gores, pour se d\u00e9barrasser d&rsquo;eux et r\u00e9cup\u00e9rer les deux Dofus en leur possession. Nos h\u00e9ros vont devoir faire vite, car le Cornu Mollu et son arm\u00e9e de zombies se dirigent vers Amakna, et ils ont la dalle&#8230;<\/p>\n","protected":false},"featured_media":12158,"comment_status":"open","ping_status":"closed","template":"","meta":{"inline_featured_image":false},"product_cat":[203,204,205],"product_tag":[],"class_list":{"0":"post-12157","1":"product","2":"type-product","3":"status-publish","4":"has-post-thumbnail","6":"product_cat-adolescente","7":"product_cat-francais","8":"product_cat-enfant-adolescente-francais","10":"first","11":"instock","12":"shipping-taxable","13":"purchasable","14":"product-type-simple"},"_links":{"self":[{"href":"https:\/\/baralivres.ma\/index.php?rest_route=\/wp\/v2\/product\/12157","targetHints":{"allow":["GET"]}}],"collection":[{"href":"https:\/\/baralivres.ma\/index.php?rest_route=\/wp\/v2\/product"}],"about":[{"href":"https:\/\/baralivres.ma\/index.php?rest_route=\/wp\/v2\/types\/product"}],"replies":[{"embeddable":true,"href":"https:\/\/baralivres.ma\/index.php?rest_route=%2Fwp%2Fv2%2Fcomments&post=12157"}],"version-history":[{"count":1,"href":"https:\/\/baralivres.ma\/index.php?rest_route=\/wp\/v2\/product\/12157\/revisions"}],"predecessor-version":[{"id":12159,"href":"https:\/\/baralivres.ma\/index.php?rest_route=\/wp\/v2\/product\/12157\/revisions\/12159"}],"wp:featuredmedia":[{"embeddable":true,"href":"https:\/\/baralivres.ma\/index.php?rest_route=\/wp\/v2\/media\/12158"}],"wp:attachment":[{"href":"https:\/\/baralivres.ma\/index.php?rest_route=%2Fwp%2Fv2%2Fmedia&parent=12157"}],"wp:term":[{"taxonomy":"product_cat","embeddable":true,"href":"https:\/\/baralivres.ma\/index.php?rest_route=%2Fwp%2Fv2%2Fproduct_cat&post=12157"},{"taxonomy":"product_tag","embeddable":true,"href":"https:\/\/baralivres.ma\/index.php?rest_route=%2Fwp%2Fv2%2Fproduct_tag&post=12157"}],"curies":[{"name":"wp","href":"https:\/\/api.w.org\/{rel}","templated":true}]}}