{"id":12074,"date":"2023-09-02T13:52:19","date_gmt":"2023-09-02T12:52:19","guid":{"rendered":"https:\/\/baralivres.ma\/?post_type=product&#038;p=12074"},"modified":"2023-09-02T13:52:19","modified_gmt":"2023-09-02T12:52:19","slug":"vinland-saga-tome-5","status":"publish","type":"product","link":"https:\/\/baralivres.ma\/?product=vinland-saga-tome-5","title":{"rendered":"Vinland Saga &#8211; tome 5"},"content":{"rendered":"<p>Suivez les aventures de Thorfin, jeune Viking embarqu\u00e9 malgr\u00e9 lui avec une bande de mercenaires sans piti\u00e9.<\/p>\n<p>Angleterre 1013. Avec l&rsquo;hiver qui s&rsquo;installe et la neige qui rend les routes impraticables, l&rsquo;arm\u00e9e de Knut est contrainte de s&rsquo;\u00e9tablir dans un petit village anglais jusqu&rsquo;au printemps. Histoire de s&rsquo;assurer que leur position resterait secr\u00e8te, Askeladd n&rsquo;a pas h\u00e9sit\u00e9 \u00e0 faire massacrer tous les villageois, hommes, femmes et enfants. Askeladd ne reste pas inactif. Il a un r\u00eave, et pour l&rsquo;accomplir, il doit trouver un moyen de transformer le prince Knut en chef de guerre impitoyable&#8230;<\/p>\n","protected":false},"excerpt":{"rendered":"<p>Suivez les aventures de Thorfin, jeune Viking embarqu\u00e9 malgr\u00e9 lui avec une bande de mercenaires sans piti\u00e9.<\/p>\n<p>Angleterre 1013. Avec l&rsquo;hiver qui s&rsquo;installe et la neige qui rend les routes impraticables, l&rsquo;arm\u00e9e de Knut est contrainte de s&rsquo;\u00e9tablir dans un petit village anglais jusqu&rsquo;au printemps. Histoire de s&rsquo;assurer que leur position resterait secr\u00e8te, Askeladd n&rsquo;a pas h\u00e9sit\u00e9 \u00e0 faire massacrer tous les villageois, hommes, femmes et enfants. Askeladd ne res<\/p>\n","protected":false},"featured_media":12076,"comment_status":"open","ping_status":"closed","template":"","meta":{"inline_featured_image":false},"product_cat":[203,204,205],"product_tag":[],"class_list":{"0":"post-12074","1":"product","2":"type-product","3":"status-publish","4":"has-post-thumbnail","6":"product_cat-adolescente","7":"product_cat-francais","8":"product_cat-enfant-adolescente-francais","10":"first","11":"instock","12":"shipping-taxable","13":"purchasable","14":"product-type-simple"},"_links":{"self":[{"href":"https:\/\/baralivres.ma\/index.php?rest_route=\/wp\/v2\/product\/12074","targetHints":{"allow":["GET"]}}],"collection":[{"href":"https:\/\/baralivres.ma\/index.php?rest_route=\/wp\/v2\/product"}],"about":[{"href":"https:\/\/baralivres.ma\/index.php?rest_route=\/wp\/v2\/types\/product"}],"replies":[{"embeddable":true,"href":"https:\/\/baralivres.ma\/index.php?rest_route=%2Fwp%2Fv2%2Fcomments&post=12074"}],"version-history":[{"count":1,"href":"https:\/\/baralivres.ma\/index.php?rest_route=\/wp\/v2\/product\/12074\/revisions"}],"predecessor-version":[{"id":12077,"href":"https:\/\/baralivres.ma\/index.php?rest_route=\/wp\/v2\/product\/12074\/revisions\/12077"}],"wp:featuredmedia":[{"embeddable":true,"href":"https:\/\/baralivres.ma\/index.php?rest_route=\/wp\/v2\/media\/12076"}],"wp:attachment":[{"href":"https:\/\/baralivres.ma\/index.php?rest_route=%2Fwp%2Fv2%2Fmedia&parent=12074"}],"wp:term":[{"taxonomy":"product_cat","embeddable":true,"href":"https:\/\/baralivres.ma\/index.php?rest_route=%2Fwp%2Fv2%2Fproduct_cat&post=12074"},{"taxonomy":"product_tag","embeddable":true,"href":"https:\/\/baralivres.ma\/index.php?rest_route=%2Fwp%2Fv2%2Fproduct_tag&post=12074"}],"curies":[{"name":"wp","href":"https:\/\/api.w.org\/{rel}","templated":true}]}}