{"id":12025,"date":"2023-09-02T13:27:17","date_gmt":"2023-09-02T12:27:17","guid":{"rendered":"https:\/\/baralivres.ma\/?post_type=product&#038;p=12025"},"modified":"2023-09-02T13:27:17","modified_gmt":"2023-09-02T12:27:17","slug":"les-heros-de-la-galaxie-tome-2","status":"publish","type":"product","link":"https:\/\/baralivres.ma\/?product=les-heros-de-la-galaxie-tome-2","title":{"rendered":"Les h\u00e9ros de la galaxie Tome 2"},"content":{"rendered":"<p>Apr\u00e8s s&rsquo;\u00eatre port\u00e9s volontaires pour servir en premi\u00e8re ligne, Reinhard et Kircheis se retrouvent aux confis de l&rsquo;Empire, sur la plan\u00e8te glac\u00e9e Kapche-Lanka. L\u00e0, ils seront t\u00e9moins de la corruption qui r\u00e8gne au sein de l&rsquo;arm\u00e9e imp\u00e9riale. Bien que r\u00e9volt\u00e9 par cette situation, Reinhard accepte pourtant sa premi\u00e8re mission de guerre. Du cot\u00e9 de l&rsquo;Alliance es Plan\u00e8tes Libres, Yang Wen-li devient le p\u00e8re adoptif de Julian Mintz, futur leader de la d\u00e9mocratie.<br \/>\nMais au m\u00eame moment, l&rsquo;Alliance entreprend de planifier une op\u00e9ration visant \u00e0 capturer la forteresse d&rsquo;Iserlohn, une forteresse spatiale imp\u00e9riale r\u00e9put\u00e9e imprenable.<\/p>\n","protected":false},"excerpt":{"rendered":"<p>pr\u00e8s s&rsquo;\u00eatre port\u00e9s volontaires pour servir en premi\u00e8re ligne, Reinhard et Kircheis se retrouvent aux confis de l&rsquo;Empire, sur la plan\u00e8te glac\u00e9e Kapche-Lanka. L\u00e0, ils seront t\u00e9moins de la corruption qui r\u00e8gne au sein de l&rsquo;arm\u00e9e imp\u00e9riale. Bien que r\u00e9volt\u00e9 par cette situation, Reinhard accepte pourtant sa premi\u00e8re mission de guerre. Du cot\u00e9 de l&rsquo;Alliance es Plan\u00e8tes Libres, Yang Wen-li devient le p\u00e8re adoptif de Julian Mintz, futur leader de la d\u00e9mocratie.<br \/>\nMais au m\u00eame moment, l&rsquo;Alliance entreprend de planifier une op\u00e9ration visant \u00e0 capturer la forteresse d&rsquo;Iserlohn, une forteresse spatiale imp\u00e9riale r\u00e9put\u00e9e imprenable.<\/p>\n","protected":false},"featured_media":12026,"comment_status":"open","ping_status":"closed","template":"","meta":{"inline_featured_image":false},"product_cat":[203,205],"product_tag":[],"class_list":{"0":"post-12025","1":"product","2":"type-product","3":"status-publish","4":"has-post-thumbnail","6":"product_cat-adolescente","7":"product_cat-enfant-adolescente-francais","9":"first","10":"instock","11":"shipping-taxable","12":"purchasable","13":"product-type-simple"},"_links":{"self":[{"href":"https:\/\/baralivres.ma\/index.php?rest_route=\/wp\/v2\/product\/12025","targetHints":{"allow":["GET"]}}],"collection":[{"href":"https:\/\/baralivres.ma\/index.php?rest_route=\/wp\/v2\/product"}],"about":[{"href":"https:\/\/baralivres.ma\/index.php?rest_route=\/wp\/v2\/types\/product"}],"replies":[{"embeddable":true,"href":"https:\/\/baralivres.ma\/index.php?rest_route=%2Fwp%2Fv2%2Fcomments&post=12025"}],"version-history":[{"count":1,"href":"https:\/\/baralivres.ma\/index.php?rest_route=\/wp\/v2\/product\/12025\/revisions"}],"predecessor-version":[{"id":12027,"href":"https:\/\/baralivres.ma\/index.php?rest_route=\/wp\/v2\/product\/12025\/revisions\/12027"}],"wp:featuredmedia":[{"embeddable":true,"href":"https:\/\/baralivres.ma\/index.php?rest_route=\/wp\/v2\/media\/12026"}],"wp:attachment":[{"href":"https:\/\/baralivres.ma\/index.php?rest_route=%2Fwp%2Fv2%2Fmedia&parent=12025"}],"wp:term":[{"taxonomy":"product_cat","embeddable":true,"href":"https:\/\/baralivres.ma\/index.php?rest_route=%2Fwp%2Fv2%2Fproduct_cat&post=12025"},{"taxonomy":"product_tag","embeddable":true,"href":"https:\/\/baralivres.ma\/index.php?rest_route=%2Fwp%2Fv2%2Fproduct_tag&post=12025"}],"curies":[{"name":"wp","href":"https:\/\/api.w.org\/{rel}","templated":true}]}}