{"id":11998,"date":"2023-09-02T12:59:59","date_gmt":"2023-09-02T11:59:59","guid":{"rendered":"https:\/\/baralivres.ma\/?post_type=product&#038;p=11998"},"modified":"2023-09-02T13:00:00","modified_gmt":"2023-09-02T12:00:00","slug":"gamaran-tome-3","status":"publish","type":"product","link":"https:\/\/baralivres.ma\/?product=gamaran-tome-3","title":{"rendered":"Gamaran Tome 3"},"content":{"rendered":"<p>Le grand tournoi Unabara se poursuit. Gama Kurogane, victorieux par deux fois dans la premi\u00e8re manche, encha\u00eene seul et avec brio les combats \u00e0 mort. Non remis de ses blessures, il se heurte \u00e0 l&rsquo;\u00e9cole de taijitsu Ky\u00f4sen, dont les techniques d\u00e9truisent les organes. Comment r\u00e9agira-t-il face aux fr\u00e8res Daimaru, pr\u00eats \u00e0 tout pour la victoire ? !<\/p>\n","protected":false},"excerpt":{"rendered":"<p>Le grand tournoi Unabara se poursuit. Gama Kurogane, victorieux par deux fois dans la premi\u00e8re manche, encha\u00eene seul et avec brio les combats \u00e0 mort. Non remis de ses blessures, il se heurte \u00e0 l&rsquo;\u00e9cole de taijitsu Ky\u00f4sen, dont les techniques d\u00e9truisent les organes. Comment r\u00e9agira-t-il face aux fr\u00e8res Daimaru, pr\u00eats \u00e0 tout pour la victoire ? !<\/p>\n","protected":false},"featured_media":11999,"comment_status":"open","ping_status":"closed","template":"","meta":{"inline_featured_image":false},"product_cat":[203,204,205],"product_tag":[],"class_list":{"0":"post-11998","1":"product","2":"type-product","3":"status-publish","4":"has-post-thumbnail","6":"product_cat-adolescente","7":"product_cat-francais","8":"product_cat-enfant-adolescente-francais","10":"first","11":"instock","12":"shipping-taxable","13":"purchasable","14":"product-type-simple"},"_links":{"self":[{"href":"https:\/\/baralivres.ma\/index.php?rest_route=\/wp\/v2\/product\/11998","targetHints":{"allow":["GET"]}}],"collection":[{"href":"https:\/\/baralivres.ma\/index.php?rest_route=\/wp\/v2\/product"}],"about":[{"href":"https:\/\/baralivres.ma\/index.php?rest_route=\/wp\/v2\/types\/product"}],"replies":[{"embeddable":true,"href":"https:\/\/baralivres.ma\/index.php?rest_route=%2Fwp%2Fv2%2Fcomments&post=11998"}],"version-history":[{"count":1,"href":"https:\/\/baralivres.ma\/index.php?rest_route=\/wp\/v2\/product\/11998\/revisions"}],"predecessor-version":[{"id":12000,"href":"https:\/\/baralivres.ma\/index.php?rest_route=\/wp\/v2\/product\/11998\/revisions\/12000"}],"wp:featuredmedia":[{"embeddable":true,"href":"https:\/\/baralivres.ma\/index.php?rest_route=\/wp\/v2\/media\/11999"}],"wp:attachment":[{"href":"https:\/\/baralivres.ma\/index.php?rest_route=%2Fwp%2Fv2%2Fmedia&parent=11998"}],"wp:term":[{"taxonomy":"product_cat","embeddable":true,"href":"https:\/\/baralivres.ma\/index.php?rest_route=%2Fwp%2Fv2%2Fproduct_cat&post=11998"},{"taxonomy":"product_tag","embeddable":true,"href":"https:\/\/baralivres.ma\/index.php?rest_route=%2Fwp%2Fv2%2Fproduct_tag&post=11998"}],"curies":[{"name":"wp","href":"https:\/\/api.w.org\/{rel}","templated":true}]}}