{"id":11983,"date":"2023-09-02T12:49:36","date_gmt":"2023-09-02T11:49:36","guid":{"rendered":"https:\/\/baralivres.ma\/?post_type=product&#038;p=11983"},"modified":"2023-09-02T12:49:36","modified_gmt":"2023-09-02T11:49:36","slug":"my-hero-academia-tome-1","status":"publish","type":"product","link":"https:\/\/baralivres.ma\/?product=my-hero-academia-tome-1","title":{"rendered":"My Hero Academia Tome 1"},"content":{"rendered":"<p>La parodie survolt\u00e9e de My Hero Academia ! Et si All Might ne perdait pas de kilos en m\u00eame temps que sa force, mais&#8230; en gagnait ? Et si Izuku devenait accro aux achats en ligne dans sa qu\u00eate de puissance ? Et si Katsuki \u00e9tait fait pour \u00eatre baby-sitter sans le savoir ? Toutes les situations les plus improbables que vous ayez jamais imagin\u00e9es en lisant My Hero Academia rassembl\u00e9es dans une s\u00e9rie de gags plus fous les uns que les autres ! Retrouvez tous les personnages du manga ph\u00e9nom\u00e8ne dans un recueil d&rsquo;histoires courtes \u00e0 l&rsquo;humour d\u00e9jant\u00e9 ! Sans tabou ni limites, cette parodie plus ultra vous fera d\u00e9couvrir vos h\u00e9ros sous un nouveau jour !<\/p>\n","protected":false},"excerpt":{"rendered":"<p>La parodie survolt\u00e9e de My Hero Academia ! Et si All Might ne perdait pas de kilos en m\u00eame temps que sa force, mais&#8230; en gagnait ? Et si Izuku devenait accro aux achats en ligne dans sa qu\u00eate de puissance ? Et si Katsuki \u00e9tait fait pour \u00eatre baby-sitter sans le savoir ? Toutes les situations les plus improbables que vous ayez jamais imagin\u00e9es en lisant My Hero Academia rassembl\u00e9es dans une s\u00e9rie de gags plus fous les uns que les autres ! Retrouvez tous les personnages du manga ph\u00e9nom\u00e8ne dans un recueil d&rsquo;histoires courtes \u00e0 l&rsquo;humour d\u00e9jant\u00e9 ! Sans tabou ni limites, cette parodie plus ultra vous fera d\u00e9couvrir vos h\u00e9ros sous un nouveau jour !<\/p>\n","protected":false},"featured_media":11984,"comment_status":"open","ping_status":"closed","template":"","meta":{"inline_featured_image":false},"product_cat":[203,204,205],"product_tag":[],"class_list":{"0":"post-11983","1":"product","2":"type-product","3":"status-publish","4":"has-post-thumbnail","6":"product_cat-adolescente","7":"product_cat-francais","8":"product_cat-enfant-adolescente-francais","10":"first","11":"instock","12":"shipping-taxable","13":"purchasable","14":"product-type-simple"},"_links":{"self":[{"href":"https:\/\/baralivres.ma\/index.php?rest_route=\/wp\/v2\/product\/11983","targetHints":{"allow":["GET"]}}],"collection":[{"href":"https:\/\/baralivres.ma\/index.php?rest_route=\/wp\/v2\/product"}],"about":[{"href":"https:\/\/baralivres.ma\/index.php?rest_route=\/wp\/v2\/types\/product"}],"replies":[{"embeddable":true,"href":"https:\/\/baralivres.ma\/index.php?rest_route=%2Fwp%2Fv2%2Fcomments&post=11983"}],"version-history":[{"count":1,"href":"https:\/\/baralivres.ma\/index.php?rest_route=\/wp\/v2\/product\/11983\/revisions"}],"predecessor-version":[{"id":11985,"href":"https:\/\/baralivres.ma\/index.php?rest_route=\/wp\/v2\/product\/11983\/revisions\/11985"}],"wp:featuredmedia":[{"embeddable":true,"href":"https:\/\/baralivres.ma\/index.php?rest_route=\/wp\/v2\/media\/11984"}],"wp:attachment":[{"href":"https:\/\/baralivres.ma\/index.php?rest_route=%2Fwp%2Fv2%2Fmedia&parent=11983"}],"wp:term":[{"taxonomy":"product_cat","embeddable":true,"href":"https:\/\/baralivres.ma\/index.php?rest_route=%2Fwp%2Fv2%2Fproduct_cat&post=11983"},{"taxonomy":"product_tag","embeddable":true,"href":"https:\/\/baralivres.ma\/index.php?rest_route=%2Fwp%2Fv2%2Fproduct_tag&post=11983"}],"curies":[{"name":"wp","href":"https:\/\/api.w.org\/{rel}","templated":true}]}}