{"id":11956,"date":"2023-09-02T12:34:22","date_gmt":"2023-09-02T11:34:22","guid":{"rendered":"https:\/\/baralivres.ma\/?post_type=product&#038;p=11956"},"modified":"2023-09-02T12:34:22","modified_gmt":"2023-09-02T11:34:22","slug":"fullmetal-alchemist-tomes-26-27","status":"publish","type":"product","link":"https:\/\/baralivres.ma\/?product=fullmetal-alchemist-tomes-26-27","title":{"rendered":"Fullmetal Alchemist Tomes 26-27"},"content":{"rendered":"<p>Les hostilit\u00e9s sont engag\u00e9es \u00e0 Central City\u00a0! Les troupes de Briggs sont lanc\u00e9es dans une lutte sans merci pour le contr\u00f4le du quartier g\u00e9n\u00e9ral alors qu&rsquo;Edward Elric et le colonel Mustang s&rsquo;enfoncent de plus en plus profond\u00e9ment dans le rep\u00e8re du myst\u00e9rieux P\u00e8re. Le combat est loin d&rsquo;\u00eatre gagn\u00e9 car les Homonculus sont pr\u00eats \u00e0 tout sacrifier pour mener \u00e0 bien leur terrible plan. Apr\u00e8s tant de combats, de joie et de larmes, le jour promis est enfin arriv\u00e9.<br \/>\nAlors qu&rsquo;ils jettent leurs derni\u00e8res forces dans la bataille, Edward, Alphonse et leur ma\u00eetre Izumi Curtis sont rattrap\u00e9s par leur destin. Ayant transgress\u00e9 le tabou absolu de l&rsquo;alchimie en tentant de faire revivre un \u00eatre disparu, ils vont devoir assumer leurs erreurs pass\u00e9es et faire face au plus terrifiant des adversaires.<\/p>\n","protected":false},"excerpt":{"rendered":"<p>Les hostilit\u00e9s sont engag\u00e9es \u00e0 Central City\u00a0! Les troupes de Briggs sont lanc\u00e9es dans une lutte sans merci pour le contr\u00f4le du quartier g\u00e9n\u00e9ral alors qu&rsquo;Edward Elric et le colonel Mustang s&rsquo;enfoncent de plus en plus profond\u00e9ment dans le rep\u00e8re du myst\u00e9rieux P\u00e8re. Le combat est loin d&rsquo;\u00eatre gagn\u00e9 car les Homonculus sont pr\u00eats \u00e0 tout sacrifier pour mener \u00e0 bien leur terrible plan. Apr\u00e8s tant de combats, de joie et de larmes, le jour promis est enfin arriv\u00e9.<br \/>\nAlors qu&rsquo;ils jettent leurs derni\u00e8res forces dans la bataille, Edward, Alphonse et leur ma\u00eetre Izumi Curtis sont rattrap\u00e9s par leur destin. Ayant transgress\u00e9 le tabou absolu de l&rsquo;alchimie en tentant de faire revivre un \u00eatre disparu, ils vont devoir assumer leurs erreurs pass\u00e9es et faire face au plus terrifiant des adversaires.<\/p>\n","protected":false},"featured_media":11957,"comment_status":"open","ping_status":"closed","template":"","meta":{"inline_featured_image":false},"product_cat":[203,204,205],"product_tag":[],"class_list":{"0":"post-11956","1":"product","2":"type-product","3":"status-publish","4":"has-post-thumbnail","6":"product_cat-adolescente","7":"product_cat-francais","8":"product_cat-enfant-adolescente-francais","10":"first","11":"instock","12":"shipping-taxable","13":"purchasable","14":"product-type-simple"},"_links":{"self":[{"href":"https:\/\/baralivres.ma\/index.php?rest_route=\/wp\/v2\/product\/11956","targetHints":{"allow":["GET"]}}],"collection":[{"href":"https:\/\/baralivres.ma\/index.php?rest_route=\/wp\/v2\/product"}],"about":[{"href":"https:\/\/baralivres.ma\/index.php?rest_route=\/wp\/v2\/types\/product"}],"replies":[{"embeddable":true,"href":"https:\/\/baralivres.ma\/index.php?rest_route=%2Fwp%2Fv2%2Fcomments&post=11956"}],"version-history":[{"count":1,"href":"https:\/\/baralivres.ma\/index.php?rest_route=\/wp\/v2\/product\/11956\/revisions"}],"predecessor-version":[{"id":11958,"href":"https:\/\/baralivres.ma\/index.php?rest_route=\/wp\/v2\/product\/11956\/revisions\/11958"}],"wp:featuredmedia":[{"embeddable":true,"href":"https:\/\/baralivres.ma\/index.php?rest_route=\/wp\/v2\/media\/11957"}],"wp:attachment":[{"href":"https:\/\/baralivres.ma\/index.php?rest_route=%2Fwp%2Fv2%2Fmedia&parent=11956"}],"wp:term":[{"taxonomy":"product_cat","embeddable":true,"href":"https:\/\/baralivres.ma\/index.php?rest_route=%2Fwp%2Fv2%2Fproduct_cat&post=11956"},{"taxonomy":"product_tag","embeddable":true,"href":"https:\/\/baralivres.ma\/index.php?rest_route=%2Fwp%2Fv2%2Fproduct_tag&post=11956"}],"curies":[{"name":"wp","href":"https:\/\/api.w.org\/{rel}","templated":true}]}}