{"id":11905,"date":"2023-09-02T12:03:32","date_gmt":"2023-09-02T11:03:32","guid":{"rendered":"https:\/\/baralivres.ma\/?post_type=product&#038;p=11905"},"modified":"2023-09-02T12:03:33","modified_gmt":"2023-09-02T11:03:33","slug":"pokemon-diamant-et-perle-la-grande-aventure-tome-4","status":"publish","type":"product","link":"https:\/\/baralivres.ma\/?product=pokemon-diamant-et-perle-la-grande-aventure-tome-4","title":{"rendered":"Pok\u00e9mon Diamant et Perle &#8211; La grande aventure Tome 4"},"content":{"rendered":"<p>La Team Galaxie est sur le point de mettre son terrible plan \u00e0 ex\u00e9cution. Diamant, Perle et Platine se sont s\u00e9par\u00e9s pour prot\u00e9ger les 3 lacs de la r\u00e9gion de Sinnoh. Arriveront-ils \u00e0 sauver les Pok\u00e9mon l\u00e9gendaires qui y r\u00e9sident avant l&rsquo;explosion de la bombe galactique ! ?<\/p>\n","protected":false},"excerpt":{"rendered":"<p>La Team Galaxie est sur le point de mettre son terrible plan \u00e0 ex\u00e9cution. Diamant, Perle et Platine se sont s\u00e9par\u00e9s pour prot\u00e9ger les 3 lacs de la r\u00e9gion de Sinnoh. Arriveront-ils \u00e0 sauver les Pok\u00e9mon l\u00e9gendaires qui y r\u00e9sident avant l&rsquo;explosion de la bombe galactique ! ?<\/p>\n","protected":false},"featured_media":11906,"comment_status":"open","ping_status":"closed","template":"","meta":{"inline_featured_image":false},"product_cat":[203,204,205],"product_tag":[],"class_list":{"0":"post-11905","1":"product","2":"type-product","3":"status-publish","4":"has-post-thumbnail","6":"product_cat-adolescente","7":"product_cat-francais","8":"product_cat-enfant-adolescente-francais","10":"first","11":"instock","12":"shipping-taxable","13":"purchasable","14":"product-type-simple"},"_links":{"self":[{"href":"https:\/\/baralivres.ma\/index.php?rest_route=\/wp\/v2\/product\/11905","targetHints":{"allow":["GET"]}}],"collection":[{"href":"https:\/\/baralivres.ma\/index.php?rest_route=\/wp\/v2\/product"}],"about":[{"href":"https:\/\/baralivres.ma\/index.php?rest_route=\/wp\/v2\/types\/product"}],"replies":[{"embeddable":true,"href":"https:\/\/baralivres.ma\/index.php?rest_route=%2Fwp%2Fv2%2Fcomments&post=11905"}],"version-history":[{"count":1,"href":"https:\/\/baralivres.ma\/index.php?rest_route=\/wp\/v2\/product\/11905\/revisions"}],"predecessor-version":[{"id":11907,"href":"https:\/\/baralivres.ma\/index.php?rest_route=\/wp\/v2\/product\/11905\/revisions\/11907"}],"wp:featuredmedia":[{"embeddable":true,"href":"https:\/\/baralivres.ma\/index.php?rest_route=\/wp\/v2\/media\/11906"}],"wp:attachment":[{"href":"https:\/\/baralivres.ma\/index.php?rest_route=%2Fwp%2Fv2%2Fmedia&parent=11905"}],"wp:term":[{"taxonomy":"product_cat","embeddable":true,"href":"https:\/\/baralivres.ma\/index.php?rest_route=%2Fwp%2Fv2%2Fproduct_cat&post=11905"},{"taxonomy":"product_tag","embeddable":true,"href":"https:\/\/baralivres.ma\/index.php?rest_route=%2Fwp%2Fv2%2Fproduct_tag&post=11905"}],"curies":[{"name":"wp","href":"https:\/\/api.w.org\/{rel}","templated":true}]}}