{"id":11849,"date":"2023-09-02T11:30:23","date_gmt":"2023-09-02T10:30:23","guid":{"rendered":"https:\/\/baralivres.ma\/?post_type=product&#038;p=11849"},"modified":"2023-09-02T11:30:24","modified_gmt":"2023-09-02T10:30:24","slug":"ki-et-hi-tome-5","status":"publish","type":"product","link":"https:\/\/baralivres.ma\/?product=ki-et-hi-tome-5","title":{"rendered":"Ki et Hi Tome 5"},"content":{"rendered":"<p>Ki et Hi ont rejoint l&rsquo;\u00eele Eternelle, mais s&rsquo;ils veulent sauver Mamie Dang, ils devront avant tout retrouver la derni\u00e8re perle divine ! Sur Terre, les Barkiens sont pass\u00e9s \u00e0 l&rsquo;attaque, et seule Mi semble pouvoir se dresser sur leur chemin \u00e0 l&rsquo;aide de ses redoutables inventions. Une seule chose est s\u00fbre : le Royaume Panda n&rsquo;a jamais \u00e9t\u00e9 aussi proche de la chute, et il n&rsquo;est pas garanti que nos deux h\u00e9ros pr\u00e9f\u00e9r\u00e9s survivent&#8230;<\/p>\n","protected":false},"excerpt":{"rendered":"<p>Ki et Hi ont rejoint l&rsquo;\u00eele Eternelle, mais s&rsquo;ils veulent sauver Mamie Dang, ils devront avant tout retrouver la derni\u00e8re perle divine ! Sur Terre, les Barkiens sont pass\u00e9s \u00e0 l&rsquo;attaque, et seule Mi semble pouvoir se dresser sur leur chemin \u00e0 l&rsquo;aide de ses redoutables inventions. Une seule chose est s\u00fbre : le Royaume Panda n&rsquo;a jamais \u00e9t\u00e9 aussi proche de la chute, et il n&rsquo;est pas garanti que nos deux h\u00e9ros pr\u00e9f\u00e9r\u00e9s survivent&#8230;<\/p>\n","protected":false},"featured_media":11850,"comment_status":"open","ping_status":"closed","template":"","meta":{"inline_featured_image":false},"product_cat":[203,204,205],"product_tag":[],"class_list":{"0":"post-11849","1":"product","2":"type-product","3":"status-publish","4":"has-post-thumbnail","6":"product_cat-adolescente","7":"product_cat-francais","8":"product_cat-enfant-adolescente-francais","10":"first","11":"instock","12":"shipping-taxable","13":"purchasable","14":"product-type-simple"},"_links":{"self":[{"href":"https:\/\/baralivres.ma\/index.php?rest_route=\/wp\/v2\/product\/11849","targetHints":{"allow":["GET"]}}],"collection":[{"href":"https:\/\/baralivres.ma\/index.php?rest_route=\/wp\/v2\/product"}],"about":[{"href":"https:\/\/baralivres.ma\/index.php?rest_route=\/wp\/v2\/types\/product"}],"replies":[{"embeddable":true,"href":"https:\/\/baralivres.ma\/index.php?rest_route=%2Fwp%2Fv2%2Fcomments&post=11849"}],"version-history":[{"count":1,"href":"https:\/\/baralivres.ma\/index.php?rest_route=\/wp\/v2\/product\/11849\/revisions"}],"predecessor-version":[{"id":11851,"href":"https:\/\/baralivres.ma\/index.php?rest_route=\/wp\/v2\/product\/11849\/revisions\/11851"}],"wp:featuredmedia":[{"embeddable":true,"href":"https:\/\/baralivres.ma\/index.php?rest_route=\/wp\/v2\/media\/11850"}],"wp:attachment":[{"href":"https:\/\/baralivres.ma\/index.php?rest_route=%2Fwp%2Fv2%2Fmedia&parent=11849"}],"wp:term":[{"taxonomy":"product_cat","embeddable":true,"href":"https:\/\/baralivres.ma\/index.php?rest_route=%2Fwp%2Fv2%2Fproduct_cat&post=11849"},{"taxonomy":"product_tag","embeddable":true,"href":"https:\/\/baralivres.ma\/index.php?rest_route=%2Fwp%2Fv2%2Fproduct_tag&post=11849"}],"curies":[{"name":"wp","href":"https:\/\/api.w.org\/{rel}","templated":true}]}}