{"id":11824,"date":"2023-09-01T18:30:09","date_gmt":"2023-09-01T17:30:09","guid":{"rendered":"https:\/\/baralivres.ma\/?post_type=product&#038;p=11824"},"modified":"2024-11-06T23:09:45","modified_gmt":"2024-11-06T22:09:45","slug":"vroum-vroum-toute-la-journee","status":"publish","type":"product","link":"https:\/\/baralivres.ma\/?product=vroum-vroum-toute-la-journee","title":{"rendered":"Vroum, vroum ! toute la journ\u00e9e"},"content":{"rendered":"<p>Vroum Vroum ! D\u00e8s le matin, les engins d\u00e9marrent ! Les pelleteuses creusent, les tracteurs tirent, les grues soul\u00e8vent et les camions voyagent. Et quand vient le soir, apr\u00e8s avoir travaill\u00e9 toute la journ\u00e9e, c&rsquo;est l&rsquo;heure de se reposer.<\/p>\n","protected":false},"excerpt":{"rendered":"<p>Vroum Vroum ! D\u00e8s le matin, les engins d\u00e9marrent ! Les pelleteuses creusent, les tracteurs tirent, les grues soul\u00e8vent et les camions voyagent. Et quand vient le soir, apr\u00e8s avoir travaill\u00e9 toute la journ\u00e9e, c&rsquo;est l&rsquo;heure de se reposer.<\/p>\n","protected":false},"featured_media":11825,"comment_status":"open","ping_status":"closed","template":"","meta":{"inline_featured_image":false},"product_cat":[3877,199],"product_tag":[],"class_list":{"0":"post-11824","1":"product","2":"type-product","3":"status-publish","4":"has-post-thumbnail","6":"product_cat-les-histoires-francais","7":"product_cat-histoires","9":"first","10":"instock","11":"shipping-taxable","12":"purchasable","13":"product-type-simple"},"_links":{"self":[{"href":"https:\/\/baralivres.ma\/index.php?rest_route=\/wp\/v2\/product\/11824","targetHints":{"allow":["GET"]}}],"collection":[{"href":"https:\/\/baralivres.ma\/index.php?rest_route=\/wp\/v2\/product"}],"about":[{"href":"https:\/\/baralivres.ma\/index.php?rest_route=\/wp\/v2\/types\/product"}],"replies":[{"embeddable":true,"href":"https:\/\/baralivres.ma\/index.php?rest_route=%2Fwp%2Fv2%2Fcomments&post=11824"}],"version-history":[{"count":1,"href":"https:\/\/baralivres.ma\/index.php?rest_route=\/wp\/v2\/product\/11824\/revisions"}],"predecessor-version":[{"id":11826,"href":"https:\/\/baralivres.ma\/index.php?rest_route=\/wp\/v2\/product\/11824\/revisions\/11826"}],"wp:featuredmedia":[{"embeddable":true,"href":"https:\/\/baralivres.ma\/index.php?rest_route=\/wp\/v2\/media\/11825"}],"wp:attachment":[{"href":"https:\/\/baralivres.ma\/index.php?rest_route=%2Fwp%2Fv2%2Fmedia&parent=11824"}],"wp:term":[{"taxonomy":"product_cat","embeddable":true,"href":"https:\/\/baralivres.ma\/index.php?rest_route=%2Fwp%2Fv2%2Fproduct_cat&post=11824"},{"taxonomy":"product_tag","embeddable":true,"href":"https:\/\/baralivres.ma\/index.php?rest_route=%2Fwp%2Fv2%2Fproduct_tag&post=11824"}],"curies":[{"name":"wp","href":"https:\/\/api.w.org\/{rel}","templated":true}]}}