{"id":11748,"date":"2023-09-01T17:23:15","date_gmt":"2023-09-01T16:23:15","guid":{"rendered":"https:\/\/baralivres.ma\/?post_type=product&#038;p=11748"},"modified":"2024-11-06T23:28:32","modified_gmt":"2024-11-06T22:28:32","slug":"bine-tome-1","status":"publish","type":"product","link":"https:\/\/baralivres.ma\/?product=bine-tome-1","title":{"rendered":"Bine Tome 1"},"content":{"rendered":"<p>R\u00e9sum\u00e9 : Bine est un rebelle au coeur tendre qui ne peut jamais s&#8217;emp\u00eacher de faire des sales blagues en classe. Ses victimes pr\u00e9f\u00e9r\u00e9es sont madame B\u00e9liveau (surnomm\u00e9e B\u00e9livache) et Tristan, le petit chouchou de la prof. En cette fin d&rsquo;ann\u00e9e, il a deux souhaits : que la belle Maxim lui pr\u00eate enfin un peu d&rsquo;attention, et que ses parents lui offrent un chien !<\/p>\n","protected":false},"excerpt":{"rendered":"<p>R\u00e9sum\u00e9 : Bine est un rebelle au coeur tendre qui ne peut jamais s&#8217;emp\u00eacher de faire des sales blagues en classe. Ses victimes pr\u00e9f\u00e9r\u00e9es sont madame B\u00e9liveau (surnomm\u00e9e B\u00e9livache) et Tristan, le petit chouchou de la prof. En cette fin d&rsquo;ann\u00e9e, il a deux souhaits : que la belle Maxim lui pr\u00eate enfin un peu d&rsquo;attention, et que ses parents lui offrent un chien !<\/p>\n","protected":false},"featured_media":11749,"comment_status":"open","ping_status":"closed","template":"","meta":{"inline_featured_image":false},"product_cat":[3877,199],"product_tag":[],"class_list":{"0":"post-11748","1":"product","2":"type-product","3":"status-publish","4":"has-post-thumbnail","6":"product_cat-les-histoires-francais","7":"product_cat-histoires","9":"first","10":"instock","11":"shipping-taxable","12":"purchasable","13":"product-type-simple"},"_links":{"self":[{"href":"https:\/\/baralivres.ma\/index.php?rest_route=\/wp\/v2\/product\/11748","targetHints":{"allow":["GET"]}}],"collection":[{"href":"https:\/\/baralivres.ma\/index.php?rest_route=\/wp\/v2\/product"}],"about":[{"href":"https:\/\/baralivres.ma\/index.php?rest_route=\/wp\/v2\/types\/product"}],"replies":[{"embeddable":true,"href":"https:\/\/baralivres.ma\/index.php?rest_route=%2Fwp%2Fv2%2Fcomments&post=11748"}],"version-history":[{"count":1,"href":"https:\/\/baralivres.ma\/index.php?rest_route=\/wp\/v2\/product\/11748\/revisions"}],"predecessor-version":[{"id":11750,"href":"https:\/\/baralivres.ma\/index.php?rest_route=\/wp\/v2\/product\/11748\/revisions\/11750"}],"wp:featuredmedia":[{"embeddable":true,"href":"https:\/\/baralivres.ma\/index.php?rest_route=\/wp\/v2\/media\/11749"}],"wp:attachment":[{"href":"https:\/\/baralivres.ma\/index.php?rest_route=%2Fwp%2Fv2%2Fmedia&parent=11748"}],"wp:term":[{"taxonomy":"product_cat","embeddable":true,"href":"https:\/\/baralivres.ma\/index.php?rest_route=%2Fwp%2Fv2%2Fproduct_cat&post=11748"},{"taxonomy":"product_tag","embeddable":true,"href":"https:\/\/baralivres.ma\/index.php?rest_route=%2Fwp%2Fv2%2Fproduct_tag&post=11748"}],"curies":[{"name":"wp","href":"https:\/\/api.w.org\/{rel}","templated":true}]}}