{"id":11727,"date":"2023-09-01T17:10:28","date_gmt":"2023-09-01T16:10:28","guid":{"rendered":"https:\/\/baralivres.ma\/?post_type=product&#038;p=11727"},"modified":"2024-11-06T23:32:41","modified_gmt":"2024-11-06T22:32:41","slug":"la-reine-des-neiges-2-lhistoire-du-film","status":"publish","type":"product","link":"https:\/\/baralivres.ma\/?product=la-reine-des-neiges-2-lhistoire-du-film","title":{"rendered":"La Reine des neiges 2 &#8211; L&rsquo;histoire du film"},"content":{"rendered":"<p>Les nouvelles aventures d&rsquo;Elsa et Anna dans un format poche pour les 6-10 ans ! D\u00e9couvrez leur \u00e9pop\u00e9e dans ce format poche, anim\u00e9 avec des images du film. D\u00e8s 6 ans. L&rsquo;histoire : La Reine des Neiges m\u00e8ne une vie heureuse \u00e0 Arendelle. Pourtant, lorsqu&rsquo;elle se met \u00e0 entendre une myst\u00e9rieuse voix, Elsa d\u00e9cide de partir \u00e0 la recherche de r\u00e9ponses hors de son royaume. Sa soeur Anna, et ses amis Olaf, Kristoff et Sven, l&rsquo;accompagnent alors dans une incroyable aventure magique&#8230;<\/p>\n","protected":false},"excerpt":{"rendered":"<p>Les nouvelles aventures d&rsquo;Elsa et Anna dans un format poche pour les 6-10 ans ! D\u00e9couvrez leur \u00e9pop\u00e9e dans ce format poche, anim\u00e9 avec des images du film. D\u00e8s 6 ans. L&rsquo;histoire : La Reine des Neiges m\u00e8ne une vie heureuse \u00e0 Arendelle. Pourtant, lorsqu&rsquo;elle se met \u00e0 entendre une myst\u00e9rieuse voix, Elsa d\u00e9cide de partir \u00e0 la recherche de r\u00e9ponses hors de son royaume. Sa soeur Anna, et ses amis Olaf, Kristoff et Sven, l&rsquo;accompagnent alors dans une incroyable aventure magique&#8230;<\/p>\n","protected":false},"featured_media":11728,"comment_status":"open","ping_status":"closed","template":"","meta":{"inline_featured_image":false},"product_cat":[3877,199],"product_tag":[],"class_list":{"0":"post-11727","1":"product","2":"type-product","3":"status-publish","4":"has-post-thumbnail","6":"product_cat-les-histoires-francais","7":"product_cat-histoires","9":"first","10":"instock","11":"shipping-taxable","12":"purchasable","13":"product-type-simple"},"_links":{"self":[{"href":"https:\/\/baralivres.ma\/index.php?rest_route=\/wp\/v2\/product\/11727","targetHints":{"allow":["GET"]}}],"collection":[{"href":"https:\/\/baralivres.ma\/index.php?rest_route=\/wp\/v2\/product"}],"about":[{"href":"https:\/\/baralivres.ma\/index.php?rest_route=\/wp\/v2\/types\/product"}],"replies":[{"embeddable":true,"href":"https:\/\/baralivres.ma\/index.php?rest_route=%2Fwp%2Fv2%2Fcomments&post=11727"}],"version-history":[{"count":1,"href":"https:\/\/baralivres.ma\/index.php?rest_route=\/wp\/v2\/product\/11727\/revisions"}],"predecessor-version":[{"id":11729,"href":"https:\/\/baralivres.ma\/index.php?rest_route=\/wp\/v2\/product\/11727\/revisions\/11729"}],"wp:featuredmedia":[{"embeddable":true,"href":"https:\/\/baralivres.ma\/index.php?rest_route=\/wp\/v2\/media\/11728"}],"wp:attachment":[{"href":"https:\/\/baralivres.ma\/index.php?rest_route=%2Fwp%2Fv2%2Fmedia&parent=11727"}],"wp:term":[{"taxonomy":"product_cat","embeddable":true,"href":"https:\/\/baralivres.ma\/index.php?rest_route=%2Fwp%2Fv2%2Fproduct_cat&post=11727"},{"taxonomy":"product_tag","embeddable":true,"href":"https:\/\/baralivres.ma\/index.php?rest_route=%2Fwp%2Fv2%2Fproduct_tag&post=11727"}],"curies":[{"name":"wp","href":"https:\/\/api.w.org\/{rel}","templated":true}]}}