{"id":11713,"date":"2023-09-01T17:02:13","date_gmt":"2023-09-01T16:02:13","guid":{"rendered":"https:\/\/baralivres.ma\/?post_type=product&#038;p=11713"},"modified":"2024-11-06T23:34:42","modified_gmt":"2024-11-06T22:34:42","slug":"lalla-la-maligne","status":"publish","type":"product","link":"https:\/\/baralivres.ma\/?product=lalla-la-maligne","title":{"rendered":"Lalla la maligne"},"content":{"rendered":"<p>Le roi l&rsquo;a d\u00e9cid\u00e9 : sa fille Lalla doit se marier. Il lui a choisi trois pr\u00e9tendants, mais ils sont tous plus nuls les uns que les autres. Lalla est maligne, elle a une id\u00e9e..<\/p>\n","protected":false},"excerpt":{"rendered":"<p>Le roi l&rsquo;a d\u00e9cid\u00e9 : sa fille Lalla doit se marier. Il lui a choisi trois pr\u00e9tendants, mais ils sont tous plus nuls les uns que les autres. Lalla est maligne, elle a une id\u00e9e..<\/p>\n","protected":false},"featured_media":11714,"comment_status":"open","ping_status":"closed","template":"","meta":{"inline_featured_image":false},"product_cat":[3877,199],"product_tag":[],"class_list":{"0":"post-11713","1":"product","2":"type-product","3":"status-publish","4":"has-post-thumbnail","6":"product_cat-les-histoires-francais","7":"product_cat-histoires","9":"first","10":"instock","11":"shipping-taxable","12":"purchasable","13":"product-type-simple"},"_links":{"self":[{"href":"https:\/\/baralivres.ma\/index.php?rest_route=\/wp\/v2\/product\/11713","targetHints":{"allow":["GET"]}}],"collection":[{"href":"https:\/\/baralivres.ma\/index.php?rest_route=\/wp\/v2\/product"}],"about":[{"href":"https:\/\/baralivres.ma\/index.php?rest_route=\/wp\/v2\/types\/product"}],"replies":[{"embeddable":true,"href":"https:\/\/baralivres.ma\/index.php?rest_route=%2Fwp%2Fv2%2Fcomments&post=11713"}],"version-history":[{"count":1,"href":"https:\/\/baralivres.ma\/index.php?rest_route=\/wp\/v2\/product\/11713\/revisions"}],"predecessor-version":[{"id":11715,"href":"https:\/\/baralivres.ma\/index.php?rest_route=\/wp\/v2\/product\/11713\/revisions\/11715"}],"wp:featuredmedia":[{"embeddable":true,"href":"https:\/\/baralivres.ma\/index.php?rest_route=\/wp\/v2\/media\/11714"}],"wp:attachment":[{"href":"https:\/\/baralivres.ma\/index.php?rest_route=%2Fwp%2Fv2%2Fmedia&parent=11713"}],"wp:term":[{"taxonomy":"product_cat","embeddable":true,"href":"https:\/\/baralivres.ma\/index.php?rest_route=%2Fwp%2Fv2%2Fproduct_cat&post=11713"},{"taxonomy":"product_tag","embeddable":true,"href":"https:\/\/baralivres.ma\/index.php?rest_route=%2Fwp%2Fv2%2Fproduct_tag&post=11713"}],"curies":[{"name":"wp","href":"https:\/\/api.w.org\/{rel}","templated":true}]}}