{"id":11704,"date":"2023-09-01T16:55:20","date_gmt":"2023-09-01T15:55:20","guid":{"rendered":"https:\/\/baralivres.ma\/?post_type=product&#038;p=11704"},"modified":"2024-11-06T23:36:25","modified_gmt":"2024-11-06T22:36:25","slug":"je-ne-veux-pas-demenager","status":"publish","type":"product","link":"https:\/\/baralivres.ma\/?product=je-ne-veux-pas-demenager","title":{"rendered":"Je ne veux pas d\u00e9m\u00e9nager !"},"content":{"rendered":"<p>Les parents de Mimo sont tout contents d&rsquo;annoncer que le d\u00e9m\u00e9nagement est d\u00e9cid\u00e9. Mais Mimo boude et refuse de faire les cartons. Heureusement, son grand-p\u00e8re va lui faire voir les choses d&rsquo;une autre fa\u00e7on en lui apprenant qu&rsquo;il aura un nouveau petit voisin qui aime, comme lui, les fus\u00e9es. Ca alors ! Mimo a soudain tr\u00e8s envie de d\u00e9m\u00e9nager&#8230;<\/p>\n","protected":false},"excerpt":{"rendered":"<p>Les parents de Mimo sont tout contents d&rsquo;annoncer que le d\u00e9m\u00e9nagement est d\u00e9cid\u00e9. Mais Mimo boude et refuse de faire les cartons. Heureusement, son grand-p\u00e8re va lui faire voir les choses d&rsquo;une autre fa\u00e7on en lui apprenant qu&rsquo;il aura un nouveau petit voisin qui aime, comme lui, les fus\u00e9es. Ca alors ! Mimo a soudain tr\u00e8s envie de d\u00e9m\u00e9nager&#8230;<\/p>\n","protected":false},"featured_media":11705,"comment_status":"open","ping_status":"closed","template":"","meta":{"inline_featured_image":false},"product_cat":[3877,199],"product_tag":[],"class_list":{"0":"post-11704","1":"product","2":"type-product","3":"status-publish","4":"has-post-thumbnail","6":"product_cat-les-histoires-francais","7":"product_cat-histoires","9":"first","10":"instock","11":"shipping-taxable","12":"purchasable","13":"product-type-simple"},"_links":{"self":[{"href":"https:\/\/baralivres.ma\/index.php?rest_route=\/wp\/v2\/product\/11704","targetHints":{"allow":["GET"]}}],"collection":[{"href":"https:\/\/baralivres.ma\/index.php?rest_route=\/wp\/v2\/product"}],"about":[{"href":"https:\/\/baralivres.ma\/index.php?rest_route=\/wp\/v2\/types\/product"}],"replies":[{"embeddable":true,"href":"https:\/\/baralivres.ma\/index.php?rest_route=%2Fwp%2Fv2%2Fcomments&post=11704"}],"version-history":[{"count":1,"href":"https:\/\/baralivres.ma\/index.php?rest_route=\/wp\/v2\/product\/11704\/revisions"}],"predecessor-version":[{"id":11706,"href":"https:\/\/baralivres.ma\/index.php?rest_route=\/wp\/v2\/product\/11704\/revisions\/11706"}],"wp:featuredmedia":[{"embeddable":true,"href":"https:\/\/baralivres.ma\/index.php?rest_route=\/wp\/v2\/media\/11705"}],"wp:attachment":[{"href":"https:\/\/baralivres.ma\/index.php?rest_route=%2Fwp%2Fv2%2Fmedia&parent=11704"}],"wp:term":[{"taxonomy":"product_cat","embeddable":true,"href":"https:\/\/baralivres.ma\/index.php?rest_route=%2Fwp%2Fv2%2Fproduct_cat&post=11704"},{"taxonomy":"product_tag","embeddable":true,"href":"https:\/\/baralivres.ma\/index.php?rest_route=%2Fwp%2Fv2%2Fproduct_tag&post=11704"}],"curies":[{"name":"wp","href":"https:\/\/api.w.org\/{rel}","templated":true}]}}