{"id":11658,"date":"2023-09-01T16:06:53","date_gmt":"2023-09-01T15:06:53","guid":{"rendered":"https:\/\/baralivres.ma\/?post_type=product&#038;p=11658"},"modified":"2024-11-18T14:32:35","modified_gmt":"2024-11-18T13:32:35","slug":"bio-nick-t-01-lagence-des-super-orphelins","status":"publish","type":"product","link":"https:\/\/baralivres.ma\/?product=bio-nick-t-01-lagence-des-super-orphelins","title":{"rendered":"Bio-Nick T.01 &#8211; L&rsquo;Agence des Super Orphelins"},"content":{"rendered":"<p>Identification : Nickolas Roy.Nom de code : Bio-Nick.Historique : Recueilli par l&rsquo;Orphelinat Saint-Anselme \u00e0 l&rsquo;\u00e2ge de trois mois.Particularit\u00e9 : Il ne le sait pas encore, mais une bonne partie de son corps est robotis\u00e9e.Note : C&rsquo;est son douzi\u00e8me anniversaire aujourd&rsquo;hui. La direction de l&rsquo;ASO, ou Agence des Super Orphelins, recommande donc son activation en tant qu&rsquo;agent secret bionique. Mission : Arr\u00eater Marcellus Mortemain, un savant fou qui a mis sur le march\u00e9 L-X-IR-21, une boisson \u00e9nergisante qui zombifie ceux qui la consomment. Note 2 : Organiser une petite f\u00eate pour son retour de mission.<\/p>\n","protected":false},"excerpt":{"rendered":"<p>La direction de l&rsquo;ASO, ou Agence des Super Orphelins, recommande donc son activation en tant qu&rsquo;agent secret bionique. Mission : Arr\u00eater Marcellus Mortemain, un savant fou qui a mis sur le march\u00e9 L-X-IR-21, une boisson \u00e9nergisante qui zombifie ceux qui la consomment. Note 2 : Organiser une petite f\u00eate pour son retour de mission.<\/p>\n","protected":false},"featured_media":11659,"comment_status":"open","ping_status":"closed","template":"","meta":{"inline_featured_image":false},"product_cat":[203,204],"product_tag":[],"class_list":{"0":"post-11658","1":"product","2":"type-product","3":"status-publish","4":"has-post-thumbnail","6":"product_cat-adolescente","7":"product_cat-francais","9":"first","10":"instock","11":"shipping-taxable","12":"purchasable","13":"product-type-simple"},"_links":{"self":[{"href":"https:\/\/baralivres.ma\/index.php?rest_route=\/wp\/v2\/product\/11658","targetHints":{"allow":["GET"]}}],"collection":[{"href":"https:\/\/baralivres.ma\/index.php?rest_route=\/wp\/v2\/product"}],"about":[{"href":"https:\/\/baralivres.ma\/index.php?rest_route=\/wp\/v2\/types\/product"}],"replies":[{"embeddable":true,"href":"https:\/\/baralivres.ma\/index.php?rest_route=%2Fwp%2Fv2%2Fcomments&post=11658"}],"version-history":[{"count":1,"href":"https:\/\/baralivres.ma\/index.php?rest_route=\/wp\/v2\/product\/11658\/revisions"}],"predecessor-version":[{"id":11660,"href":"https:\/\/baralivres.ma\/index.php?rest_route=\/wp\/v2\/product\/11658\/revisions\/11660"}],"wp:featuredmedia":[{"embeddable":true,"href":"https:\/\/baralivres.ma\/index.php?rest_route=\/wp\/v2\/media\/11659"}],"wp:attachment":[{"href":"https:\/\/baralivres.ma\/index.php?rest_route=%2Fwp%2Fv2%2Fmedia&parent=11658"}],"wp:term":[{"taxonomy":"product_cat","embeddable":true,"href":"https:\/\/baralivres.ma\/index.php?rest_route=%2Fwp%2Fv2%2Fproduct_cat&post=11658"},{"taxonomy":"product_tag","embeddable":true,"href":"https:\/\/baralivres.ma\/index.php?rest_route=%2Fwp%2Fv2%2Fproduct_tag&post=11658"}],"curies":[{"name":"wp","href":"https:\/\/api.w.org\/{rel}","templated":true}]}}