{"id":11655,"date":"2023-09-01T16:05:13","date_gmt":"2023-09-01T15:05:13","guid":{"rendered":"https:\/\/baralivres.ma\/?post_type=product&#038;p=11655"},"modified":"2024-11-18T14:32:57","modified_gmt":"2024-11-18T13:32:57","slug":"bio-nick-t-03-mission-pustules-et-tentacules","status":"publish","type":"product","link":"https:\/\/baralivres.ma\/?product=bio-nick-t-03-mission-pustules-et-tentacules","title":{"rendered":"Bio-Nick T.03 &#8211; Mission pustules et tentacules"},"content":{"rendered":"<p>Alerte! Marcellus Mortemain et les Terreurs de la mode se sont \u00e9vad\u00e9s de la prison secr\u00e8te et ultras\u00e9curis\u00e9e de l&rsquo;ASO! Comme si ce n&rsquo;\u00e9tait pas assez, ils ont enlev\u00e9 la directrice et le technicien de laboratoire de l&rsquo;agence. Pour les revoir, Bio-Nick et ses amis devront trouver et apporter le superbidulolaser \u00e0 leurs ravisseurs. Il le leur faut pour contr\u00f4ler la plan\u00e8te. Pour Bio-Nick, cette nouvelle mission, quoique p\u00e9rilleuse, tombe \u00e0 point : il n&rsquo;avait pas du tout envie de passer son samedi \u00e0 faire du m\u00e9nage et \u00e0 \u00e9tudier son examen de sciences&#8230;<\/p>\n","protected":false},"excerpt":{"rendered":"<p>Alerte! Marcellus Mortemain et les Terreurs de la mode se sont \u00e9vad\u00e9s de la prison secr\u00e8te et ultras\u00e9curis\u00e9e de l&rsquo;ASO! Comme si ce n&rsquo;\u00e9tait pas assez, ils ont enlev\u00e9 la directrice et le technicien de laboratoire de l&rsquo;agence. Pour les revoir, Bio-Nick et ses amis devront trouver et apporter le superbidulolaser \u00e0 leurs ravisseurs. Il le leur faut pour contr\u00f4ler la plan\u00e8te. Pour Bio-Nick, cette nouvelle mission, quoique p\u00e9rilleuse, tombe \u00e0 point : il n&rsquo;avait pas du tout envie de passer son samedi \u00e0 faire du m\u00e9nage et \u00e0 \u00e9tudier son examen de sciences&#8230;<\/p>\n","protected":false},"featured_media":11656,"comment_status":"open","ping_status":"closed","template":"","meta":{"inline_featured_image":false},"product_cat":[203,204],"product_tag":[],"class_list":{"0":"post-11655","1":"product","2":"type-product","3":"status-publish","4":"has-post-thumbnail","6":"product_cat-adolescente","7":"product_cat-francais","9":"first","10":"instock","11":"shipping-taxable","12":"purchasable","13":"product-type-simple"},"_links":{"self":[{"href":"https:\/\/baralivres.ma\/index.php?rest_route=\/wp\/v2\/product\/11655","targetHints":{"allow":["GET"]}}],"collection":[{"href":"https:\/\/baralivres.ma\/index.php?rest_route=\/wp\/v2\/product"}],"about":[{"href":"https:\/\/baralivres.ma\/index.php?rest_route=\/wp\/v2\/types\/product"}],"replies":[{"embeddable":true,"href":"https:\/\/baralivres.ma\/index.php?rest_route=%2Fwp%2Fv2%2Fcomments&post=11655"}],"version-history":[{"count":1,"href":"https:\/\/baralivres.ma\/index.php?rest_route=\/wp\/v2\/product\/11655\/revisions"}],"predecessor-version":[{"id":11657,"href":"https:\/\/baralivres.ma\/index.php?rest_route=\/wp\/v2\/product\/11655\/revisions\/11657"}],"wp:featuredmedia":[{"embeddable":true,"href":"https:\/\/baralivres.ma\/index.php?rest_route=\/wp\/v2\/media\/11656"}],"wp:attachment":[{"href":"https:\/\/baralivres.ma\/index.php?rest_route=%2Fwp%2Fv2%2Fmedia&parent=11655"}],"wp:term":[{"taxonomy":"product_cat","embeddable":true,"href":"https:\/\/baralivres.ma\/index.php?rest_route=%2Fwp%2Fv2%2Fproduct_cat&post=11655"},{"taxonomy":"product_tag","embeddable":true,"href":"https:\/\/baralivres.ma\/index.php?rest_route=%2Fwp%2Fv2%2Fproduct_tag&post=11655"}],"curies":[{"name":"wp","href":"https:\/\/api.w.org\/{rel}","templated":true}]}}