{"id":11602,"date":"2023-08-31T16:23:29","date_gmt":"2023-08-31T15:23:29","guid":{"rendered":"https:\/\/baralivres.ma\/?post_type=product&#038;p=11602"},"modified":"2024-11-18T14:35:51","modified_gmt":"2024-11-18T13:35:51","slug":"mortelle-adele-tome-4","status":"publish","type":"product","link":"https:\/\/baralivres.ma\/?product=mortelle-adele-tome-4","title":{"rendered":"Mortelle Ad\u00e8le Tome 4"},"content":{"rendered":"<p>Le 4\u00e8me tome des romans illustr\u00e9s de Mortelle Ad\u00e8le : Lib\u00e8re toute ta mortellitude et deviens VIB ! Dans la cour de r\u00e9cr\u00e9ation, c&rsquo;est le bazar : impossible d&rsquo;\u00e9chapper aux injonctions du Club des Pink Malibu, men\u00e9 par Jade et Miranda. Les deux pestes ont toujours un avis \u00e0 donner sans que personne ne leur demande rien ! Alors que le Club des Bizarres de Mortelle Ad\u00e8le intronise Louis, son nouveau membre, ce dernier se fait paillettiser par Jade, bien d\u00e9cid\u00e9e \u00e0 g\u00e2cher la f\u00eate et emb\u00eater ses camarades ! Force est de constater que les deux clans ont des visions diam\u00e9tralement oppos\u00e9es du monde et cette fois c&rsquo;en est trop, la guerre est d\u00e9clar\u00e9e ! Mais pour se mesurer \u00e0 ces courges mutantes et leurs bombes \u00e0 paillettes, Adele ne va pas avoir d&rsquo;autres choix que d&rsquo;ouvrir en grand les portes de son Club des Bizarres ! Objectif : Former les VIB, les Very Important Bizarres, des enfants aux taux de mortellitude si \u00e9lev\u00e9e que la cour de r\u00e9cr\u00e9ation pourrait bien devenir l&rsquo;endroit le plus MORTEL de la plan\u00e8te !<\/p>\n","protected":false},"excerpt":{"rendered":"<p>Le 4\u00e8me tome des romans illustr\u00e9s de Mortelle Ad\u00e8le : Lib\u00e8re toute ta mortellitude et deviens VIB ! Dans la cour de r\u00e9cr\u00e9ation, c&rsquo;est le bazar : impossible d&rsquo;\u00e9chapper aux injonctions du Club des Pink Malibu, men\u00e9 par Jade et Miranda.<\/p>\n","protected":false},"featured_media":11604,"comment_status":"open","ping_status":"closed","template":"","meta":{"inline_featured_image":false},"product_cat":[3877,206,199],"product_tag":[],"class_list":{"0":"post-11602","1":"product","2":"type-product","3":"status-publish","4":"has-post-thumbnail","6":"product_cat-les-histoires-francais","7":"product_cat-enfant-adolescente-francais-enfant-adolescente","8":"product_cat-histoires","10":"first","11":"instock","12":"shipping-taxable","13":"purchasable","14":"product-type-simple"},"_links":{"self":[{"href":"https:\/\/baralivres.ma\/index.php?rest_route=\/wp\/v2\/product\/11602","targetHints":{"allow":["GET"]}}],"collection":[{"href":"https:\/\/baralivres.ma\/index.php?rest_route=\/wp\/v2\/product"}],"about":[{"href":"https:\/\/baralivres.ma\/index.php?rest_route=\/wp\/v2\/types\/product"}],"replies":[{"embeddable":true,"href":"https:\/\/baralivres.ma\/index.php?rest_route=%2Fwp%2Fv2%2Fcomments&post=11602"}],"version-history":[{"count":1,"href":"https:\/\/baralivres.ma\/index.php?rest_route=\/wp\/v2\/product\/11602\/revisions"}],"predecessor-version":[{"id":11608,"href":"https:\/\/baralivres.ma\/index.php?rest_route=\/wp\/v2\/product\/11602\/revisions\/11608"}],"wp:featuredmedia":[{"embeddable":true,"href":"https:\/\/baralivres.ma\/index.php?rest_route=\/wp\/v2\/media\/11604"}],"wp:attachment":[{"href":"https:\/\/baralivres.ma\/index.php?rest_route=%2Fwp%2Fv2%2Fmedia&parent=11602"}],"wp:term":[{"taxonomy":"product_cat","embeddable":true,"href":"https:\/\/baralivres.ma\/index.php?rest_route=%2Fwp%2Fv2%2Fproduct_cat&post=11602"},{"taxonomy":"product_tag","embeddable":true,"href":"https:\/\/baralivres.ma\/index.php?rest_route=%2Fwp%2Fv2%2Fproduct_tag&post=11602"}],"curies":[{"name":"wp","href":"https:\/\/api.w.org\/{rel}","templated":true}]}}